CRAN Package Check Results for Package mizer

Last updated on 2024-06-25 07:06:26 CEST.

Flavor Version Tinstall Tcheck Ttotal Status Flags
r-devel-linux-x86_64-debian-clang 2.5.1 42.84 275.64 318.48 OK
r-devel-linux-x86_64-debian-gcc 2.5.1 29.65 194.28 223.93 OK
r-devel-linux-x86_64-fedora-clang 2.5.1 389.60 OK
r-devel-linux-x86_64-fedora-gcc 2.5.1 387.90 OK
r-devel-windows-x86_64 2.5.1 35.00 231.00 266.00 NOTE --no-vignettes
r-patched-linux-x86_64 2.5.1 39.45 262.85 302.30 OK
r-release-linux-x86_64 2.5.1 25.51 260.34 285.85 OK
r-release-macos-arm64 2.5.1 105.00 OK
r-release-macos-x86_64 2.5.1 235.00 OK
r-release-windows-x86_64 2.5.1 35.00 230.00 265.00 NOTE --no-vignettes
r-oldrel-macos-arm64 2.5.1 114.00 OK
r-oldrel-macos-x86_64 2.5.1 216.00 OK
r-oldrel-windows-x86_64 2.5.1 45.00 285.00 330.00 NOTE --no-vignettes

Check Details

Version: 2.5.1
Flags: --no-vignettes
Check: installed package size
Result: NOTE installed size is 5.1Mb sub-directories of 1Mb or more: doc 1.5Mb Flavors: r-devel-windows-x86_64, r-release-windows-x86_64, r-oldrel-windows-x86_64