CRAN Package Check Results for Package mleap

Last updated on 2019-10-23 05:46:33 CEST.

Flavor Version Tinstall Tcheck Ttotal Status Flags
r-devel-linux-x86_64-debian-clang 0.1.3 6.81 55.17 61.98 OK
r-devel-linux-x86_64-debian-gcc 0.1.3 5.29 42.74 48.03 OK
r-devel-linux-x86_64-fedora-clang 0.1.3 74.77 OK
r-devel-linux-x86_64-fedora-gcc 0.1.3 73.07 OK
r-devel-windows-ix86+x86_64 0.1.3 8.00 7.00 15.00 ERROR
r-patched-linux-x86_64 0.1.3 6.06 52.90 58.96 OK
r-patched-solaris-x86 0.1.3 107.20 OK
r-release-linux-x86_64 0.1.3 7.25 53.11 60.36 OK
r-release-windows-ix86+x86_64 0.1.3 19.00 68.00 87.00 OK
r-release-osx-x86_64 0.1.3 OK
r-oldrel-windows-ix86+x86_64 0.1.3 14.00 91.00 105.00 OK
r-oldrel-osx-x86_64 0.1.3 OK

Check Details

Version: 0.1.3
Check: whether package can be installed
Result: ERROR
    Installation failed.
Flavor: r-devel-windows-ix86+x86_64