CRAN Package Check Results for Package mlogit

Last updated on 2022-01-24 05:51:55 CET.

Flavor Version Tinstall Tcheck Ttotal Status Flags
r-devel-linux-x86_64-debian-clang 1.1-1 9.92 385.91 395.83 OK
r-devel-linux-x86_64-debian-gcc 1.1-1 7.63 288.61 296.24 OK
r-devel-linux-x86_64-fedora-clang 1.1-1 461.76 OK
r-devel-linux-x86_64-fedora-gcc 1.1-1 449.76 OK
r-devel-windows-x86_64-new-UL 1.1-1 52.00 486.00 538.00 OK
r-devel-windows-x86_64-new-TK 1.1-1 ERROR
r-patched-linux-x86_64 1.1-1 15.10 386.63 401.73 OK
r-release-linux-x86_64 1.1-1 10.39 386.36 396.75 OK
r-release-macos-arm64 1.1-1 OK
r-release-macos-x86_64 1.1-1 OK
r-release-windows-ix86+x86_64 1.1-1 21.00 483.00 504.00 OK
r-oldrel-macos-x86_64 1.1-1 OK
r-oldrel-windows-ix86+x86_64 1.1-1 20.00 477.00 497.00 OK

Check Details

Version: 1.1-1
Check: package dependencies
Result: NOTE
    Packages suggested but not available for checking: 'car', 'AER'
Flavor: r-devel-windows-x86_64-new-TK

Version: 1.1-1
Check: examples
Result: ERROR
    Running examples in 'mlogit-Ex.R' failed
    The error most likely occurred in:
    
    > ### Name: hmftest
    > ### Title: Hausman-McFadden Test
    > ### Aliases: hmftest hmftest.formula hmftest.mlogit
    > ### Keywords: htest
    >
    > ### ** Examples
    >
    >
    > ## from Greene's Econometric Analysis p. 731
    >
    > data("TravelMode", package = "AER")
    Error in find.package(package, lib.loc, verbose = verbose) :
     there is no package called 'AER'
    Calls: data -> find.package
    Execution halted
Flavor: r-devel-windows-x86_64-new-TK

Version: 1.1-1
Check: tests
Result: ERROR
     Running 'AER.R'
    Running the tests in 'tests/AER.R' failed.
    Complete output:
     > # BankWages.Rd
     >
     > library("lmtest")
     Loading required package: zoo
    
     Attaching package: 'zoo'
    
     The following objects are masked from 'package:base':
    
     as.Date, as.Date.numeric
    
     > data("BankWages", package = "AER")
     Error in find.package(package, lib.loc, verbose = verbose) :
     there is no package called 'AER'
     Calls: data -> find.package
     Execution halted
Flavor: r-devel-windows-x86_64-new-TK

Version: 1.1-1
Check: re-building of vignette outputs
Result: WARN
    Error(s) in re-building vignettes:
    --- re-building 'c2.formula.data.Rmd' using rmarkdown
    Loading required package: dfidx
    
    Attaching package: 'dfidx'
    
    The following object is masked from 'package:stats':
    
     filter
    
    [WARNING] Citeproc: citation FOX:WEIS:10 not found
    --- finished re-building 'c2.formula.data.Rmd'
    
    --- re-building 'c3.rum.Rmd' using rmarkdown
    Version: 1.37.5
    Date: 2020-06-17
    Author: Philip Leifeld (University of Essex)
    
    Consider submitting praise using the praise or praise_interactive functions.
    Please cite the JSS article in your publications -- see citation("texreg").
    --- finished re-building 'c3.rum.Rmd'
    
    --- re-building 'c4.relaxiid.Rmd' using rmarkdown
    Quitting from lines 195-197 (c4.relaxiid.Rmd)
    Error: processing vignette 'c4.relaxiid.Rmd' failed with diagnostics:
    there is no package called 'car'
    --- failed re-building 'c4.relaxiid.Rmd'
    
    --- re-building 'c5.mxl.Rmd' using rmarkdown
    Quitting from lines 373-383 (c5.mxl.Rmd)
    Error: processing vignette 'c5.mxl.Rmd' failed with diagnostics:
    there is no package called 'car'
    --- failed re-building 'c5.mxl.Rmd'
    
    --- re-building 'c6.mprobit.Rmd' using rmarkdown
    --- finished re-building 'c6.mprobit.Rmd'
    
    --- re-building 'c7.miscmodels.Rmd' using rmarkdown
    --- finished re-building 'c7.miscmodels.Rmd'
    
    --- re-building 'e1mlogit.Rmd' using rmarkdown
    Loading required package: zoo
    
    Attaching package: 'zoo'
    
    The following objects are masked from 'package:base':
    
     as.Date, as.Date.numeric
    
    --- finished re-building 'e1mlogit.Rmd'
    
    --- re-building 'e2nlogit.Rmd' using rmarkdown
    --- finished re-building 'e2nlogit.Rmd'
    
    --- re-building 'e3mxlogit.Rmd' using rmarkdown
    --- finished re-building 'e3mxlogit.Rmd'
    
    --- re-building 'e4mprobit.Rmd' using rmarkdown
    --- finished re-building 'e4mprobit.Rmd'
    
    --- re-building 'mlogit.Rmd' using rmarkdown
    --- finished re-building 'mlogit.Rmd'
    
    SUMMARY: processing the following files failed:
     'c4.relaxiid.Rmd' 'c5.mxl.Rmd'
    
    Error: Vignette re-building failed.
    Execution halted
Flavor: r-devel-windows-x86_64-new-TK