CRAN Package Check Results for Package mlpack

Last updated on 2022-01-22 05:10:23 CET.

Flavor Version Tinstall Tcheck Ttotal Status Flags
r-devel-linux-x86_64-debian-clang 3.4.2.1 2329.11 65.02 2394.13 NOTE
r-devel-linux-x86_64-debian-gcc 3.4.2.1 1814.08 52.09 1866.17 NOTE
r-devel-linux-x86_64-fedora-clang 3.4.2.1 3870.66 NOTE
r-devel-linux-x86_64-fedora-gcc 3.4.2.1 3570.50 NOTE
r-devel-windows-x86_64-new-UL 3.4.2.1 2479.00 465.00 2944.00 NOTE
r-devel-windows-x86_64-new-TK 3.4.2.1 NOTE
r-patched-linux-x86_64 3.4.2.1 2078.52 66.62 2145.14 NOTE
r-release-linux-x86_64 3.4.2.1 2091.22 65.05 2156.27 NOTE
r-release-macos-arm64 3.4.2.1 NOTE
r-release-macos-x86_64 3.4.2.1 NOTE
r-release-windows-ix86+x86_64 3.4.2.1 4979.00 438.00 5417.00 NOTE
r-oldrel-macos-x86_64 3.4.2.1 NOTE
r-oldrel-windows-ix86+x86_64 3.4.2.1 4965.00 441.00 5406.00 NOTE

Check Details

Version: 3.4.2.1
Check: LazyData
Result: NOTE
     'LazyData' is specified without a 'data' directory
Flavors: r-devel-linux-x86_64-debian-clang, r-devel-linux-x86_64-debian-gcc, r-devel-linux-x86_64-fedora-clang, r-devel-linux-x86_64-fedora-gcc, r-devel-windows-x86_64-new-UL, r-devel-windows-x86_64-new-TK, r-patched-linux-x86_64, r-release-linux-x86_64, r-release-macos-arm64, r-release-macos-x86_64, r-release-windows-ix86+x86_64

Version: 3.4.2.1
Check: installed package size
Result: NOTE
     installed size is 316.8Mb
     sub-directories of 1Mb or more:
     libs 316.4Mb
Flavors: r-devel-linux-x86_64-fedora-clang, r-devel-windows-x86_64-new-UL, r-release-macos-arm64, r-release-macos-x86_64, r-release-windows-ix86+x86_64, r-oldrel-macos-x86_64, r-oldrel-windows-ix86+x86_64