CRAN Package Check Results for Package mlr3cluster

Last updated on 2021-01-18 05:47:32 CET.

Flavor Version Tinstall Tcheck Ttotal Status Flags
r-devel-linux-x86_64-debian-clang 0.1.1 16.07 70.45 86.52 OK
r-devel-linux-x86_64-debian-gcc 0.1.1 16.17 52.83 69.00 OK
r-devel-linux-x86_64-fedora-clang 0.1.1 117.01 OK
r-devel-linux-x86_64-fedora-gcc 0.1.1 106.86 OK
r-devel-windows-ix86+x86_64 0.1.1 22.00 80.00 102.00 OK
r-patched-linux-x86_64 0.1.1 17.80 64.70 82.50 OK
r-patched-solaris-x86 0.1.1 150.50 NOTE
r-release-linux-x86_64 0.1.1 20.31 65.82 86.13 OK
r-release-macos-x86_64 0.1.1 OK
r-release-windows-ix86+x86_64 0.1.1 25.00 72.00 97.00 OK
r-oldrel-macos-x86_64 0.1.1 OK
r-oldrel-windows-ix86+x86_64 0.1.1 28.00 98.00 126.00 OK

Check Details

Version: 0.1.1
Check: package dependencies
Result: NOTE
    Package suggested but not available for checking: ‘RWeka’
Flavor: r-patched-solaris-x86