CRAN Package Check Results for Package mlr3learners

Last updated on 2022-08-16 05:54:04 CEST.

Flavor Version Tinstall Tcheck Ttotal Status Flags
r-devel-linux-x86_64-debian-clang 0.5.3 10.91 245.61 256.52 NOTE
r-devel-linux-x86_64-debian-gcc 0.5.3 9.16 163.25 172.41 NOTE
r-devel-linux-x86_64-fedora-clang 0.5.4 302.01 OK
r-devel-linux-x86_64-fedora-gcc 0.5.4 299.77 OK
r-devel-windows-x86_64 0.5.3 87.00 239.00 326.00 OK
r-patched-linux-x86_64 0.5.3 15.63 203.77 219.40 OK
r-release-linux-x86_64 0.5.3 10.93 205.32 216.25 OK
r-release-macos-arm64 0.5.4 73.00 OK
r-release-macos-x86_64 0.5.3 91.00 OK
r-release-windows-x86_64 0.5.4 54.00 241.00 295.00 OK
r-oldrel-macos-arm64 0.5.4 67.00 OK
r-oldrel-macos-x86_64 0.5.3 88.00 OK
r-oldrel-windows-ix86+x86_64 0.5.4 22.00 253.00 275.00 OK

Check Details

Version: 0.5.3
Check: HTML version of manual
Result: NOTE
    Found the following HTML validation problems:
    mlr_learners_classif.cv_glmnet.html:88:5: Warning: missing </span> before </li>
    mlr_learners_classif.cv_glmnet.html:89:5: Warning: inserting implicit <span>
    mlr_learners_classif.cv_glmnet.html:89:5: Warning: missing </span> before </li>
    mlr_learners_classif.cv_glmnet.html:90:5: Warning: inserting implicit <span>
    mlr_learners_classif.cv_glmnet.html:90:5: Warning: missing </span> before </li>
    mlr_learners_classif.cv_glmnet.html:91:5: Warning: inserting implicit <span>
    mlr_learners_classif.cv_glmnet.html:91:5: Warning: missing </span> before </li>
    mlr_learners_classif.cv_glmnet.html:92:5: Warning: inserting implicit <span>
    mlr_learners_classif.cv_glmnet.html:92:5: Warning: missing </span> before </li>
    mlr_learners_classif.cv_glmnet.html:93:5: Warning: inserting implicit <span>
    mlr_learners_classif.cv_glmnet.html:93:5: Warning: missing </span> before </li>
    mlr_learners_classif.cv_glmnet.html:94:5: Warning: inserting implicit <span>
    mlr_learners_classif.cv_glmnet.html:94:5: Warning: missing </span> before </li>
    mlr_learners_classif.cv_glmnet.html:95:5: Warning: inserting implicit <span>
    mlr_learners_classif.cv_glmnet.html:95:5: Warning: missing </span> before </li>
    mlr_learners_classif.cv_glmnet.html:100:1: Warning: inserting implicit <span>
    mlr_learners_classif.cv_glmnet.html:100:1: Warning: missing </span> before <h4>
    mlr_learners_classif.cv_glmnet.html:104:5: Warning: inserting implicit <span>
    mlr_learners_classif.cv_glmnet.html:106:4: Warning: inserting implicit <span>
    mlr_learners_classif.cv_glmnet.html:110:1: Warning: inserting implicit <span>
    mlr_learners_classif.cv_glmnet.html:110:1: Warning: missing </span> before <h5>
    mlr_learners_classif.cv_glmnet.html:110:5: Warning: inserting implicit <span>
    mlr_learners_classif.cv_glmnet.html:112:16: Warning: inserting implicit <span>
    mlr_learners_classif.cv_glmnet.html:112:16: Warning: missing </span> before <pre>
    mlr_learners_classif.cv_glmnet.html:116:1: Warning: inserting implicit <span>
    mlr_learners_classif.cv_glmnet.html:116:1: Warning: missing </span> before <h4>
    mlr_learners_classif.cv_glmnet.html:120:5: Warning: inserting implicit <span>
    mlr_learners_classif.cv_glmnet.html:122:4: Warning: inserting implicit <span>
    mlr_learners_classif.cv_glmnet.html:127:1: Warning: inserting implicit <span>
    mlr_learners_classif.cv_glmnet.html:127:1: Warning: missing </span> before <h5>
    mlr_learners_classif.cv_glmnet.html:127:5: Warning: inserting implicit <span>
    mlr_learners_classif.cv_glmnet.html:129:16: Warning: inserting implicit <span>
    mlr_learners_classif.cv_glmnet.html:129:16: Warning: missing </span> before <pre>
    mlr_learners_classif.cv_glmnet.html:133:5: Warning: inserting implicit <span>
    mlr_learners_classif.cv_glmnet.html:136:1: Warning: inserting implicit <span>
    mlr_learners_classif.cv_glmnet.html:136:1: Warning: missing </span> before <dl>
    mlr_learners_classif.cv_glmnet.html:138:5: Warning: inserting implicit <span>
    mlr_learners_classif.cv_glmnet.html:138:33: Warning: inserting implicit <span>
    mlr_learners_classif.cv_glmnet.html:138:33: Warning: missing </span> before <p>
    mlr_learners_classif.cv_glmnet.html:138:36: Warning: inserting implicit <span>
    mlr_learners_classif.cv_glmnet.html:147:5: Warning: inserting implicit <span>
    mlr_learners_classif.cv_glmnet.html:149:4: Warning: inserting implicit <span>
    mlr_learners_classif.cv_glmnet.html:153:1: Warning: inserting implicit <span>
    mlr_learners_classif.cv_glmnet.html:153:1: Warning: missing </span> before <hr>
    mlr_learners_classif.cv_glmnet.html:154:1: Warning: inserting implicit <span>
    mlr_learners_classif.cv_glmnet.html:154:1: Warning: missing </span> before <h4>
    mlr_learners_classif.cv_glmnet.html:158:5: Warning: inserting implicit <span>
    mlr_learners_classif.cv_glmnet.html:160:4: Warning: inserting implicit <span>
    mlr_learners_classif.cv_glmnet.html:164:1: Warning: inserting implicit <span>
    mlr_learners_classif.cv_glmnet.html:164:1: Warning: missing </span> before <h5>
    mlr_learners_classif.cv_glmnet.html:164:5: Warning: inserting implicit <span>
    mlr_learners_classif.cv_glmnet.html:166:16: Warning: inserting implicit <span>
    mlr_learners_classif.cv_glmnet.html:166:16: Warning: missing </span> before <pre>
    mlr_learners_classif.cv_glmnet.html:170:5: Warning: inserting implicit <span>
    mlr_learners_classif.cv_glmnet.html:173:1: Warning: inserting implicit <span>
    mlr_learners_classif.cv_glmnet.html:173:1: Warning: missing </span> before <dl>
    mlr_learners_classif.cv_glmnet.html:175:5: Warning: inserting implicit <span>
    mlr_learners_classif.cv_glmnet.html:175:31: Warning: inserting implicit <span>
    mlr_learners_classif.cv_glmnet.html:175:31: Warning: missing </span> before <p>
    mlr_learners_classif.cv_glmnet.html:175:34: Warning: inserting implicit <span>
    mlr_learners_classif.cv_glmnet.html:184:5: Warning: inserting implicit <span>
    mlr_learners_classif.cv_glmnet.html:186:4: Warning: inserting implicit <span>
    mlr_learners_classif.cv_glmnet.html:193:1: Warning: inserting implicit <span>
    mlr_learners_classif.cv_glmnet.html:193:1: Warning: missing </span> before <h3>
    mlr_learners_classif.cv_glmnet.html:193:5: Warning: inserting implicit <span>
    mlr_learners_classif.cv_glmnet.html:197:5: Warning: inserting implicit <span>
    mlr_learners_classif.cv_glmnet.html:197:5: Warning: missing </span> before <p>
    mlr_learners_classif.cv_glmnet.html:197:8: Warning: inserting implicit <span>
    mlr_learners_classif.cv_glmnet.html:200:1: Warning: inserting implicit <span>
    mlr_learners_classif.cv_glmnet.html:201:5: Warning: inserting implicit <span>
    mlr_learners_classif.cv_glmnet.html:201:5: Warning: missing </span> before <p>
    mlr_learners_classif.cv_glmnet.html:201:8: Warning: inserting implicit <span>
    mlr_learners_classif.cv_glmnet.html:203:1: Warning: inserting implicit <span>
    mlr_learners_classif.cv_glmnet.html:204:5: Warning: inserting implicit <span>
    mlr_learners_classif.cv_glmnet.html:204:5: Warning: missing </span> before <p>
    mlr_learners_classif.cv_glmnet.html:204:9: Warning: inserting implicit <span>
    mlr_learners_classif.cv_glmnet.html:206:1: Warning: inserting implicit <span>
    mlr_learners_classif.cv_glmnet.html:207:5: Warning: inserting implicit <span>
    mlr_learners_classif.cv_glmnet.html:207:5: Warning: missing </span> before <p>
    mlr_learners_classif.cv_glmnet.html:207:9: Warning: inserting implicit <span>
    mlr_learners_classif.cv_glmnet.html:209:1: Warning: inserting implicit <span>
    mlr_learners_classif.cv_glmnet.html:210:5: Warning: inserting implicit <span>
    mlr_learners_classif.cv_glmnet.html:210:5: Warning: missing </span> before <p>
    mlr_learners_classif.cv_glmnet.html:210:9: Warning: inserting implicit <span>
    mlr_learners_classif.cv_glmnet.html:110:1: Warning: trimming empty <span>
    mlr_learners_classif.cv_glmnet.html:112:16: Warning: trimming empty <span>
    mlr_learners_classif.cv_glmnet.html:127:1: Warning: trimming empty <span>
    mlr_learners_classif.cv_glmnet.html:129:16: Warning: trimming empty <span>
    mlr_learners_classif.cv_glmnet.html:136:1: Warning: trimming empty <span>
    mlr_learners_classif.cv_glmnet.html:138:33: Warning: trimming empty <span>
    mlr_learners_classif.cv_glmnet.html:153:1: Warning: trimming empty <span>
    mlr_learners_classif.cv_glmnet.html:164:1: Warning: trimming empty <span>
    mlr_learners_classif.cv_glmnet.html:166:16: Warning: trimming empty <span>
    mlr_learners_classif.cv_glmnet.html:173:1: Warning: trimming empty <span>
    mlr_learners_classif.cv_glmnet.html:175:31: Warning: trimming empty <span>
    mlr_learners_classif.cv_glmnet.html:193:1: Warning: trimming empty <span>
    mlr_learners_classif.cv_glmnet.html:197:5: Warning: trimming empty <span>
    mlr_learners_classif.cv_glmnet.html:200:1: Warning: trimming empty <span>
    mlr_learners_classif.cv_glmnet.html:201:5: Warning: trimming empty <span>
    mlr_learners_classif.cv_glmnet.html:203:1: Warning: trimming empty <span>
    mlr_learners_classif.cv_glmnet.html:204:5: Warning: trimming empty <span>
    mlr_learners_classif.cv_glmnet.html:206:1: Warning: trimming empty <span>
    mlr_learners_classif.cv_glmnet.html:207:5: Warning: trimming empty <span>
    mlr_learners_classif.cv_glmnet.html:209:1: Warning: trimming empty <span>
    mlr_learners_classif.cv_glmnet.html:210:5: Warning: trimming empty <span>
    mlr_learners_classif.glmnet.html:106:5: Warning: missing </span> before </li>
    mlr_learners_classif.glmnet.html:107:5: Warning: inserting implicit <span>
    mlr_learners_classif.glmnet.html:107:5: Warning: missing </span> before </li>
    mlr_learners_classif.glmnet.html:108:5: Warning: inserting implicit <span>
    mlr_learners_classif.glmnet.html:108:5: Warning: missing </span> before </li>
    mlr_learners_classif.glmnet.html:109:5: Warning: inserting implicit <span>
    mlr_learners_classif.glmnet.html:109:5: Warning: missing </span> before </li>
    mlr_learners_classif.glmnet.html:110:5: Warning: inserting implicit <span>
    mlr_learners_classif.glmnet.html:110:5: Warning: missing </span> before </li>
    mlr_learners_classif.glmnet.html:111:5: Warning: inserting implicit <span>
    mlr_learners_classif.glmnet.html:111:5: Warning: missing </span> before </li>
    mlr_learners_classif.glmnet.html:112:5: Warning: inserting implicit <span>
    mlr_learners_classif.glmnet.html:112:5: Warning: missing </span> before </li>
    mlr_learners_classif.glmnet.html:113:5: Warning: inserting implicit <span>
    mlr_learners_classif.glmnet.html:113:5: Warning: missing </span> before </li>
    mlr_learners_classif.glmnet.html:118:1: Warning: inserting implicit <span>
    mlr_learners_classif.glmnet.html:118:1: Warning: missing </span> before <h4>
    mlr_learners_classif.glmnet.html:122:5: Warning: inserting implicit <span>
    mlr_learners_classif.glmnet.html:124:4: Warning: inserting implicit <span>
    mlr_learners_classif.glmnet.html:128:1: Warning: inserting implicit <span>
    mlr_learners_classif.glmnet.html:128:1: Warning: missing </span> before <h5>
    mlr_learners_classif.glmnet.html:128:5: Warning: inserting implicit <span>
    mlr_learners_classif.glmnet.html:130:16: Warning: inserting implicit <span>
    mlr_learners_classif.glmnet.html:130:16: Warning: missing </span> before <pre>
    mlr_learners_classif.glmnet.html:134:1: Warning: inserting implicit <span>
    mlr_learners_classif.glmnet.html:134:1: Warning: missing </span> before <h4>
    mlr_learners_classif.glmnet.html:138:5: Warning: inserting implicit <span>
    mlr_learners_classif.glmnet.html:140:4: Warning: inserting implicit <span>
    mlr_learners_classif.glmnet.html:145:1: Warning: inserting implicit <span>
    mlr_learners_classif.glmnet.html:145:1: Warning: missing </span> before <h5>
    mlr_learners_classif.glmnet.html:145:5: Warning: inserting implicit <span>
    mlr_learners_classif.glmnet.html:147:16: Warning: inserting implicit <span>
    mlr_learners_classif.glmnet.html:147:16: Warning: missing </span> before <pre>
    mlr_learners_classif.glmnet.html:151:5: Warning: inserting implicit <span>
    mlr_learners_classif.glmnet.html:154:1: Warning: inserting implicit <span>
    mlr_learners_classif.glmnet.html:154:1: Warning: missing </span> before <dl>
    mlr_learners_classif.glmnet.html:156:5: Warning: inserting implicit <span>
    mlr_learners_classif.glmnet.html:156:33: Warning: inserting implicit <span>
    mlr_learners_classif.glmnet.html:156:33: Warning: missing </span> before <p>
    mlr_learners_classif.glmnet.html:156:36: Warning: inserting implicit <span>
    mlr_learners_classif.glmnet.html:165:5: Warning: inserting implicit <span>
    mlr_learners_classif.glmnet.html:167:4: Warning: inserting implicit <span>
    mlr_learners_classif.glmnet.html:171:1: Warning: inserting implicit <span>
    mlr_learners_classif.glmnet.html:171:1: Warning: missing </span> before <hr>
    mlr_learners_classif.glmnet.html:172:1: Warning: inserting implicit <span>
    mlr_learners_classif.glmnet.html:172:1: Warning: missing </span> before <h4>
    mlr_learners_classif.glmnet.html:176:5: Warning: inserting implicit <span>
    mlr_learners_classif.glmnet.html:178:4: Warning: inserting implicit <span>
    mlr_learners_classif.glmnet.html:182:1: Warning: inserting implicit <span>
    mlr_learners_classif.glmnet.html:182:1: Warning: missing </span> before <h5>
    mlr_learners_classif.glmnet.html:182:5: Warning: inserting implicit <span>
    mlr_learners_classif.glmnet.html:184:16: Warning: inserting implicit <span>
    mlr_learners_classif.glmnet.html:184:16: Warning: missing </span> before <pre>
    mlr_learners_classif.glmnet.html:188:5: Warning: inserting implicit <span>
    mlr_learners_classif.glmnet.html:191:1: Warning: inserting implicit <span>
    mlr_learners_classif.glmnet.html:191:1: Warning: missing </span> before <dl>
    mlr_learners_classif.glmnet.html:193:5: Warning: inserting implicit <span>
    mlr_learners_classif.glmnet.html:193:31: Warning: inserting implicit <span>
    mlr_learners_classif.glmnet.html:193:31: Warning: missing </span> before <p>
    mlr_learners_classif.glmnet.html:193:34: Warning: inserting implicit <span>
    mlr_learners_classif.glmnet.html:202:5: Warning: inserting implicit <span>
    mlr_learners_classif.glmnet.html:204:4: Warning: inserting implicit <span>
    mlr_learners_classif.glmnet.html:211:1: Warning: inserting implicit <span>
    mlr_learners_classif.glmnet.html:211:1: Warning: missing </span> before <h3>
    mlr_learners_classif.glmnet.html:211:5: Warning: inserting implicit <span>
    mlr_learners_classif.glmnet.html:215:5: Warning: inserting implicit <span>
    mlr_learners_classif.glmnet.html:215:5: Warning: missing </span> before <p>
    mlr_learners_classif.glmnet.html:215:8: Warning: inserting implicit <span>
    mlr_learners_classif.glmnet.html:218:1: Warning: inserting implicit <span>
    mlr_learners_classif.glmnet.html:219:5: Warning: inserting implicit <span>
    mlr_learners_classif.glmnet.html:219:5: Warning: missing </span> before <p>
    mlr_learners_classif.glmnet.html:219:8: Warning: inserting implicit <span>
    mlr_learners_classif.glmnet.html:221:1: Warning: inserting implicit <span>
    mlr_learners_classif.glmnet.html:222:5: Warning: inserting implicit <span>
    mlr_learners_classif.glmnet.html:222:5: Warning: missing </span> before <p>
    mlr_learners_classif.glmnet.html:222:9: Warning: inserting implicit <span>
    mlr_learners_classif.glmnet.html:224:1: Warning: inserting implicit <span>
    mlr_learners_classif.glmnet.html:225:5: Warning: inserting implicit <span>
    mlr_learners_classif.glmnet.html:225:5: Warning: missing </span> before <p>
    mlr_learners_classif.glmnet.html:225:9: Warning: inserting implicit <span>
    mlr_learners_classif.glmnet.html:227:1: Warning: inserting implicit <span>
    mlr_learners_classif.glmnet.html:228:5: Warning: inserting implicit <span>
    mlr_learners_classif.glmnet.html:228:5: Warning: missing </span> before <p>
    mlr_learners_classif.glmnet.html:228:9: Warning: inserting implicit <span>
    mlr_learners_classif.glmnet.html:128:1: Warning: trimming empty <span>
    mlr_learners_classif.glmnet.html:130:16: Warning: trimming empty <span>
    mlr_learners_classif.glmnet.html:145:1: Warning: trimming empty <span>
    mlr_learners_classif.glmnet.html:147:16: Warning: trimming empty <span>
    mlr_learners_classif.glmnet.html:154:1: Warning: trimming empty <span>
    mlr_learners_classif.glmnet.html:156:33: Warning: trimming empty <span>
    mlr_learners_classif.glmnet.html:171:1: Warning: trimming empty <span>
    mlr_learners_classif.glmnet.html:182:1: Warning: trimming empty <span>
    mlr_learners_classif.glmnet.html:184:16: Warning: trimming empty <span>
    mlr_learners_classif.glmnet.html:191:1: Warning: trimming empty <span>
    mlr_learners_classif.glmnet.html:193:31: Warning: trimming empty <span>
    mlr_learners_classif.glmnet.html:211:1: Warning: trimming empty <span>
    mlr_learners_classif.glmnet.html:215:5: Warning: trimming empty <span>
    mlr_learners_classif.glmnet.html:218:1: Warning: trimming empty <span>
    mlr_learners_classif.glmnet.html:219:5: Warning: trimming empty <span>
    mlr_learners_classif.glmnet.html:221:1: Warning: trimming empty <span>
    mlr_learners_classif.glmnet.html:222:5: Warning: trimming empty <span>
    mlr_learners_classif.glmnet.html:224:1: Warning: trimming empty <span>
    mlr_learners_classif.glmnet.html:225:5: Warning: trimming empty <span>
    mlr_learners_classif.glmnet.html:227:1: Warning: trimming empty <span>
    mlr_learners_classif.glmnet.html:228:5: Warning: trimming empty <span>
    mlr_learners_classif.kknn.html:90:5: Warning: missing </span> before </li>
    mlr_learners_classif.kknn.html:91:5: Warning: inserting implicit <span>
    mlr_learners_classif.kknn.html:91:5: Warning: missing </span> before </li>
    mlr_learners_classif.kknn.html:92:5: Warning: inserting implicit <span>
    mlr_learners_classif.kknn.html:92:5: Warning: missing </span> before </li>
    mlr_learners_classif.kknn.html:93:5: Warning: inserting implicit <span>
    mlr_learners_classif.kknn.html:93:5: Warning: missing </span> before </li>
    mlr_learners_classif.kknn.html:94:5: Warning: inserting implicit <span>
    mlr_learners_classif.kknn.html:94:5: Warning: missing </span> before </li>
    mlr_learners_classif.kknn.html:95:5: Warning: inserting implicit <span>
    mlr_learners_classif.kknn.html:95:5: Warning: missing </span> before </li>
    mlr_learners_classif.kknn.html:96:5: Warning: inserting implicit <span>
    mlr_learners_classif.kknn.html:96:5: Warning: missing </span> before </li>
    mlr_learners_classif.kknn.html:97:5: Warning: inserting implicit <span>
    mlr_learners_classif.kknn.html:97:5: Warning: missing </span> before </li>
    mlr_learners_classif.kknn.html:102:1: Warning: inserting implicit <span>
    mlr_learners_classif.kknn.html:102:1: Warning: missing </span> before <h4>
    mlr_learners_classif.kknn.html:106:5: Warning: inserting implicit <span>
    mlr_learners_classif.kknn.html:108:4: Warning: inserting implicit <span>
    mlr_learners_classif.kknn.html:112:1: Warning: inserting implicit <span>
    mlr_learners_classif.kknn.html:112:1: Warning: missing </span> before <h5>
    mlr_learners_classif.kknn.html:112:5: Warning: inserting implicit <span>
    mlr_learners_classif.kknn.html:114:16: Warning: inserting implicit <span>
    mlr_learners_classif.kknn.html:114:16: Warning: missing </span> before <pre>
    mlr_learners_classif.kknn.html:118:1: Warning: inserting implicit <span>
    mlr_learners_classif.kknn.html:118:1: Warning: missing </span> before <h4>
    mlr_learners_classif.kknn.html:122:5: Warning: inserting implicit <span>
    mlr_learners_classif.kknn.html:124:4: Warning: inserting implicit <span>
    mlr_learners_classif.kknn.html:128:1: Warning: inserting implicit <span>
    mlr_learners_classif.kknn.html:128:1: Warning: missing </span> before <h5>
    mlr_learners_classif.kknn.html:128:5: Warning: inserting implicit <span>
    mlr_learners_classif.kknn.html:130:16: Warning: inserting implicit <span>
    mlr_learners_classif.kknn.html:130:16: Warning: missing </span> before <pre>
    mlr_learners_classif.kknn.html:134:5: Warning: inserting implicit <span>
    mlr_learners_classif.kknn.html:137:1: Warning: inserting implicit <span>
    mlr_learners_classif.kknn.html:137:1: Warning: missing </span> before <dl>
    mlr_learners_classif.kknn.html:139:5: Warning: inserting implicit <span>
    mlr_learners_classif.kknn.html:139:31: Warning: inserting implicit <span>
    mlr_learners_classif.kknn.html:139:31: Warning: missing </span> before <p>
    mlr_learners_classif.kknn.html:139:34: Warning: inserting implicit <span>
    mlr_learners_classif.kknn.html:148:5: Warning: inserting implicit <span>
    mlr_learners_classif.kknn.html:150:4: Warning: inserting implicit <span>
    mlr_learners_classif.kknn.html:155:1: Warning: inserting implicit <span>
    mlr_learners_classif.kknn.html:155:1: Warning: missing </span> before <ul>
    mlr_learners_classif.kknn.html:156:5: Warning: inserting implicit <span>
    mlr_learners_classif.kknn.html:156:5: Warning: missing </span> before <p>
    mlr_learners_classif.kknn.html:156:9: Warning: inserting implicit <span>
    mlr_learners_classif.kknn.html:158:1: Warning: inserting implicit <span>
    mlr_learners_classif.kknn.html:159:5: Warning: inserting implicit <span>
    mlr_learners_classif.kknn.html:159:5: Warning: missing </span> before <p>
    mlr_learners_classif.kknn.html:159:9: Warning: inserting implicit <span>
    mlr_learners_classif.kknn.html:161:1: Warning: inserting implicit <span>
    mlr_learners_classif.kknn.html:162:5: Warning: inserting implicit <span>
    mlr_learners_classif.kknn.html:162:5: Warning: missing </span> before <p>
    mlr_learners_classif.kknn.html:162:9: Warning: inserting implicit <span>
    mlr_learners_classif.kknn.html:164:1: Warning: inserting implicit <span>
    mlr_learners_classif.kknn.html:165:5: Warning: inserting implicit <span>
    mlr_learners_classif.kknn.html:165:5: Warning: missing </span> before <p>
    mlr_learners_classif.kknn.html:165:9: Warning: inserting implicit <span>
    mlr_learners_classif.kknn.html:168:1: Warning: inserting implicit <span>
    mlr_learners_classif.kknn.html:172:5: Warning: inserting implicit <span>
    mlr_learners_classif.kknn.html:174:4: Warning: inserting implicit <span>
    mlr_learners_classif.kknn.html:179:1: Warning: inserting implicit <span>
    mlr_learners_classif.kknn.html:179:1: Warning: missing </span> before <p>
    mlr_learners_classif.kknn.html:179:4: Warning: inserting implicit <span>
    mlr_learners_classif.kknn.html:184:1: Warning: inserting implicit <span>
    mlr_learners_classif.kknn.html:184:1: Warning: missing </span> before <p>
    mlr_learners_classif.kknn.html:184:4: Warning: inserting implicit <span>
    mlr_learners_classif.kknn.html:191:1: Warning: inserting implicit <span>
    mlr_learners_classif.kknn.html:191:1: Warning: missing </span> before <h3>
    mlr_learners_classif.kknn.html:191:5: Warning: inserting implicit <span>
    mlr_learners_classif.kknn.html:195:5: Warning: inserting implicit <span>
    mlr_learners_classif.kknn.html:195:5: Warning: missing </span> before <p>
    mlr_learners_classif.kknn.html:195:8: Warning: inserting implicit <span>
    mlr_learners_classif.kknn.html:198:1: Warning: inserting implicit <span>
    mlr_learners_classif.kknn.html:199:5: Warning: inserting implicit <span>
    mlr_learners_classif.kknn.html:199:5: Warning: missing </span> before <p>
    mlr_learners_classif.kknn.html:199:8: Warning: inserting implicit <span>
    mlr_learners_classif.kknn.html:201:1: Warning: inserting implicit <span>
    mlr_learners_classif.kknn.html:202:5: Warning: inserting implicit <span>
    mlr_learners_classif.kknn.html:202:5: Warning: missing </span> before <p>
    mlr_learners_classif.kknn.html:202:9: Warning: inserting implicit <span>
    mlr_learners_classif.kknn.html:204:1: Warning: inserting implicit <span>
    mlr_learners_classif.kknn.html:205:5: Warning: inserting implicit <span>
    mlr_learners_classif.kknn.html:205:5: Warning: missing </span> before <p>
    mlr_learners_classif.kknn.html:205:9: Warning: inserting implicit <span>
    mlr_learners_classif.kknn.html:207:1: Warning: inserting implicit <span>
    mlr_learners_classif.kknn.html:208:5: Warning: inserting implicit <span>
    mlr_learners_classif.kknn.html:208:5: Warning: missing </span> before <p>
    mlr_learners_classif.kknn.html:208:9: Warning: inserting implicit <span>
    mlr_learners_classif.kknn.html:112:1: Warning: trimming empty <span>
    mlr_learners_classif.kknn.html:114:16: Warning: trimming empty <span>
    mlr_learners_classif.kknn.html:128:1: Warning: trimming empty <span>
    mlr_learners_classif.kknn.html:130:16: Warning: trimming empty <span>
    mlr_learners_classif.kknn.html:137:1: Warning: trimming empty <span>
    mlr_learners_classif.kknn.html:139:31: Warning: trimming empty <span>
    mlr_learners_classif.kknn.html:155:1: Warning: trimming empty <span>
    mlr_learners_classif.kknn.html:156:5: Warning: trimming empty <span>
    mlr_learners_classif.kknn.html:158:1: Warning: trimming empty <span>
    mlr_learners_classif.kknn.html:159:5: Warning: trimming empty <span>
    mlr_learners_classif.kknn.html:161:1: Warning: trimming empty <span>
    mlr_learners_classif.kknn.html:162:5: Warning: trimming empty <span>
    mlr_learners_classif.kknn.html:164:1: Warning: trimming empty <span>
    mlr_learners_classif.kknn.html:165:5: Warning: trimming empty <span>
    mlr_learners_classif.kknn.html:168:1: Warning: trimming empty <span>
    mlr_learners_classif.kknn.html:179:1: Warning: trimming empty <span>
    mlr_learners_classif.kknn.html:184:1: Warning: trimming empty <span>
    mlr_learners_classif.kknn.html:191:1: Warning: trimming empty <span>
    mlr_learners_classif.kknn.html:195:5: Warning: trimming empty <span>
    mlr_learners_classif.kknn.html:198:1: Warning: trimming empty <span>
    mlr_learners_classif.kknn.html:199:5: Warning: trimming empty <span>
    mlr_learners_classif.kknn.html:201:1: Warning: trimming empty <span>
    mlr_learners_classif.kknn.html:202:5: Warning: trimming empty <span>
    mlr_learners_classif.kknn.html:204:1: Warning: trimming empty <span>
    mlr_learners_classif.kknn.html:205:5: Warning: trimming empty <span>
    mlr_learners_classif.kknn.html:207:1: Warning: trimming empty <span>
    mlr_learners_classif.kknn.html:208:5: Warning: trimming empty <span>
    mlr_learners_classif.lda.html:83:5: Warning: missing </span> before </li>
    mlr_learners_classif.lda.html:84:5: Warning: inserting implicit <span>
    mlr_learners_classif.lda.html:84:5: Warning: missing </span> before </li>
    mlr_learners_classif.lda.html:85:5: Warning: inserting implicit <span>
    mlr_learners_classif.lda.html:85:5: Warning: missing </span> before </li>
    mlr_learners_classif.lda.html:86:5: Warning: inserting implicit <span>
    mlr_learners_classif.lda.html:86:5: Warning: missing </span> before </li>
    mlr_learners_classif.lda.html:87:5: Warning: inserting implicit <span>
    mlr_learners_classif.lda.html:87:5: Warning: missing </span> before </li>
    mlr_learners_classif.lda.html:88:5: Warning: inserting implicit <span>
    mlr_learners_classif.lda.html:88:5: Warning: missing </span> before </li>
    mlr_learners_classif.lda.html:89:5: Warning: inserting implicit <span>
    mlr_learners_classif.lda.html:89:5: Warning: missing </span> before </li>
    mlr_learners_classif.lda.html:90:5: Warning: inserting implicit <span>
    mlr_learners_classif.lda.html:90:5: Warning: missing </span> before </li>
    mlr_learners_classif.lda.html:95:1: Warning: inserting implicit <span>
    mlr_learners_classif.lda.html:95:1: Warning: missing </span> before <h4>
    mlr_learners_classif.lda.html:99:5: Warning: inserting implicit <span>
    mlr_learners_classif.lda.html:101:4: Warning: inserting implicit <span>
    mlr_learners_classif.lda.html:105:1: Warning: inserting implicit <span>
    mlr_learners_classif.lda.html:105:1: Warning: missing </span> before <h5>
    mlr_learners_classif.lda.html:105:5: Warning: inserting implicit <span>
    mlr_learners_classif.lda.html:107:16: Warning: inserting implicit <span>
    mlr_learners_classif.lda.html:107:16: Warning: missing </span> before <pre>
    mlr_learners_classif.lda.html:111:1: Warning: inserting implicit <span>
    mlr_learners_classif.lda.html:111:1: Warning: missing </span> before <h4>
    mlr_learners_classif.lda.html:115:5: Warning: inserting implicit <span>
    mlr_learners_classif.lda.html:117:4: Warning: inserting implicit <span>
    mlr_learners_classif.lda.html:121:1: Warning: inserting implicit <span>
    mlr_learners_classif.lda.html:121:1: Warning: missing </span> before <h5>
    mlr_learners_classif.lda.html:121:5: Warning: inserting implicit <span>
    mlr_learners_classif.lda.html:123:16: Warning: inserting implicit <span>
    mlr_learners_classif.lda.html:123:16: Warning: missing </span> before <pre>
    mlr_learners_classif.lda.html:127:5: Warning: inserting implicit <span>
    mlr_learners_classif.lda.html:130:1: Warning: inserting implicit <span>
    mlr_learners_classif.lda.html:130:1: Warning: missing </span> before <dl>
    mlr_learners_classif.lda.html:132:5: Warning: inserting implicit <span>
    mlr_learners_classif.lda.html:132:31: Warning: inserting implicit <span>
    mlr_learners_classif.lda.html:132:31: Warning: missing </span> before <p>
    mlr_learners_classif.lda.html:132:34: Warning: inserting implicit <span>
    mlr_learners_classif.lda.html:141:5: Warning: inserting implicit <span>
    mlr_learners_classif.lda.html:143:4: Warning: inserting implicit <span>
    mlr_learners_classif.lda.html:150:1: Warning: inserting implicit <span>
    mlr_learners_classif.lda.html:150:1: Warning: missing </span> before <h3>
    mlr_learners_classif.lda.html:150:5: Warning: inserting implicit <span>
    mlr_learners_classif.lda.html:154:5: Warning: inserting implicit <span>
    mlr_learners_classif.lda.html:154:5: Warning: missing </span> before <p>
    mlr_learners_classif.lda.html:154:8: Warning: inserting implicit <span>
    mlr_learners_classif.lda.html:157:1: Warning: inserting implicit <span>
    mlr_learners_classif.lda.html:158:5: Warning: inserting implicit <span>
    mlr_learners_classif.lda.html:158:5: Warning: missing </span> before <p>
    mlr_learners_classif.lda.html:158:8: Warning: inserting implicit <span>
    mlr_learners_classif.lda.html:160:1: Warning: inserting implicit <span>
    mlr_learners_classif.lda.html:161:5: Warning: inserting implicit <span>
    mlr_learners_classif.lda.html:161:5: Warning: missing </span> before <p>
    mlr_learners_classif.lda.html:161:9: Warning: inserting implicit <span>
    mlr_learners_classif.lda.html:163:1: Warning: inserting implicit <span>
    mlr_learners_classif.lda.html:164:5: Warning: inserting implicit <span>
    mlr_learners_classif.lda.html:164:5: Warning: missing </span> before <p>
    mlr_learners_classif.lda.html:164:9: Warning: inserting implicit <span>
    mlr_learners_classif.lda.html:166:1: Warning: inserting implicit <span>
    mlr_learners_classif.lda.html:167:5: Warning: inserting implicit <span>
    mlr_learners_classif.lda.html:167:5: Warning: missing </span> before <p>
    mlr_learners_classif.lda.html:167:9: Warning: inserting implicit <span>
    mlr_learners_classif.lda.html:105:1: Warning: trimming empty <span>
    mlr_learners_classif.lda.html:107:16: Warning: trimming empty <span>
    mlr_learners_classif.lda.html:121:1: Warning: trimming empty <span>
    mlr_learners_classif.lda.html:123:16: Warning: trimming empty <span>
    mlr_learners_classif.lda.html:130:1: Warning: trimming empty <span>
    mlr_learners_classif.lda.html:132:31: Warning: trimming empty <span>
    mlr_learners_classif.lda.html:150:1: Warning: trimming empty <span>
    mlr_learners_classif.lda.html:154:5: Warning: trimming empty <span>
    mlr_learners_classif.lda.html:157:1: Warning: trimming empty <span>
    mlr_learners_classif.lda.html:158:5: Warning: trimming empty <span>
    mlr_learners_classif.lda.html:160:1: Warning: trimming empty <span>
    mlr_learners_classif.lda.html:161:5: Warning: trimming empty <span>
    mlr_learners_classif.lda.html:163:1: Warning: trimming empty <span>
    mlr_learners_classif.lda.html:164:5: Warning: trimming empty <span>
    mlr_learners_classif.lda.html:166:1: Warning: trimming empty <span>
    mlr_learners_classif.lda.html:167:5: Warning: trimming empty <span>
    mlr_learners_classif.log_reg.html:125:5: Warning: missing </span> before </li>
    mlr_learners_classif.log_reg.html:126:5: Warning: inserting implicit <span>
    mlr_learners_classif.log_reg.html:126:5: Warning: missing </span> before </li>
    mlr_learners_classif.log_reg.html:127:5: Warning: inserting implicit <span>
    mlr_learners_classif.log_reg.html:127:5: Warning: missing </span> before </li>
    mlr_learners_classif.log_reg.html:128:5: Warning: inserting implicit <span>
    mlr_learners_classif.log_reg.html:128:5: Warning: missing </span> before </li>
    mlr_learners_classif.log_reg.html:129:5: Warning: inserting implicit <span>
    mlr_learners_classif.log_reg.html:129:5: Warning: missing </span> before </li>
    mlr_learners_classif.log_reg.html:130:5: Warning: inserting implicit <span>
    mlr_learners_classif.log_reg.html:130:5: Warning: missing </span> before </li>
    mlr_learners_classif.log_reg.html:131:5: Warning: inserting implicit <span>
    mlr_learners_classif.log_reg.html:131:5: Warning: missing </span> before </li>
    mlr_learners_classif.log_reg.html:132:5: Warning: inserting implicit <span>
    mlr_learners_classif.log_reg.html:132:5: Warning: missing </span> before </li>
    mlr_learners_classif.log_reg.html:137:1: Warning: inserting implicit <span>
    mlr_learners_classif.log_reg.html:137:1: Warning: missing </span> before <h4>
    mlr_learners_classif.log_reg.html:141:5: Warning: inserting implicit <span>
    mlr_learners_classif.log_reg.html:143:4: Warning: inserting implicit <span>
    mlr_learners_classif.log_reg.html:147:1: Warning: inserting implicit <span>
    mlr_learners_classif.log_reg.html:147:1: Warning: missing </span> before <h5>
    mlr_learners_classif.log_reg.html:147:5: Warning: inserting implicit <span>
    mlr_learners_classif.log_reg.html:149:16: Warning: inserting implicit <span>
    mlr_learners_classif.log_reg.html:149:16: Warning: missing </span> before <pre>
    mlr_learners_classif.log_reg.html:153:1: Warning: inserting implicit <span>
    mlr_learners_classif.log_reg.html:153:1: Warning: missing </span> before <h4>
    mlr_learners_classif.log_reg.html:157:5: Warning: inserting implicit <span>
    mlr_learners_classif.log_reg.html:159:4: Warning: inserting implicit <span>
    mlr_learners_classif.log_reg.html:163:1: Warning: inserting implicit <span>
    mlr_learners_classif.log_reg.html:163:1: Warning: missing </span> before <h5>
    mlr_learners_classif.log_reg.html:163:5: Warning: inserting implicit <span>
    mlr_learners_classif.log_reg.html:165:16: Warning: inserting implicit <span>
    mlr_learners_classif.log_reg.html:165:16: Warning: missing </span> before <pre>
    mlr_learners_classif.log_reg.html:169:1: Warning: inserting implicit <span>
    mlr_learners_classif.log_reg.html:169:1: Warning: missing </span> before <h4>
    mlr_learners_classif.log_reg.html:173:5: Warning: inserting implicit <span>
    mlr_learners_classif.log_reg.html:175:4: Warning: inserting implicit <span>
    mlr_learners_classif.log_reg.html:179:1: Warning: inserting implicit <span>
    mlr_learners_classif.log_reg.html:179:1: Warning: missing </span> before <h5>
    mlr_learners_classif.log_reg.html:179:5: Warning: inserting implicit <span>
    mlr_learners_classif.log_reg.html:181:16: Warning: inserting implicit <span>
    mlr_learners_classif.log_reg.html:181:16: Warning: missing </span> before <pre>
    mlr_learners_classif.log_reg.html:185:5: Warning: inserting implicit <span>
    mlr_learners_classif.log_reg.html:188:1: Warning: inserting implicit <span>
    mlr_learners_classif.log_reg.html:188:1: Warning: missing </span> before <dl>
    mlr_learners_classif.log_reg.html:190:5: Warning: inserting implicit <span>
    mlr_learners_classif.log_reg.html:190:31: Warning: inserting implicit <span>
    mlr_learners_classif.log_reg.html:190:31: Warning: missing </span> before <p>
    mlr_learners_classif.log_reg.html:190:34: Warning: inserting implicit <span>
    mlr_learners_classif.log_reg.html:199:5: Warning: inserting implicit <span>
    mlr_learners_classif.log_reg.html:203:5: Warning: inserting implicit <span>
    mlr_learners_classif.log_reg.html:203:5: Warning: missing </span> before <p>
    mlr_learners_classif.log_reg.html:203:8: Warning: inserting implicit <span>
    mlr_learners_classif.log_reg.html:206:1: Warning: inserting implicit <span>
    mlr_learners_classif.log_reg.html:207:5: Warning: inserting implicit <span>
    mlr_learners_classif.log_reg.html:207:5: Warning: missing </span> before <p>
    mlr_learners_classif.log_reg.html:207:8: Warning: inserting implicit <span>
    mlr_learners_classif.log_reg.html:209:1: Warning: inserting implicit <span>
    mlr_learners_classif.log_reg.html:210:5: Warning: inserting implicit <span>
    mlr_learners_classif.log_reg.html:210:5: Warning: missing </span> before <p>
    mlr_learners_classif.log_reg.html:210:9: Warning: inserting implicit <span>
    mlr_learners_classif.log_reg.html:212:1: Warning: inserting implicit <span>
    mlr_learners_classif.log_reg.html:213:5: Warning: inserting implicit <span>
    mlr_learners_classif.log_reg.html:213:5: Warning: missing </span> before <p>
    mlr_learners_classif.log_reg.html:213:9: Warning: inserting implicit <span>
    mlr_learners_classif.log_reg.html:215:1: Warning: inserting implicit <span>
    mlr_learners_classif.log_reg.html:216:5: Warning: inserting implicit <span>
    mlr_learners_classif.log_reg.html:216:5: Warning: missing </span> before <p>
    mlr_learners_classif.log_reg.html:216:9: Warning: inserting implicit <span>
    mlr_learners_classif.log_reg.html:147:1: Warning: trimming empty <span>
    mlr_learners_classif.log_reg.html:149:16: Warning: trimming empty <span>
    mlr_learners_classif.log_reg.html:163:1: Warning: trimming empty <span>
    mlr_learners_classif.log_reg.html:165:16: Warning: trimming empty <span>
    mlr_learners_classif.log_reg.html:179:1: Warning: trimming empty <span>
    mlr_learners_classif.log_reg.html:181:16: Warning: trimming empty <span>
    mlr_learners_classif.log_reg.html:188:1: Warning: trimming empty <span>
    mlr_learners_classif.log_reg.html:190:31: Warning: trimming empty <span>
    mlr_learners_classif.log_reg.html:203:5: Warning: trimming empty <span>
    mlr_learners_classif.log_reg.html:206:1: Warning: trimming empty <span>
    mlr_learners_classif.log_reg.html:207:5: Warning: trimming empty <span>
    mlr_learners_classif.log_reg.html:209:1: Warning: trimming empty <span>
    mlr_learners_classif.log_reg.html:210:5: Warning: trimming empty <span>
    mlr_learners_classif.log_reg.html:212:1: Warning: trimming empty <span>
    mlr_learners_classif.log_reg.html:213:5: Warning: trimming empty <span>
    mlr_learners_classif.log_reg.html:215:1: Warning: trimming empty <span>
    mlr_learners_classif.log_reg.html:216:5: Warning: trimming empty <span>
    mlr_learners_classif.multinom.html:77:5: Warning: missing </span> before </li>
    mlr_learners_classif.multinom.html:78:5: Warning: inserting implicit <span>
    mlr_learners_classif.multinom.html:78:5: Warning: missing </span> before </li>
    mlr_learners_classif.multinom.html:79:5: Warning: inserting implicit <span>
    mlr_learners_classif.multinom.html:79:5: Warning: missing </span> before </li>
    mlr_learners_classif.multinom.html:80:5: Warning: inserting implicit <span>
    mlr_learners_classif.multinom.html:80:5: Warning: missing </span> before </li>
    mlr_learners_classif.multinom.html:81:5: Warning: inserting implicit <span>
    mlr_learners_classif.multinom.html:81:5: Warning: missing </span> before </li>
    mlr_learners_classif.multinom.html:82:5: Warning: inserting implicit <span>
    mlr_learners_classif.multinom.html:82:5: Warning: missing </span> before </li>
    mlr_learners_classif.multinom.html:83:5: Warning: inserting implicit <span>
    mlr_learners_classif.multinom.html:83:5: Warning: missing </span> before </li>
    mlr_learners_classif.multinom.html:84:5: Warning: inserting implicit <span>
    mlr_learners_classif.multinom.html:84:5: Warning: missing </span> before </li>
    mlr_learners_classif.multinom.html:89:1: Warning: inserting implicit <span>
    mlr_learners_classif.multinom.html:89:1: Warning: missing </span> before <h4>
    mlr_learners_classif.multinom.html:93:5: Warning: inserting implicit <span>
    mlr_learners_classif.multinom.html:95:4: Warning: inserting implicit <span>
    mlr_learners_classif.multinom.html:99:1: Warning: inserting implicit <span>
    mlr_learners_classif.multinom.html:99:1: Warning: missing </span> before <h5>
    mlr_learners_classif.multinom.html:99:5: Warning: inserting implicit <span>
    mlr_learners_classif.multinom.html:101:16: Warning: inserting implicit <span>
    mlr_learners_classif.multinom.html:101:16: Warning: missing </span> before <pre>
    mlr_learners_classif.multinom.html:105:1: Warning: inserting implicit <span>
    mlr_learners_classif.multinom.html:105:1: Warning: missing </span> before <h4>
    mlr_learners_classif.multinom.html:109:5: Warning: inserting implicit <span>
    mlr_learners_classif.multinom.html:111:4: Warning: inserting implicit <span>
    mlr_learners_classif.multinom.html:115:1: Warning: inserting implicit <span>
    mlr_learners_classif.multinom.html:115:1: Warning: missing </span> before <h5>
    mlr_learners_classif.multinom.html:115:5: Warning: inserting implicit <span>
    mlr_learners_classif.multinom.html:117:16: Warning: inserting implicit <span>
    mlr_learners_classif.multinom.html:117:16: Warning: missing </span> before <pre>
    mlr_learners_classif.multinom.html:121:1: Warning: inserting implicit <span>
    mlr_learners_classif.multinom.html:121:1: Warning: missing </span> before <h4>
    mlr_learners_classif.multinom.html:125:5: Warning: inserting implicit <span>
    mlr_learners_classif.multinom.html:127:4: Warning: inserting implicit <span>
    mlr_learners_classif.multinom.html:131:1: Warning: inserting implicit <span>
    mlr_learners_classif.multinom.html:131:1: Warning: missing </span> before <h5>
    mlr_learners_classif.multinom.html:131:5: Warning: inserting implicit <span>
    mlr_learners_classif.multinom.html:133:16: Warning: inserting implicit <span>
    mlr_learners_classif.multinom.html:133:16: Warning: missing </span> before <pre>
    mlr_learners_classif.multinom.html:137:5: Warning: inserting implicit <span>
    mlr_learners_classif.multinom.html:140:1: Warning: inserting implicit <span>
    mlr_learners_classif.multinom.html:140:1: Warning: missing </span> before <dl>
    mlr_learners_classif.multinom.html:142:5: Warning: inserting implicit <span>
    mlr_learners_classif.multinom.html:142:31: Warning: inserting implicit <span>
    mlr_learners_classif.multinom.html:142:31: Warning: missing </span> before <p>
    mlr_learners_classif.multinom.html:142:34: Warning: inserting implicit <span>
    mlr_learners_classif.multinom.html:151:5: Warning: inserting implicit <span>
    mlr_learners_classif.multinom.html:155:5: Warning: inserting implicit <span>
    mlr_learners_classif.multinom.html:155:5: Warning: missing </span> before <p>
    mlr_learners_classif.multinom.html:155:8: Warning: inserting implicit <span>
    mlr_learners_classif.multinom.html:158:1: Warning: inserting implicit <span>
    mlr_learners_classif.multinom.html:159:5: Warning: inserting implicit <span>
    mlr_learners_classif.multinom.html:159:5: Warning: missing </span> before <p>
    mlr_learners_classif.multinom.html:159:8: Warning: inserting implicit <span>
    mlr_learners_classif.multinom.html:161:1: Warning: inserting implicit <span>
    mlr_learners_classif.multinom.html:162:5: Warning: inserting implicit <span>
    mlr_learners_classif.multinom.html:162:5: Warning: missing </span> before <p>
    mlr_learners_classif.multinom.html:162:9: Warning: inserting implicit <span>
    mlr_learners_classif.multinom.html:164:1: Warning: inserting implicit <span>
    mlr_learners_classif.multinom.html:165:5: Warning: inserting implicit <span>
    mlr_learners_classif.multinom.html:165:5: Warning: missing </span> before <p>
    mlr_learners_classif.multinom.html:165:9: Warning: inserting implicit <span>
    mlr_learners_classif.multinom.html:167:1: Warning: inserting implicit <span>
    mlr_learners_classif.multinom.html:168:5: Warning: inserting implicit <span>
    mlr_learners_classif.multinom.html:168:5: Warning: missing </span> before <p>
    mlr_learners_classif.multinom.html:168:9: Warning: inserting implicit <span>
    mlr_learners_classif.multinom.html:99:1: Warning: trimming empty <span>
    mlr_learners_classif.multinom.html:101:16: Warning: trimming empty <span>
    mlr_learners_classif.multinom.html:115:1: Warning: trimming empty <span>
    mlr_learners_classif.multinom.html:117:16: Warning: trimming empty <span>
    mlr_learners_classif.multinom.html:131:1: Warning: trimming empty <span>
    mlr_learners_classif.multinom.html:133:16: Warning: trimming empty <span>
    mlr_learners_classif.multinom.html:140:1: Warning: trimming empty <span>
    mlr_learners_classif.multinom.html:142:31: Warning: trimming empty <span>
    mlr_learners_classif.multinom.html:155:5: Warning: trimming empty <span>
    mlr_learners_classif.multinom.html:158:1: Warning: trimming empty <span>
    mlr_learners_classif.multinom.html:159:5: Warning: trimming empty <span>
    mlr_learners_classif.multinom.html:161:1: Warning: trimming empty <span>
    mlr_learners_classif.multinom.html:162:5: Warning: trimming empty <span>
    mlr_learners_classif.multinom.html:164:1: Warning: trimming empty <span>
    mlr_learners_classif.multinom.html:165:5: Warning: trimming empty <span>
    mlr_learners_classif.multinom.html:167:1: Warning: trimming empty <span>
    mlr_learners_classif.multinom.html:168:5: Warning: trimming empty <span>
    mlr_learners_classif.naive_bayes.html:74:5: Warning: missing </span> before </li>
    mlr_learners_classif.naive_bayes.html:75:5: Warning: inserting implicit <span>
    mlr_learners_classif.naive_bayes.html:75:5: Warning: missing </span> before </li>
    mlr_learners_classif.naive_bayes.html:76:5: Warning: inserting implicit <span>
    mlr_learners_classif.naive_bayes.html:76:5: Warning: missing </span> before </li>
    mlr_learners_classif.naive_bayes.html:77:5: Warning: inserting implicit <span>
    mlr_learners_classif.naive_bayes.html:77:5: Warning: missing </span> before </li>
    mlr_learners_classif.naive_bayes.html:78:5: Warning: inserting implicit <span>
    mlr_learners_classif.naive_bayes.html:78:5: Warning: missing </span> before </li>
    mlr_learners_classif.naive_bayes.html:79:5: Warning: inserting implicit <span>
    mlr_learners_classif.naive_bayes.html:79:5: Warning: missing </span> before </li>
    mlr_learners_classif.naive_bayes.html:80:5: Warning: inserting implicit <span>
    mlr_learners_classif.naive_bayes.html:80:5: Warning: missing </span> before </li>
    mlr_learners_classif.naive_bayes.html:81:5: Warning: inserting implicit <span>
    mlr_learners_classif.naive_bayes.html:81:5: Warning: missing </span> before </li>
    mlr_learners_classif.naive_bayes.html:86:1: Warning: inserting implicit <span>
    mlr_learners_classif.naive_bayes.html:86:1: Warning: missing </span> before <h4>
    mlr_learners_classif.naive_bayes.html:90:5: Warning: inserting implicit <span>
    mlr_learners_classif.naive_bayes.html:92:4: Warning: inserting implicit <span>
    mlr_learners_classif.naive_bayes.html:96:1: Warning: inserting implicit <span>
    mlr_learners_classif.naive_bayes.html:96:1: Warning: missing </span> before <h5>
    mlr_learners_classif.naive_bayes.html:96:5: Warning: inserting implicit <span>
    mlr_learners_classif.naive_bayes.html:98:16: Warning: inserting implicit <span>
    mlr_learners_classif.naive_bayes.html:98:16: Warning: missing </span> before <pre>
    mlr_learners_classif.naive_bayes.html:102:1: Warning: inserting implicit <span>
    mlr_learners_classif.naive_bayes.html:102:1: Warning: missing </span> before <h4>
    mlr_learners_classif.naive_bayes.html:106:5: Warning: inserting implicit <span>
    mlr_learners_classif.naive_bayes.html:108:4: Warning: inserting implicit <span>
    mlr_learners_classif.naive_bayes.html:112:1: Warning: inserting implicit <span>
    mlr_learners_classif.naive_bayes.html:112:1: Warning: missing </span> before <h5>
    mlr_learners_classif.naive_bayes.html:112:5: Warning: inserting implicit <span>
    mlr_learners_classif.naive_bayes.html:114:16: Warning: inserting implicit <span>
    mlr_learners_classif.naive_bayes.html:114:16: Warning: missing </span> before <pre>
    mlr_learners_classif.naive_bayes.html:118:5: Warning: inserting implicit <span>
    mlr_learners_classif.naive_bayes.html:121:1: Warning: inserting implicit <span>
    mlr_learners_classif.naive_bayes.html:121:1: Warning: missing </span> before <dl>
    mlr_learners_classif.naive_bayes.html:123:5: Warning: inserting implicit <span>
    mlr_learners_classif.naive_bayes.html:123:31: Warning: inserting implicit <span>
    mlr_learners_classif.naive_bayes.html:123:31: Warning: missing </span> before <p>
    mlr_learners_classif.naive_bayes.html:123:34: Warning: inserting implicit <span>
    mlr_learners_classif.naive_bayes.html:132:5: Warning: inserting implicit <span>
    mlr_learners_classif.naive_bayes.html:136:5: Warning: inserting implicit <span>
    mlr_learners_classif.naive_bayes.html:136:5: Warning: missing </span> before <p>
    mlr_learners_classif.naive_bayes.html:136:8: Warning: inserting implicit <span>
    mlr_learners_classif.naive_bayes.html:139:1: Warning: inserting implicit <span>
    mlr_learners_classif.naive_bayes.html:140:5: Warning: inserting implicit <span>
    mlr_learners_classif.naive_bayes.html:140:5: Warning: missing </span> before <p>
    mlr_learners_classif.naive_bayes.html:140:8: Warning: inserting implicit <span>
    mlr_learners_classif.naive_bayes.html:142:1: Warning: inserting implicit <span>
    mlr_learners_classif.naive_bayes.html:143:5: Warning: inserting implicit <span>
    mlr_learners_classif.naive_bayes.html:143:5: Warning: missing </span> before <p>
    mlr_learners_classif.naive_bayes.html:143:9: Warning: inserting implicit <span>
    mlr_learners_classif.naive_bayes.html:145:1: Warning: inserting implicit <span>
    mlr_learners_classif.naive_bayes.html:146:5: Warning: inserting implicit <span>
    mlr_learners_classif.naive_bayes.html:146:5: Warning: missing </span> before <p>
    mlr_learners_classif.naive_bayes.html:146:9: Warning: inserting implicit <span>
    mlr_learners_classif.naive_bayes.html:148:1: Warning: inserting implicit <span>
    mlr_learners_classif.naive_bayes.html:149:5: Warning: inserting implicit <span>
    mlr_learners_classif.naive_bayes.html:149:5: Warning: missing </span> before <p>
    mlr_learners_classif.naive_bayes.html:149:9: Warning: inserting implicit <span>
    mlr_learners_classif.naive_bayes.html:96:1: Warning: trimming empty <span>
    mlr_learners_classif.naive_bayes.html:98:16: Warning: trimming empty <span>
    mlr_learners_classif.naive_bayes.html:112:1: Warning: trimming empty <span>
    mlr_learners_classif.naive_bayes.html:114:16: Warning: trimming empty <span>
    mlr_learners_classif.naive_bayes.html:121:1: Warning: trimming empty <span>
    mlr_learners_classif.naive_bayes.html:123:31: Warning: trimming empty <span>
    mlr_learners_classif.naive_bayes.html:136:5: Warning: trimming empty <span>
    mlr_learners_classif.naive_bayes.html:139:1: Warning: trimming empty <span>
    mlr_learners_classif.naive_bayes.html:140:5: Warning: trimming empty <span>
    mlr_learners_classif.naive_bayes.html:142:1: Warning: trimming empty <span>
    mlr_learners_classif.naive_bayes.html:143:5: Warning: trimming empty <span>
    mlr_learners_classif.naive_bayes.html:145:1: Warning: trimming empty <span>
    mlr_learners_classif.naive_bayes.html:146:5: Warning: trimming empty <span>
    mlr_learners_classif.naive_bayes.html:148:1: Warning: trimming empty <span>
    mlr_learners_classif.naive_bayes.html:149:5: Warning: trimming empty <span>
    mlr_learners_classif.nnet.html:96:5: Warning: missing </span> before </li>
    mlr_learners_classif.nnet.html:97:5: Warning: inserting implicit <span>
    mlr_learners_classif.nnet.html:97:5: Warning: missing </span> before </li>
    mlr_learners_classif.nnet.html:98:5: Warning: inserting implicit <span>
    mlr_learners_classif.nnet.html:98:5: Warning: missing </span> before </li>
    mlr_learners_classif.nnet.html:99:5: Warning: inserting implicit <span>
    mlr_learners_classif.nnet.html:99:5: Warning: missing </span> before </li>
    mlr_learners_classif.nnet.html:100:5: Warning: inserting implicit <span>
    mlr_learners_classif.nnet.html:100:5: Warning: missing </span> before </li>
    mlr_learners_classif.nnet.html:101:5: Warning: inserting implicit <span>
    mlr_learners_classif.nnet.html:101:5: Warning: missing </span> before </li>
    mlr_learners_classif.nnet.html:102:5: Warning: inserting implicit <span>
    mlr_learners_classif.nnet.html:102:5: Warning: missing </span> before </li>
    mlr_learners_classif.nnet.html:103:5: Warning: inserting implicit <span>
    mlr_learners_classif.nnet.html:103:5: Warning: missing </span> before </li>
    mlr_learners_classif.nnet.html:108:1: Warning: inserting implicit <span>
    mlr_learners_classif.nnet.html:108:1: Warning: missing </span> before <h4>
    mlr_learners_classif.nnet.html:112:5: Warning: inserting implicit <span>
    mlr_learners_classif.nnet.html:114:4: Warning: inserting implicit <span>
    mlr_learners_classif.nnet.html:118:1: Warning: inserting implicit <span>
    mlr_learners_classif.nnet.html:118:1: Warning: missing </span> before <h5>
    mlr_learners_classif.nnet.html:118:5: Warning: inserting implicit <span>
    mlr_learners_classif.nnet.html:120:16: Warning: inserting implicit <span>
    mlr_learners_classif.nnet.html:120:16: Warning: missing </span> before <pre>
    mlr_learners_classif.nnet.html:124:1: Warning: inserting implicit <span>
    mlr_learners_classif.nnet.html:124:1: Warning: missing </span> before <h4>
    mlr_learners_classif.nnet.html:128:5: Warning: inserting implicit <span>
    mlr_learners_classif.nnet.html:130:4: Warning: inserting implicit <span>
    mlr_learners_classif.nnet.html:134:1: Warning: inserting implicit <span>
    mlr_learners_classif.nnet.html:134:1: Warning: missing </span> before <h5>
    mlr_learners_classif.nnet.html:134:5: Warning: inserting implicit <span>
    mlr_learners_classif.nnet.html:136:16: Warning: inserting implicit <span>
    mlr_learners_classif.nnet.html:136:16: Warning: missing </span> before <pre>
    mlr_learners_classif.nnet.html:140:5: Warning: inserting implicit <span>
    mlr_learners_classif.nnet.html:143:1: Warning: inserting implicit <span>
    mlr_learners_classif.nnet.html:143:1: Warning: missing </span> before <dl>
    mlr_learners_classif.nnet.html:145:5: Warning: inserting implicit <span>
    mlr_learners_classif.nnet.html:145:31: Warning: inserting implicit <span>
    mlr_learners_classif.nnet.html:145:31: Warning: missing </span> before <p>
    mlr_learners_classif.nnet.html:145:34: Warning: inserting implicit <span>
    mlr_learners_classif.nnet.html:154:5: Warning: inserting implicit <span>
    mlr_learners_classif.nnet.html:156:4: Warning: inserting implicit <span>
    mlr_learners_classif.nnet.html:163:1: Warning: inserting implicit <span>
    mlr_learners_classif.nnet.html:163:1: Warning: missing </span> before <h3>
    mlr_learners_classif.nnet.html:163:5: Warning: inserting implicit <span>
    mlr_learners_classif.nnet.html:167:5: Warning: inserting implicit <span>
    mlr_learners_classif.nnet.html:167:5: Warning: missing </span> before <p>
    mlr_learners_classif.nnet.html:167:8: Warning: inserting implicit <span>
    mlr_learners_classif.nnet.html:170:1: Warning: inserting implicit <span>
    mlr_learners_classif.nnet.html:171:5: Warning: inserting implicit <span>
    mlr_learners_classif.nnet.html:171:5: Warning: missing </span> before <p>
    mlr_learners_classif.nnet.html:171:8: Warning: inserting implicit <span>
    mlr_learners_classif.nnet.html:173:1: Warning: inserting implicit <span>
    mlr_learners_classif.nnet.html:174:5: Warning: inserting implicit <span>
    mlr_learners_classif.nnet.html:174:5: Warning: missing </span> before <p>
    mlr_learners_classif.nnet.html:174:9: Warning: inserting implicit <span>
    mlr_learners_classif.nnet.html:176:1: Warning: inserting implicit <span>
    mlr_learners_classif.nnet.html:177:5: Warning: inserting implicit <span>
    mlr_learners_classif.nnet.html:177:5: Warning: missing </span> before <p>
    mlr_learners_classif.nnet.html:177:9: Warning: inserting implicit <span>
    mlr_learners_classif.nnet.html:179:1: Warning: inserting implicit <span>
    mlr_learners_classif.nnet.html:180:5: Warning: inserting implicit <span>
    mlr_learners_classif.nnet.html:180:5: Warning: missing </span> before <p>
    mlr_learners_classif.nnet.html:180:9: Warning: inserting implicit <span>
    mlr_learners_classif.nnet.html:118:1: Warning: trimming empty <span>
    mlr_learners_classif.nnet.html:120:16: Warning: trimming empty <span>
    mlr_learners_classif.nnet.html:134:1: Warning: trimming empty <span>
    mlr_learners_classif.nnet.html:136:16: Warning: trimming empty <span>
    mlr_learners_classif.nnet.html:143:1: Warning: trimming empty <span>
    mlr_learners_classif.nnet.html:145:31: Warning: trimming empty <span>
    mlr_learners_classif.nnet.html:163:1: Warning: trimming empty <span>
    mlr_learners_classif.nnet.html:167:5: Warning: trimming empty <span>
    mlr_learners_classif.nnet.html:170:1: Warning: trimming empty <span>
    mlr_learners_classif.nnet.html:171:5: Warning: trimming empty <span>
    mlr_learners_classif.nnet.html:173:1: Warning: trimming empty <span>
    mlr_learners_classif.nnet.html:174:5: Warning: trimming empty <span>
    mlr_learners_classif.nnet.html:176:1: Warning: trimming empty <span>
    mlr_learners_classif.nnet.html:177:5: Warning: trimming empty <span>
    mlr_learners_classif.nnet.html:179:1: Warning: trimming empty <span>
    mlr_learners_classif.nnet.html:180:5: Warning: trimming empty <span>
    mlr_learners_classif.qda.html:83:5: Warning: missing </span> before </li>
    mlr_learners_classif.qda.html:84:5: Warning: inserting implicit <span>
    mlr_learners_classif.qda.html:84:5: Warning: missing </span> before </li>
    mlr_learners_classif.qda.html:85:5: Warning: inserting implicit <span>
    mlr_learners_classif.qda.html:85:5: Warning: missing </span> before </li>
    mlr_learners_classif.qda.html:86:5: Warning: inserting implicit <span>
    mlr_learners_classif.qda.html:86:5: Warning: missing </span> before </li>
    mlr_learners_classif.qda.html:87:5: Warning: inserting implicit <span>
    mlr_learners_classif.qda.html:87:5: Warning: missing </span> before </li>
    mlr_learners_classif.qda.html:88:5: Warning: inserting implicit <span>
    mlr_learners_classif.qda.html:88:5: Warning: missing </span> before </li>
    mlr_learners_classif.qda.html:89:5: Warning: inserting implicit <span>
    mlr_learners_classif.qda.html:89:5: Warning: missing </span> before </li>
    mlr_learners_classif.qda.html:90:5: Warning: inserting implicit <span>
    mlr_learners_classif.qda.html:90:5: Warning: missing </span> before </li>
    mlr_learners_classif.qda.html:95:1: Warning: inserting implicit <span>
    mlr_learners_classif.qda.html:95:1: Warning: missing </span> before <h4>
    mlr_learners_classif.qda.html:99:5: Warning: inserting implicit <span>
    mlr_learners_classif.qda.html:101:4: Warning: inserting implicit <span>
    mlr_learners_classif.qda.html:105:1: Warning: inserting implicit <span>
    mlr_learners_classif.qda.html:105:1: Warning: missing </span> before <h5>
    mlr_learners_classif.qda.html:105:5: Warning: inserting implicit <span>
    mlr_learners_classif.qda.html:107:16: Warning: inserting implicit <span>
    mlr_learners_classif.qda.html:107:16: Warning: missing </span> before <pre>
    mlr_learners_classif.qda.html:111:1: Warning: inserting implicit <span>
    mlr_learners_classif.qda.html:111:1: Warning: missing </span> before <h4>
    mlr_learners_classif.qda.html:115:5: Warning: inserting implicit <span>
    mlr_learners_classif.qda.html:117:4: Warning: inserting implicit <span>
    mlr_learners_classif.qda.html:121:1: Warning: inserting implicit <span>
    mlr_learners_classif.qda.html:121:1: Warning: missing </span> before <h5>
    mlr_learners_classif.qda.html:121:5: Warning: inserting implicit <span>
    mlr_learners_classif.qda.html:123:16: Warning: inserting implicit <span>
    mlr_learners_classif.qda.html:123:16: Warning: missing </span> before <pre>
    mlr_learners_classif.qda.html:127:5: Warning: inserting implicit <span>
    mlr_learners_classif.qda.html:130:1: Warning: inserting implicit <span>
    mlr_learners_classif.qda.html:130:1: Warning: missing </span> before <dl>
    mlr_learners_classif.qda.html:132:5: Warning: inserting implicit <span>
    mlr_learners_classif.qda.html:132:31: Warning: inserting implicit <span>
    mlr_learners_classif.qda.html:132:31: Warning: missing </span> before <p>
    mlr_learners_classif.qda.html:132:34: Warning: inserting implicit <span>
    mlr_learners_classif.qda.html:141:5: Warning: inserting implicit <span>
    mlr_learners_classif.qda.html:143:4: Warning: inserting implicit <span>
    mlr_learners_classif.qda.html:150:1: Warning: inserting implicit <span>
    mlr_learners_classif.qda.html:150:1: Warning: missing </span> before <h3>
    mlr_learners_classif.qda.html:150:5: Warning: inserting implicit <span>
    mlr_learners_classif.qda.html:154:5: Warning: inserting implicit <span>
    mlr_learners_classif.qda.html:154:5: Warning: missing </span> before <p>
    mlr_learners_classif.qda.html:154:8: Warning: inserting implicit <span>
    mlr_learners_classif.qda.html:157:1: Warning: inserting implicit <span>
    mlr_learners_classif.qda.html:158:5: Warning: inserting implicit <span>
    mlr_learners_classif.qda.html:158:5: Warning: missing </span> before <p>
    mlr_learners_classif.qda.html:158:8: Warning: inserting implicit <span>
    mlr_learners_classif.qda.html:160:1: Warning: inserting implicit <span>
    mlr_learners_classif.qda.html:161:5: Warning: inserting implicit <span>
    mlr_learners_classif.qda.html:161:5: Warning: missing </span> before <p>
    mlr_learners_classif.qda.html:161:9: Warning: inserting implicit <span>
    mlr_learners_classif.qda.html:163:1: Warning: inserting implicit <span>
    mlr_learners_classif.qda.html:164:5: Warning: inserting implicit <span>
    mlr_learners_classif.qda.html:164:5: Warning: missing </span> before <p>
    mlr_learners_classif.qda.html:164:9: Warning: inserting implicit <span>
    mlr_learners_classif.qda.html:166:1: Warning: inserting implicit <span>
    mlr_learners_classif.qda.html:167:5: Warning: inserting implicit <span>
    mlr_learners_classif.qda.html:167:5: Warning: missing </span> before <p>
    mlr_learners_classif.qda.html:167:9: Warning: inserting implicit <span>
    mlr_learners_classif.qda.html:105:1: Warning: trimming empty <span>
    mlr_learners_classif.qda.html:107:16: Warning: trimming empty <span>
    mlr_learners_classif.qda.html:121:1: Warning: trimming empty <span>
    mlr_learners_classif.qda.html:123:16: Warning: trimming empty <span>
    mlr_learners_classif.qda.html:130:1: Warning: trimming empty <span>
    mlr_learners_classif.qda.html:132:31: Warning: trimming empty <span>
    mlr_learners_classif.qda.html:150:1: Warning: trimming empty <span>
    mlr_learners_classif.qda.html:154:5: Warning: trimming empty <span>
    mlr_learners_classif.qda.html:157:1: Warning: trimming empty <span>
    mlr_learners_classif.qda.html:158:5: Warning: trimming empty <span>
    mlr_learners_classif.qda.html:160:1: Warning: trimming empty <span>
    mlr_learners_classif.qda.html:161:5: Warning: trimming empty <span>
    mlr_learners_classif.qda.html:163:1: Warning: trimming empty <span>
    mlr_learners_classif.qda.html:164:5: Warning: trimming empty <span>
    mlr_learners_classif.qda.html:166:1: Warning: trimming empty <span>
    mlr_learners_classif.qda.html:167:5: Warning: trimming empty <span>
    mlr_learners_classif.ranger.html:113:5: Warning: missing </span> before </li>
    mlr_learners_classif.ranger.html:114:5: Warning: inserting implicit <span>
    mlr_learners_classif.ranger.html:114:5: Warning: missing </span> before </li>
    mlr_learners_classif.ranger.html:115:5: Warning: inserting implicit <span>
    mlr_learners_classif.ranger.html:115:5: Warning: missing </span> before </li>
    mlr_learners_classif.ranger.html:116:5: Warning: inserting implicit <span>
    mlr_learners_classif.ranger.html:116:5: Warning: missing </span> before </li>
    mlr_learners_classif.ranger.html:117:5: Warning: inserting implicit <span>
    mlr_learners_classif.ranger.html:117:5: Warning: missing </span> before </li>
    mlr_learners_classif.ranger.html:118:5: Warning: inserting implicit <span>
    mlr_learners_classif.ranger.html:118:5: Warning: missing </span> before </li>
    mlr_learners_classif.ranger.html:119:5: Warning: inserting implicit <span>
    mlr_learners_classif.ranger.html:119:5: Warning: missing </span> before </li>
    mlr_learners_classif.ranger.html:120:5: Warning: inserting implicit <span>
    mlr_learners_classif.ranger.html:120:5: Warning: missing </span> before </li>
    mlr_learners_classif.ranger.html:125:1: Warning: inserting implicit <span>
    mlr_learners_classif.ranger.html:125:1: Warning: missing </span> before <h4>
    mlr_learners_classif.ranger.html:129:5: Warning: inserting implicit <span>
    mlr_learners_classif.ranger.html:131:4: Warning: inserting implicit <span>
    mlr_learners_classif.ranger.html:135:1: Warning: inserting implicit <span>
    mlr_learners_classif.ranger.html:135:1: Warning: missing </span> before <h5>
    mlr_learners_classif.ranger.html:135:5: Warning: inserting implicit <span>
    mlr_learners_classif.ranger.html:137:16: Warning: inserting implicit <span>
    mlr_learners_classif.ranger.html:137:16: Warning: missing </span> before <pre>
    mlr_learners_classif.ranger.html:141:1: Warning: inserting implicit <span>
    mlr_learners_classif.ranger.html:141:1: Warning: missing </span> before <h4>
    mlr_learners_classif.ranger.html:145:5: Warning: inserting implicit <span>
    mlr_learners_classif.ranger.html:147:4: Warning: inserting implicit <span>
    mlr_learners_classif.ranger.html:153:1: Warning: inserting implicit <span>
    mlr_learners_classif.ranger.html:153:1: Warning: missing </span> before <h5>
    mlr_learners_classif.ranger.html:153:5: Warning: inserting implicit <span>
    mlr_learners_classif.ranger.html:155:16: Warning: inserting implicit <span>
    mlr_learners_classif.ranger.html:155:16: Warning: missing </span> before <pre>
    mlr_learners_classif.ranger.html:159:5: Warning: inserting implicit <span>
    mlr_learners_classif.ranger.html:161:4: Warning: inserting implicit <span>
    mlr_learners_classif.ranger.html:165:1: Warning: inserting implicit <span>
    mlr_learners_classif.ranger.html:165:1: Warning: missing </span> before <hr>
    mlr_learners_classif.ranger.html:166:1: Warning: inserting implicit <span>
    mlr_learners_classif.ranger.html:166:1: Warning: missing </span> before <h4>
    mlr_learners_classif.ranger.html:170:5: Warning: inserting implicit <span>
    mlr_learners_classif.ranger.html:172:4: Warning: inserting implicit <span>
    mlr_learners_classif.ranger.html:176:1: Warning: inserting implicit <span>
    mlr_learners_classif.ranger.html:176:1: Warning: missing </span> before <h5>
    mlr_learners_classif.ranger.html:176:5: Warning: inserting implicit <span>
    mlr_learners_classif.ranger.html:178:16: Warning: inserting implicit <span>
    mlr_learners_classif.ranger.html:178:16: Warning: missing </span> before <pre>
    mlr_learners_classif.ranger.html:182:5: Warning: inserting implicit <span>
    mlr_learners_classif.ranger.html:184:4: Warning: inserting implicit <span>
    mlr_learners_classif.ranger.html:188:1: Warning: inserting implicit <span>
    mlr_learners_classif.ranger.html:188:1: Warning: missing </span> before <hr>
    mlr_learners_classif.ranger.html:189:1: Warning: inserting implicit <span>
    mlr_learners_classif.ranger.html:189:1: Warning: missing </span> before <h4>
    mlr_learners_classif.ranger.html:193:5: Warning: inserting implicit <span>
    mlr_learners_classif.ranger.html:195:4: Warning: inserting implicit <span>
    mlr_learners_classif.ranger.html:199:1: Warning: inserting implicit <span>
    mlr_learners_classif.ranger.html:199:1: Warning: missing </span> before <h5>
    mlr_learners_classif.ranger.html:199:5: Warning: inserting implicit <span>
    mlr_learners_classif.ranger.html:201:16: Warning: inserting implicit <span>
    mlr_learners_classif.ranger.html:201:16: Warning: missing </span> before <pre>
    mlr_learners_classif.ranger.html:205:5: Warning: inserting implicit <span>
    mlr_learners_classif.ranger.html:208:1: Warning: inserting implicit <span>
    mlr_learners_classif.ranger.html:208:1: Warning: missing </span> before <dl>
    mlr_learners_classif.ranger.html:210:5: Warning: inserting implicit <span>
    mlr_learners_classif.ranger.html:210:31: Warning: inserting implicit <span>
    mlr_learners_classif.ranger.html:210:31: Warning: missing </span> before <p>
    mlr_learners_classif.ranger.html:210:34: Warning: inserting implicit <span>
    mlr_learners_classif.ranger.html:219:5: Warning: inserting implicit <span>
    mlr_learners_classif.ranger.html:221:4: Warning: inserting implicit <span>
    mlr_learners_classif.ranger.html:226:1: Warning: inserting implicit <span>
    mlr_learners_classif.ranger.html:226:1: Warning: missing </span> before <p>
    mlr_learners_classif.ranger.html:226:4: Warning: inserting implicit <span>
    mlr_learners_classif.ranger.html:233:1: Warning: inserting implicit <span>
    mlr_learners_classif.ranger.html:233:1: Warning: missing </span> before <h3>
    mlr_learners_classif.ranger.html:233:5: Warning: inserting implicit <span>
    mlr_learners_classif.ranger.html:237:5: Warning: inserting implicit <span>
    mlr_learners_classif.ranger.html:237:5: Warning: missing </span> before <p>
    mlr_learners_classif.ranger.html:237:8: Warning: inserting implicit <span>
    mlr_learners_classif.ranger.html:240:1: Warning: inserting implicit <span>
    mlr_learners_classif.ranger.html:241:5: Warning: inserting implicit <span>
    mlr_learners_classif.ranger.html:241:5: Warning: missing </span> before <p>
    mlr_learners_classif.ranger.html:241:8: Warning: inserting implicit <span>
    mlr_learners_classif.ranger.html:243:1: Warning: inserting implicit <span>
    mlr_learners_classif.ranger.html:244:5: Warning: inserting implicit <span>
    mlr_learners_classif.ranger.html:244:5: Warning: missing </span> before <p>
    mlr_learners_classif.ranger.html:244:9: Warning: inserting implicit <span>
    mlr_learners_classif.ranger.html:246:1: Warning: inserting implicit <span>
    mlr_learners_classif.ranger.html:247:5: Warning: inserting implicit <span>
    mlr_learners_classif.ranger.html:247:5: Warning: missing </span> before <p>
    mlr_learners_classif.ranger.html:247:9: Warning: inserting implicit <span>
    mlr_learners_classif.ranger.html:249:1: Warning: inserting implicit <span>
    mlr_learners_classif.ranger.html:250:5: Warning: inserting implicit <span>
    mlr_learners_classif.ranger.html:250:5: Warning: missing </span> before <p>
    mlr_learners_classif.ranger.html:250:9: Warning: inserting implicit <span>
    mlr_learners_classif.ranger.html:135:1: Warning: trimming empty <span>
    mlr_learners_classif.ranger.html:137:16: Warning: trimming empty <span>
    mlr_learners_classif.ranger.html:153:1: Warning: trimming empty <span>
    mlr_learners_classif.ranger.html:155:16: Warning: trimming empty <span>
    mlr_learners_classif.ranger.html:165:1: Warning: trimming empty <span>
    mlr_learners_classif.ranger.html:176:1: Warning: trimming empty <span>
    mlr_learners_classif.ranger.html:178:16: Warning: trimming empty <span>
    mlr_learners_classif.ranger.html:188:1: Warning: trimming empty <span>
    mlr_learners_classif.ranger.html:199:1: Warning: trimming empty <span>
    mlr_learners_classif.ranger.html:201:16: Warning: trimming empty <span>
    mlr_learners_classif.ranger.html:208:1: Warning: trimming empty <span>
    mlr_learners_classif.ranger.html:210:31: Warning: trimming empty <span>
    mlr_learners_classif.ranger.html:226:1: Warning: trimming empty <span>
    mlr_learners_classif.ranger.html:233:1: Warning: trimming empty <span>
    mlr_learners_classif.ranger.html:237:5: Warning: trimming empty <span>
    mlr_learners_classif.ranger.html:240:1: Warning: trimming empty <span>
    mlr_learners_classif.ranger.html:241:5: Warning: trimming empty <span>
    mlr_learners_classif.ranger.html:243:1: Warning: trimming empty <span>
    mlr_learners_classif.ranger.html:244:5: Warning: trimming empty <span>
    mlr_learners_classif.ranger.html:246:1: Warning: trimming empty <span>
    mlr_learners_classif.ranger.html:247:5: Warning: trimming empty <span>
    mlr_learners_classif.ranger.html:249:1: Warning: trimming empty <span>
    mlr_learners_classif.ranger.html:250:5: Warning: trimming empty <span>
    mlr_learners_classif.svm.html:74:5: Warning: missing </span> before </li>
    mlr_learners_classif.svm.html:75:5: Warning: inserting implicit <span>
    mlr_learners_classif.svm.html:75:5: Warning: missing </span> before </li>
    mlr_learners_classif.svm.html:76:5: Warning: inserting implicit <span>
    mlr_learners_classif.svm.html:76:5: Warning: missing </span> before </li>
    mlr_learners_classif.svm.html:77:5: Warning: inserting implicit <span>
    mlr_learners_classif.svm.html:77:5: Warning: missing </span> before </li>
    mlr_learners_classif.svm.html:78:5: Warning: inserting implicit <span>
    mlr_learners_classif.svm.html:78:5: Warning: missing </span> before </li>
    mlr_learners_classif.svm.html:79:5: Warning: inserting implicit <span>
    mlr_learners_classif.svm.html:79:5: Warning: missing </span> before </li>
    mlr_learners_classif.svm.html:80:5: Warning: inserting implicit <span>
    mlr_learners_classif.svm.html:80:5: Warning: missing </span> before </li>
    mlr_learners_classif.svm.html:81:5: Warning: inserting implicit <span>
    mlr_learners_classif.svm.html:81:5: Warning: missing </span> before </li>
    mlr_learners_classif.svm.html:86:1: Warning: inserting implicit <span>
    mlr_learners_classif.svm.html:86:1: Warning: missing </span> before <h4>
    mlr_learners_classif.svm.html:90:5: Warning: inserting implicit <span>
    mlr_learners_classif.svm.html:92:4: Warning: inserting implicit <span>
    mlr_learners_classif.svm.html:96:1: Warning: inserting implicit <span>
    mlr_learners_classif.svm.html:96:1: Warning: missing </span> before <h5>
    mlr_learners_classif.svm.html:96:5: Warning: inserting implicit <span>
    mlr_learners_classif.svm.html:98:16: Warning: inserting implicit <span>
    mlr_learners_classif.svm.html:98:16: Warning: missing </span> before <pre>
    mlr_learners_classif.svm.html:102:1: Warning: inserting implicit <span>
    mlr_learners_classif.svm.html:102:1: Warning: missing </span> before <h4>
    mlr_learners_classif.svm.html:106:5: Warning: inserting implicit <span>
    mlr_learners_classif.svm.html:108:4: Warning: inserting implicit <span>
    mlr_learners_classif.svm.html:112:1: Warning: inserting implicit <span>
    mlr_learners_classif.svm.html:112:1: Warning: missing </span> before <h5>
    mlr_learners_classif.svm.html:112:5: Warning: inserting implicit <span>
    mlr_learners_classif.svm.html:114:16: Warning: inserting implicit <span>
    mlr_learners_classif.svm.html:114:16: Warning: missing </span> before <pre>
    mlr_learners_classif.svm.html:118:5: Warning: inserting implicit <span>
    mlr_learners_classif.svm.html:121:1: Warning: inserting implicit <span>
    mlr_learners_classif.svm.html:121:1: Warning: missing </span> before <dl>
    mlr_learners_classif.svm.html:123:5: Warning: inserting implicit <span>
    mlr_learners_classif.svm.html:123:31: Warning: inserting implicit <span>
    mlr_learners_classif.svm.html:123:31: Warning: missing </span> before <p>
    mlr_learners_classif.svm.html:123:34: Warning: inserting implicit <span>
    mlr_learners_classif.svm.html:132:5: Warning: inserting implicit <span>
    mlr_learners_classif.svm.html:134:4: Warning: inserting implicit <span>
    mlr_learners_classif.svm.html:141:1: Warning: inserting implicit <span>
    mlr_learners_classif.svm.html:141:1: Warning: missing </span> before <h3>
    mlr_learners_classif.svm.html:141:5: Warning: inserting implicit <span>
    mlr_learners_classif.svm.html:145:5: Warning: inserting implicit <span>
    mlr_learners_classif.svm.html:145:5: Warning: missing </span> before <p>
    mlr_learners_classif.svm.html:145:8: Warning: inserting implicit <span>
    mlr_learners_classif.svm.html:148:1: Warning: inserting implicit <span>
    mlr_learners_classif.svm.html:149:5: Warning: inserting implicit <span>
    mlr_learners_classif.svm.html:149:5: Warning: missing </span> before <p>
    mlr_learners_classif.svm.html:149:8: Warning: inserting implicit <span>
    mlr_learners_classif.svm.html:151:1: Warning: inserting implicit <span>
    mlr_learners_classif.svm.html:152:5: Warning: inserting implicit <span>
    mlr_learners_classif.svm.html:152:5: Warning: missing </span> before <p>
    mlr_learners_classif.svm.html:152:9: Warning: inserting implicit <span>
    mlr_learners_classif.svm.html:154:1: Warning: inserting implicit <span>
    mlr_learners_classif.svm.html:155:5: Warning: inserting implicit <span>
    mlr_learners_classif.svm.html:155:5: Warning: missing </span> before <p>
    mlr_learners_classif.svm.html:155:9: Warning: inserting implicit <span>
    mlr_learners_classif.svm.html:157:1: Warning: inserting implicit <span>
    mlr_learners_classif.svm.html:158:5: Warning: inserting implicit <span>
    mlr_learners_classif.svm.html:158:5: Warning: missing </span> before <p>
    mlr_learners_classif.svm.html:158:9: Warning: inserting implicit <span>
    mlr_learners_classif.svm.html:96:1: Warning: trimming empty <span>
    mlr_learners_classif.svm.html:98:16: Warning: trimming empty <span>
    mlr_learners_classif.svm.html:112:1: Warning: trimming empty <span>
    mlr_learners_classif.svm.html:114:16: Warning: trimming empty <span>
    mlr_learners_classif.svm.html:121:1: Warning: trimming empty <span>
    mlr_learners_classif.svm.html:123:31: Warning: trimming empty <span>
    mlr_learners_classif.svm.html:141:1: Warning: trimming empty <span>
    mlr_learners_classif.svm.html:145:5: Warning: trimming empty <span>
    mlr_learners_classif.svm.html:148:1: Warning: trimming empty <span>
    mlr_learners_classif.svm.html:149:5: Warning: trimming empty <span>
    mlr_learners_classif.svm.html:151:1: Warning: trimming empty <span>
    mlr_learners_classif.svm.html:152:5: Warning: trimming empty <span>
    mlr_learners_classif.svm.html:154:1: Warning: trimming empty <span>
    mlr_learners_classif.svm.html:155:5: Warning: trimming empty <span>
    mlr_learners_classif.svm.html:157:1: Warning: trimming empty <span>
    mlr_learners_classif.svm.html:158:5: Warning: trimming empty <span>
    mlr_learners_classif.xgboost.html:135:5: Warning: missing </span> before </li>
    mlr_learners_classif.xgboost.html:136:5: Warning: inserting implicit <span>
    mlr_learners_classif.xgboost.html:136:5: Warning: missing </span> before </li>
    mlr_learners_classif.xgboost.html:137:5: Warning: inserting implicit <span>
    mlr_learners_classif.xgboost.html:137:5: Warning: missing </span> before </li>
    mlr_learners_classif.xgboost.html:138:5: Warning: inserting implicit <span>
    mlr_learners_classif.xgboost.html:138:5: Warning: missing </span> before </li>
    mlr_learners_classif.xgboost.html:139:5: Warning: inserting implicit <span>
    mlr_learners_classif.xgboost.html:139:5: Warning: missing </span> before </li>
    mlr_learners_classif.xgboost.html:140:5: Warning: inserting implicit <span>
    mlr_learners_classif.xgboost.html:140:5: Warning: missing </span> before </li>
    mlr_learners_classif.xgboost.html:141:5: Warning: inserting implicit <span>
    mlr_learners_classif.xgboost.html:141:5: Warning: missing </span> before </li>
    mlr_learners_classif.xgboost.html:142:5: Warning: inserting implicit <span>
    mlr_learners_classif.xgboost.html:142:5: Warning: missing </span> before </li>
    mlr_learners_classif.xgboost.html:147:1: Warning: inserting implicit <span>
    mlr_learners_classif.xgboost.html:147:1: Warning: missing </span> before <h4>
    mlr_learners_classif.xgboost.html:151:5: Warning: inserting implicit <span>
    mlr_learners_classif.xgboost.html:153:4: Warning: inserting implicit <span>
    mlr_learners_classif.xgboost.html:157:1: Warning: inserting implicit <span>
    mlr_learners_classif.xgboost.html:157:1: Warning: missing </span> before <h5>
    mlr_learners_classif.xgboost.html:157:5: Warning: inserting implicit <span>
    mlr_learners_classif.xgboost.html:159:16: Warning: inserting implicit <span>
    mlr_learners_classif.xgboost.html:159:16: Warning: missing </span> before <pre>
    mlr_learners_classif.xgboost.html:163:1: Warning: inserting implicit <span>
    mlr_learners_classif.xgboost.html:163:1: Warning: missing </span> before <h4>
    mlr_learners_classif.xgboost.html:167:5: Warning: inserting implicit <span>
    mlr_learners_classif.xgboost.html:169:4: Warning: inserting implicit <span>
    mlr_learners_classif.xgboost.html:173:1: Warning: inserting implicit <span>
    mlr_learners_classif.xgboost.html:173:1: Warning: missing </span> before <h5>
    mlr_learners_classif.xgboost.html:173:5: Warning: inserting implicit <span>
    mlr_learners_classif.xgboost.html:175:16: Warning: inserting implicit <span>
    mlr_learners_classif.xgboost.html:175:16: Warning: missing </span> before <pre>
    mlr_learners_classif.xgboost.html:179:5: Warning: inserting implicit <span>
    mlr_learners_classif.xgboost.html:181:4: Warning: inserting implicit <span>
    mlr_learners_classif.xgboost.html:185:1: Warning: inserting implicit <span>
    mlr_learners_classif.xgboost.html:185:1: Warning: missing </span> before <hr>
    mlr_learners_classif.xgboost.html:186:1: Warning: inserting implicit <span>
    mlr_learners_classif.xgboost.html:186:1: Warning: missing </span> before <h4>
    mlr_learners_classif.xgboost.html:190:5: Warning: inserting implicit <span>
    mlr_learners_classif.xgboost.html:192:4: Warning: inserting implicit <span>
    mlr_learners_classif.xgboost.html:196:1: Warning: inserting implicit <span>
    mlr_learners_classif.xgboost.html:196:1: Warning: missing </span> before <h5>
    mlr_learners_classif.xgboost.html:196:5: Warning: inserting implicit <span>
    mlr_learners_classif.xgboost.html:198:16: Warning: inserting implicit <span>
    mlr_learners_classif.xgboost.html:198:16: Warning: missing </span> before <pre>
    mlr_learners_classif.xgboost.html:202:5: Warning: inserting implicit <span>
    mlr_learners_classif.xgboost.html:205:1: Warning: inserting implicit <span>
    mlr_learners_classif.xgboost.html:205:1: Warning: missing </span> before <dl>
    mlr_learners_classif.xgboost.html:207:5: Warning: inserting implicit <span>
    mlr_learners_classif.xgboost.html:207:31: Warning: inserting implicit <span>
    mlr_learners_classif.xgboost.html:207:31: Warning: missing </span> before <p>
    mlr_learners_classif.xgboost.html:207:34: Warning: inserting implicit <span>
    mlr_learners_classif.xgboost.html:216:5: Warning: inserting implicit <span>
    mlr_learners_classif.xgboost.html:218:4: Warning: inserting implicit <span>
    mlr_learners_classif.xgboost.html:157:1: Warning: trimming empty <span>
    mlr_learners_classif.xgboost.html:159:16: Warning: trimming empty <span>
    mlr_learners_classif.xgboost.html:173:1: Warning: trimming empty <span>
    mlr_learners_classif.xgboost.html:175:16: Warning: trimming empty <span>
    mlr_learners_classif.xgboost.html:185:1: Warning: trimming empty <span>
    mlr_learners_classif.xgboost.html:196:1: Warning: trimming empty <span>
    mlr_learners_classif.xgboost.html:198:16: Warning: trimming empty <span>
    mlr_learners_classif.xgboost.html:205:1: Warning: trimming empty <span>
    mlr_learners_classif.xgboost.html:207:31: Warning: trimming empty <span>
    mlr_learners_regr.cv_glmnet.html:79:5: Warning: missing </span> before </li>
    mlr_learners_regr.cv_glmnet.html:80:5: Warning: inserting implicit <span>
    mlr_learners_regr.cv_glmnet.html:80:5: Warning: missing </span> before </li>
    mlr_learners_regr.cv_glmnet.html:81:5: Warning: inserting implicit <span>
    mlr_learners_regr.cv_glmnet.html:81:5: Warning: missing </span> before </li>
    mlr_learners_regr.cv_glmnet.html:82:5: Warning: inserting implicit <span>
    mlr_learners_regr.cv_glmnet.html:82:5: Warning: missing </span> before </li>
    mlr_learners_regr.cv_glmnet.html:83:5: Warning: inserting implicit <span>
    mlr_learners_regr.cv_glmnet.html:83:5: Warning: missing </span> before </li>
    mlr_learners_regr.cv_glmnet.html:84:5: Warning: inserting implicit <span>
    mlr_learners_regr.cv_glmnet.html:84:5: Warning: missing </span> before </li>
    mlr_learners_regr.cv_glmnet.html:85:5: Warning: inserting implicit <span>
    mlr_learners_regr.cv_glmnet.html:85:5: Warning: missing </span> before </li>
    mlr_learners_regr.cv_glmnet.html:86:5: Warning: inserting implicit <span>
    mlr_learners_regr.cv_glmnet.html:86:5: Warning: missing </span> before </li>
    mlr_learners_regr.cv_glmnet.html:91:1: Warning: inserting implicit <span>
    mlr_learners_regr.cv_glmnet.html:91:1: Warning: missing </span> before <h4>
    mlr_learners_regr.cv_glmnet.html:95:5: Warning: inserting implicit <span>
    mlr_learners_regr.cv_glmnet.html:97:4: Warning: inserting implicit <span>
    mlr_learners_regr.cv_glmnet.html:101:1: Warning: inserting implicit <span>
    mlr_learners_regr.cv_glmnet.html:101:1: Warning: missing </span> before <h5>
    mlr_learners_regr.cv_glmnet.html:101:5: Warning: inserting implicit <span>
    mlr_learners_regr.cv_glmnet.html:103:16: Warning: inserting implicit <span>
    mlr_learners_regr.cv_glmnet.html:103:16: Warning: missing </span> before <pre>
    mlr_learners_regr.cv_glmnet.html:107:1: Warning: inserting implicit <span>
    mlr_learners_regr.cv_glmnet.html:107:1: Warning: missing </span> before <h4>
    mlr_learners_regr.cv_glmnet.html:111:5: Warning: inserting implicit <span>
    mlr_learners_regr.cv_glmnet.html:113:4: Warning: inserting implicit <span>
    mlr_learners_regr.cv_glmnet.html:118:1: Warning: inserting implicit <span>
    mlr_learners_regr.cv_glmnet.html:118:1: Warning: missing </span> before <h5>
    mlr_learners_regr.cv_glmnet.html:118:5: Warning: inserting implicit <span>
    mlr_learners_regr.cv_glmnet.html:120:16: Warning: inserting implicit <span>
    mlr_learners_regr.cv_glmnet.html:120:16: Warning: missing </span> before <pre>
    mlr_learners_regr.cv_glmnet.html:124:5: Warning: inserting implicit <span>
    mlr_learners_regr.cv_glmnet.html:127:1: Warning: inserting implicit <span>
    mlr_learners_regr.cv_glmnet.html:127:1: Warning: missing </span> before <dl>
    mlr_learners_regr.cv_glmnet.html:129:5: Warning: inserting implicit <span>
    mlr_learners_regr.cv_glmnet.html:129:33: Warning: inserting implicit <span>
    mlr_learners_regr.cv_glmnet.html:129:33: Warning: missing </span> before <p>
    mlr_learners_regr.cv_glmnet.html:129:36: Warning: inserting implicit <span>
    mlr_learners_regr.cv_glmnet.html:138:5: Warning: inserting implicit <span>
    mlr_learners_regr.cv_glmnet.html:140:4: Warning: inserting implicit <span>
    mlr_learners_regr.cv_glmnet.html:144:1: Warning: inserting implicit <span>
    mlr_learners_regr.cv_glmnet.html:144:1: Warning: missing </span> before <hr>
    mlr_learners_regr.cv_glmnet.html:145:1: Warning: inserting implicit <span>
    mlr_learners_regr.cv_glmnet.html:145:1: Warning: missing </span> before <h4>
    mlr_learners_regr.cv_glmnet.html:149:5: Warning: inserting implicit <span>
    mlr_learners_regr.cv_glmnet.html:151:4: Warning: inserting implicit <span>
    mlr_learners_regr.cv_glmnet.html:155:1: Warning: inserting implicit <span>
    mlr_learners_regr.cv_glmnet.html:155:1: Warning: missing </span> before <h5>
    mlr_learners_regr.cv_glmnet.html:155:5: Warning: inserting implicit <span>
    mlr_learners_regr.cv_glmnet.html:157:16: Warning: inserting implicit <span>
    mlr_learners_regr.cv_glmnet.html:157:16: Warning: missing </span> before <pre>
    mlr_learners_regr.cv_glmnet.html:161:5: Warning: inserting implicit <span>
    mlr_learners_regr.cv_glmnet.html:164:1: Warning: inserting implicit <span>
    mlr_learners_regr.cv_glmnet.html:164:1: Warning: missing </span> before <dl>
    mlr_learners_regr.cv_glmnet.html:166:5: Warning: inserting implicit <span>
    mlr_learners_regr.cv_glmnet.html:166:31: Warning: inserting implicit <span>
    mlr_learners_regr.cv_glmnet.html:166:31: Warning: missing </span> before <p>
    mlr_learners_regr.cv_glmnet.html:166:34: Warning: inserting implicit <span>
    mlr_learners_regr.cv_glmnet.html:175:5: Warning: inserting implicit <span>
    mlr_learners_regr.cv_glmnet.html:177:4: Warning: inserting implicit <span>
    mlr_learners_regr.cv_glmnet.html:184:1: Warning: inserting implicit <span>
    mlr_learners_regr.cv_glmnet.html:184:1: Warning: missing </span> before <h3>
    mlr_learners_regr.cv_glmnet.html:184:5: Warning: inserting implicit <span>
    mlr_learners_regr.cv_glmnet.html:188:5: Warning: inserting implicit <span>
    mlr_learners_regr.cv_glmnet.html:188:5: Warning: missing </span> before <p>
    mlr_learners_regr.cv_glmnet.html:188:8: Warning: inserting implicit <span>
    mlr_learners_regr.cv_glmnet.html:191:1: Warning: inserting implicit <span>
    mlr_learners_regr.cv_glmnet.html:192:5: Warning: inserting implicit <span>
    mlr_learners_regr.cv_glmnet.html:192:5: Warning: missing </span> before <p>
    mlr_learners_regr.cv_glmnet.html:192:8: Warning: inserting implicit <span>
    mlr_learners_regr.cv_glmnet.html:194:1: Warning: inserting implicit <span>
    mlr_learners_regr.cv_glmnet.html:195:5: Warning: inserting implicit <span>
    mlr_learners_regr.cv_glmnet.html:195:5: Warning: missing </span> before <p>
    mlr_learners_regr.cv_glmnet.html:195:9: Warning: inserting implicit <span>
    mlr_learners_regr.cv_glmnet.html:197:1: Warning: inserting implicit <span>
    mlr_learners_regr.cv_glmnet.html:198:5: Warning: inserting implicit <span>
    mlr_learners_regr.cv_glmnet.html:198:5: Warning: missing </span> before <p>
    mlr_learners_regr.cv_glmnet.html:198:9: Warning: inserting implicit <span>
    mlr_learners_regr.cv_glmnet.html:200:1: Warning: inserting implicit <span>
    mlr_learners_regr.cv_glmnet.html:201:5: Warning: inserting implicit <span>
    mlr_learners_regr.cv_glmnet.html:201:5: Warning: missing </span> before <p>
    mlr_learners_regr.cv_glmnet.html:201:9: Warning: inserting implicit <span>
    mlr_learners_regr.cv_glmnet.html:101:1: Warning: trimming empty <span>
    mlr_learners_regr.cv_glmnet.html:103:16: Warning: trimming empty <span>
    mlr_learners_regr.cv_glmnet.html:118:1: Warning: trimming empty <span>
    mlr_learners_regr.cv_glmnet.html:120:16: Warning: trimming empty <span>
    mlr_learners_regr.cv_glmnet.html:127:1: Warning: trimming empty <span>
    mlr_learners_regr.cv_glmnet.html:129:33: Warning: trimming empty <span>
    mlr_learners_regr.cv_glmnet.html:144:1: Warning: trimming empty <span>
    mlr_learners_regr.cv_glmnet.html:155:1: Warning: trimming empty <span>
    mlr_learners_regr.cv_glmnet.html:157:16: Warning: trimming empty <span>
    mlr_learners_regr.cv_glmnet.html:164:1: Warning: trimming empty <span>
    mlr_learners_regr.cv_glmnet.html:166:31: Warning: trimming empty <span>
    mlr_learners_regr.cv_glmnet.html:184:1: Warning: trimming empty <span>
    mlr_learners_regr.cv_glmnet.html:188:5: Warning: trimming empty <span>
    mlr_learners_regr.cv_glmnet.html:191:1: Warning: trimming empty <span>
    mlr_learners_regr.cv_glmnet.html:192:5: Warning: trimming empty <span>
    mlr_learners_regr.cv_glmnet.html:194:1: Warning: trimming empty <span>
    mlr_learners_regr.cv_glmnet.html:195:5: Warning: trimming empty <span>
    mlr_learners_regr.cv_glmnet.html:197:1: Warning: trimming empty <span>
    mlr_learners_regr.cv_glmnet.html:198:5: Warning: trimming empty <span>
    mlr_learners_regr.cv_glmnet.html:200:1: Warning: trimming empty <span>
    mlr_learners_regr.cv_glmnet.html:201:5: Warning: trimming empty <span>
    mlr_learners_regr.glmnet.html:100:5: Warning: missing </span> before </li>
    mlr_learners_regr.glmnet.html:101:5: Warning: inserting implicit <span>
    mlr_learners_regr.glmnet.html:101:5: Warning: missing </span> before </li>
    mlr_learners_regr.glmnet.html:102:5: Warning: inserting implicit <span>
    mlr_learners_regr.glmnet.html:102:5: Warning: missing </span> before </li>
    mlr_learners_regr.glmnet.html:103:5: Warning: inserting implicit <span>
    mlr_learners_regr.glmnet.html:103:5: Warning: missing </span> before </li>
    mlr_learners_regr.glmnet.html:104:5: Warning: inserting implicit <span>
    mlr_learners_regr.glmnet.html:104:5: Warning: missing </span> before </li>
    mlr_learners_regr.glmnet.html:105:5: Warning: inserting implicit <span>
    mlr_learners_regr.glmnet.html:105:5: Warning: missing </span> before </li>
    mlr_learners_regr.glmnet.html:106:5: Warning: inserting implicit <span>
    mlr_learners_regr.glmnet.html:106:5: Warning: missing </span> before </li>
    mlr_learners_regr.glmnet.html:107:5: Warning: inserting implicit <span>
    mlr_learners_regr.glmnet.html:107:5: Warning: missing </span> before </li>
    mlr_learners_regr.glmnet.html:112:1: Warning: inserting implicit <span>
    mlr_learners_regr.glmnet.html:112:1: Warning: missing </span> before <h4>
    mlr_learners_regr.glmnet.html:116:5: Warning: inserting implicit <span>
    mlr_learners_regr.glmnet.html:118:4: Warning: inserting implicit <span>
    mlr_learners_regr.glmnet.html:122:1: Warning: inserting implicit <span>
    mlr_learners_regr.glmnet.html:122:1: Warning: missing </span> before <h5>
    mlr_learners_regr.glmnet.html:122:5: Warning: inserting implicit <span>
    mlr_learners_regr.glmnet.html:124:16: Warning: inserting implicit <span>
    mlr_learners_regr.glmnet.html:124:16: Warning: missing </span> before <pre>
    mlr_learners_regr.glmnet.html:128:1: Warning: inserting implicit <span>
    mlr_learners_regr.glmnet.html:128:1: Warning: missing </span> before <h4>
    mlr_learners_regr.glmnet.html:132:5: Warning: inserting implicit <span>
    mlr_learners_regr.glmnet.html:134:4: Warning: inserting implicit <span>
    mlr_learners_regr.glmnet.html:139:1: Warning: inserting implicit <span>
    mlr_learners_regr.glmnet.html:139:1: Warning: missing </span> before <h5>
    mlr_learners_regr.glmnet.html:139:5: Warning: inserting implicit <span>
    mlr_learners_regr.glmnet.html:141:16: Warning: inserting implicit <span>
    mlr_learners_regr.glmnet.html:141:16: Warning: missing </span> before <pre>
    mlr_learners_regr.glmnet.html:145:5: Warning: inserting implicit <span>
    mlr_learners_regr.glmnet.html:148:1: Warning: inserting implicit <span>
    mlr_learners_regr.glmnet.html:148:1: Warning: missing </span> before <dl>
    mlr_learners_regr.glmnet.html:150:5: Warning: inserting implicit <span>
    mlr_learners_regr.glmnet.html:150:33: Warning: inserting implicit <span>
    mlr_learners_regr.glmnet.html:150:33: Warning: missing </span> before <p>
    mlr_learners_regr.glmnet.html:150:36: Warning: inserting implicit <span>
    mlr_learners_regr.glmnet.html:159:5: Warning: inserting implicit <span>
    mlr_learners_regr.glmnet.html:161:4: Warning: inserting implicit <span>
    mlr_learners_regr.glmnet.html:165:1: Warning: inserting implicit <span>
    mlr_learners_regr.glmnet.html:165:1: Warning: missing </span> before <hr>
    mlr_learners_regr.glmnet.html:166:1: Warning: inserting implicit <span>
    mlr_learners_regr.glmnet.html:166:1: Warning: missing </span> before <h4>
    mlr_learners_regr.glmnet.html:170:5: Warning: inserting implicit <span>
    mlr_learners_regr.glmnet.html:172:4: Warning: inserting implicit <span>
    mlr_learners_regr.glmnet.html:176:1: Warning: inserting implicit <span>
    mlr_learners_regr.glmnet.html:176:1: Warning: missing </span> before <h5>
    mlr_learners_regr.glmnet.html:176:5: Warning: inserting implicit <span>
    mlr_learners_regr.glmnet.html:178:16: Warning: inserting implicit <span>
    mlr_learners_regr.glmnet.html:178:16: Warning: missing </span> before <pre>
    mlr_learners_regr.glmnet.html:182:5: Warning: inserting implicit <span>
    mlr_learners_regr.glmnet.html:185:1: Warning: inserting implicit <span>
    mlr_learners_regr.glmnet.html:185:1: Warning: missing </span> before <dl>
    mlr_learners_regr.glmnet.html:187:5: Warning: inserting implicit <span>
    mlr_learners_regr.glmnet.html:187:31: Warning: inserting implicit <span>
    mlr_learners_regr.glmnet.html:187:31: Warning: missing </span> before <p>
    mlr_learners_regr.glmnet.html:187:34: Warning: inserting implicit <span>
    mlr_learners_regr.glmnet.html:196:5: Warning: inserting implicit <span>
    mlr_learners_regr.glmnet.html:198:4: Warning: inserting implicit <span>
    mlr_learners_regr.glmnet.html:205:1: Warning: inserting implicit <span>
    mlr_learners_regr.glmnet.html:205:1: Warning: missing </span> before <h3>
    mlr_learners_regr.glmnet.html:205:5: Warning: inserting implicit <span>
    mlr_learners_regr.glmnet.html:209:5: Warning: inserting implicit <span>
    mlr_learners_regr.glmnet.html:209:5: Warning: missing </span> before <p>
    mlr_learners_regr.glmnet.html:209:8: Warning: inserting implicit <span>
    mlr_learners_regr.glmnet.html:212:1: Warning: inserting implicit <span>
    mlr_learners_regr.glmnet.html:213:5: Warning: inserting implicit <span>
    mlr_learners_regr.glmnet.html:213:5: Warning: missing </span> before <p>
    mlr_learners_regr.glmnet.html:213:8: Warning: inserting implicit <span>
    mlr_learners_regr.glmnet.html:215:1: Warning: inserting implicit <span>
    mlr_learners_regr.glmnet.html:216:5: Warning: inserting implicit <span>
    mlr_learners_regr.glmnet.html:216:5: Warning: missing </span> before <p>
    mlr_learners_regr.glmnet.html:216:9: Warning: inserting implicit <span>
    mlr_learners_regr.glmnet.html:218:1: Warning: inserting implicit <span>
    mlr_learners_regr.glmnet.html:219:5: Warning: inserting implicit <span>
    mlr_learners_regr.glmnet.html:219:5: Warning: missing </span> before <p>
    mlr_learners_regr.glmnet.html:219:9: Warning: inserting implicit <span>
    mlr_learners_regr.glmnet.html:221:1: Warning: inserting implicit <span>
    mlr_learners_regr.glmnet.html:222:5: Warning: inserting implicit <span>
    mlr_learners_regr.glmnet.html:222:5: Warning: missing </span> before <p>
    mlr_learners_regr.glmnet.html:222:9: Warning: inserting implicit <span>
    mlr_learners_regr.glmnet.html:122:1: Warning: trimming empty <span>
    mlr_learners_regr.glmnet.html:124:16: Warning: trimming empty <span>
    mlr_learners_regr.glmnet.html:139:1: Warning: trimming empty <span>
    mlr_learners_regr.glmnet.html:141:16: Warning: trimming empty <span>
    mlr_learners_regr.glmnet.html:148:1: Warning: trimming empty <span>
    mlr_learners_regr.glmnet.html:150:33: Warning: trimming empty <span>
    mlr_learners_regr.glmnet.html:165:1: Warning: trimming empty <span>
    mlr_learners_regr.glmnet.html:176:1: Warning: trimming empty <span>
    mlr_learners_regr.glmnet.html:178:16: Warning: trimming empty <span>
    mlr_learners_regr.glmnet.html:185:1: Warning: trimming empty <span>
    mlr_learners_regr.glmnet.html:187:31: Warning: trimming empty <span>
    mlr_learners_regr.glmnet.html:205:1: Warning: trimming empty <span>
    mlr_learners_regr.glmnet.html:209:5: Warning: trimming empty <span>
    mlr_learners_regr.glmnet.html:212:1: Warning: trimming empty <span>
    mlr_learners_regr.glmnet.html:213:5: Warning: trimming empty <span>
    mlr_learners_regr.glmnet.html:215:1: Warning: trimming empty <span>
    mlr_learners_regr.glmnet.html:216:5: Warning: trimming empty <span>
    mlr_learners_regr.glmnet.html:218:1: Warning: trimming empty <span>
    mlr_learners_regr.glmnet.html:219:5: Warning: trimming empty <span>
    mlr_learners_regr.glmnet.html:221:1: Warning: trimming empty <span>
    mlr_learners_regr.glmnet.html:222:5: Warning: trimming empty <span>
    mlr_learners_regr.kknn.html:90:5: Warning: missing </span> before </li>
    mlr_learners_regr.kknn.html:91:5: Warning: inserting implicit <span>
    mlr_learners_regr.kknn.html:91:5: Warning: missing </span> before </li>
    mlr_learners_regr.kknn.html:92:5: Warning: inserting implicit <span>
    mlr_learners_regr.kknn.html:92:5: Warning: missing </span> before </li>
    mlr_learners_regr.kknn.html:93:5: Warning: inserting implicit <span>
    mlr_learners_regr.kknn.html:93:5: Warning: missing </span> before </li>
    mlr_learners_regr.kknn.html:94:5: Warning: inserting implicit <span>
    mlr_learners_regr.kknn.html:94:5: Warning: missing </span> before </li>
    mlr_learners_regr.kknn.html:95:5: Warning: inserting implicit <span>
    mlr_learners_regr.kknn.html:95:5: Warning: missing </span> before </li>
    mlr_learners_regr.kknn.html:96:5: Warning: inserting implicit <span>
    mlr_learners_regr.kknn.html:96:5: Warning: missing </span> before </li>
    mlr_learners_regr.kknn.html:97:5: Warning: inserting implicit <span>
    mlr_learners_regr.kknn.html:97:5: Warning: missing </span> before </li>
    mlr_learners_regr.kknn.html:102:1: Warning: inserting implicit <span>
    mlr_learners_regr.kknn.html:102:1: Warning: missing </span> before <h4>
    mlr_learners_regr.kknn.html:106:5: Warning: inserting implicit <span>
    mlr_learners_regr.kknn.html:108:4: Warning: inserting implicit <span>
    mlr_learners_regr.kknn.html:112:1: Warning: inserting implicit <span>
    mlr_learners_regr.kknn.html:112:1: Warning: missing </span> before <h5>
    mlr_learners_regr.kknn.html:112:5: Warning: inserting implicit <span>
    mlr_learners_regr.kknn.html:114:16: Warning: inserting implicit <span>
    mlr_learners_regr.kknn.html:114:16: Warning: missing </span> before <pre>
    mlr_learners_regr.kknn.html:118:1: Warning: inserting implicit <span>
    mlr_learners_regr.kknn.html:118:1: Warning: missing </span> before <h4>
    mlr_learners_regr.kknn.html:122:5: Warning: inserting implicit <span>
    mlr_learners_regr.kknn.html:124:4: Warning: inserting implicit <span>
    mlr_learners_regr.kknn.html:128:1: Warning: inserting implicit <span>
    mlr_learners_regr.kknn.html:128:1: Warning: missing </span> before <h5>
    mlr_learners_regr.kknn.html:128:5: Warning: inserting implicit <span>
    mlr_learners_regr.kknn.html:130:16: Warning: inserting implicit <span>
    mlr_learners_regr.kknn.html:130:16: Warning: missing </span> before <pre>
    mlr_learners_regr.kknn.html:134:5: Warning: inserting implicit <span>
    mlr_learners_regr.kknn.html:137:1: Warning: inserting implicit <span>
    mlr_learners_regr.kknn.html:137:1: Warning: missing </span> before <dl>
    mlr_learners_regr.kknn.html:139:5: Warning: inserting implicit <span>
    mlr_learners_regr.kknn.html:139:31: Warning: inserting implicit <span>
    mlr_learners_regr.kknn.html:139:31: Warning: missing </span> before <p>
    mlr_learners_regr.kknn.html:139:34: Warning: inserting implicit <span>
    mlr_learners_regr.kknn.html:148:5: Warning: inserting implicit <span>
    mlr_learners_regr.kknn.html:150:4: Warning: inserting implicit <span>
    mlr_learners_regr.kknn.html:155:1: Warning: inserting implicit <span>
    mlr_learners_regr.kknn.html:155:1: Warning: missing </span> before <ul>
    mlr_learners_regr.kknn.html:156:5: Warning: inserting implicit <span>
    mlr_learners_regr.kknn.html:156:5: Warning: missing </span> before <p>
    mlr_learners_regr.kknn.html:156:9: Warning: inserting implicit <span>
    mlr_learners_regr.kknn.html:158:1: Warning: inserting implicit <span>
    mlr_learners_regr.kknn.html:159:5: Warning: inserting implicit <span>
    mlr_learners_regr.kknn.html:159:5: Warning: missing </span> before <p>
    mlr_learners_regr.kknn.html:159:9: Warning: inserting implicit <span>
    mlr_learners_regr.kknn.html:161:1: Warning: inserting implicit <span>
    mlr_learners_regr.kknn.html:162:5: Warning: inserting implicit <span>
    mlr_learners_regr.kknn.html:162:5: Warning: missing </span> before <p>
    mlr_learners_regr.kknn.html:162:9: Warning: inserting implicit <span>
    mlr_learners_regr.kknn.html:164:1: Warning: inserting implicit <span>
    mlr_learners_regr.kknn.html:165:5: Warning: inserting implicit <span>
    mlr_learners_regr.kknn.html:165:5: Warning: missing </span> before <p>
    mlr_learners_regr.kknn.html:165:9: Warning: inserting implicit <span>
    mlr_learners_regr.kknn.html:168:1: Warning: inserting implicit <span>
    mlr_learners_regr.kknn.html:172:5: Warning: inserting implicit <span>
    mlr_learners_regr.kknn.html:174:4: Warning: inserting implicit <span>
    mlr_learners_regr.kknn.html:179:1: Warning: inserting implicit <span>
    mlr_learners_regr.kknn.html:179:1: Warning: missing </span> before <p>
    mlr_learners_regr.kknn.html:179:4: Warning: inserting implicit <span>
    mlr_learners_regr.kknn.html:184:1: Warning: inserting implicit <span>
    mlr_learners_regr.kknn.html:184:1: Warning: missing </span> before <p>
    mlr_learners_regr.kknn.html:184:4: Warning: inserting implicit <span>
    mlr_learners_regr.kknn.html:191:1: Warning: inserting implicit <span>
    mlr_learners_regr.kknn.html:191:1: Warning: missing </span> before <h3>
    mlr_learners_regr.kknn.html:191:5: Warning: inserting implicit <span>
    mlr_learners_regr.kknn.html:195:5: Warning: inserting implicit <span>
    mlr_learners_regr.kknn.html:195:5: Warning: missing </span> before <p>
    mlr_learners_regr.kknn.html:195:8: Warning: inserting implicit <span>
    mlr_learners_regr.kknn.html:198:1: Warning: inserting implicit <span>
    mlr_learners_regr.kknn.html:199:5: Warning: inserting implicit <span>
    mlr_learners_regr.kknn.html:199:5: Warning: missing </span> before <p>
    mlr_learners_regr.kknn.html:199:8: Warning: inserting implicit <span>
    mlr_learners_regr.kknn.html:201:1: Warning: inserting implicit <span>
    mlr_learners_regr.kknn.html:202:5: Warning: inserting implicit <span>
    mlr_learners_regr.kknn.html:202:5: Warning: missing </span> before <p>
    mlr_learners_regr.kknn.html:202:9: Warning: inserting implicit <span>
    mlr_learners_regr.kknn.html:204:1: Warning: inserting implicit <span>
    mlr_learners_regr.kknn.html:205:5: Warning: inserting implicit <span>
    mlr_learners_regr.kknn.html:205:5: Warning: missing </span> before <p>
    mlr_learners_regr.kknn.html:205:9: Warning: inserting implicit <span>
    mlr_learners_regr.kknn.html:207:1: Warning: inserting implicit <span>
    mlr_learners_regr.kknn.html:208:5: Warning: inserting implicit <span>
    mlr_learners_regr.kknn.html:208:5: Warning: missing </span> before <p>
    mlr_learners_regr.kknn.html:208:9: Warning: inserting implicit <span>
    mlr_learners_regr.kknn.html:112:1: Warning: trimming empty <span>
    mlr_learners_regr.kknn.html:114:16: Warning: trimming empty <span>
    mlr_learners_regr.kknn.html:128:1: Warning: trimming empty <span>
    mlr_learners_regr.kknn.html:130:16: Warning: trimming empty <span>
    mlr_learners_regr.kknn.html:137:1: Warning: trimming empty <span>
    mlr_learners_regr.kknn.html:139:31: Warning: trimming empty <span>
    mlr_learners_regr.kknn.html:155:1: Warning: trimming empty <span>
    mlr_learners_regr.kknn.html:156:5: Warning: trimming empty <span>
    mlr_learners_regr.kknn.html:158:1: Warning: trimming empty <span>
    mlr_learners_regr.kknn.html:159:5: Warning: trimming empty <span>
    mlr_learners_regr.kknn.html:161:1: Warning: trimming empty <span>
    mlr_learners_regr.kknn.html:162:5: Warning: trimming empty <span>
    mlr_learners_regr.kknn.html:164:1: Warning: trimming empty <span>
    mlr_learners_regr.kknn.html:165:5: Warning: trimming empty <span>
    mlr_learners_regr.kknn.html:168:1: Warning: trimming empty <span>
    mlr_learners_regr.kknn.html:179:1: Warning: trimming empty <span>
    mlr_learners_regr.kknn.html:184:1: Warning: trimming empty <span>
    mlr_learners_regr.kknn.html:191:1: Warning: trimming empty <span>
    mlr_learners_regr.kknn.html:195:5: Warning: trimming empty <span>
    mlr_learners_regr.kknn.html:198:1: Warning: trimming empty <span>
    mlr_learners_regr.kknn.html:199:5: Warning: trimming empty <span>
    mlr_learners_regr.kknn.html:201:1: Warning: trimming empty <span>
    mlr_learners_regr.kknn.html:202:5: Warning: trimming empty <span>
    mlr_learners_regr.kknn.html:204:1: Warning: trimming empty <span>
    mlr_learners_regr.kknn.html:205:5: Warning: trimming empty <span>
    mlr_learners_regr.kknn.html:207:1: Warning: trimming empty <span>
    mlr_learners_regr.kknn.html:208:5: Warning: trimming empty <span>
    mlr_learners_regr.km.html:90:5: Warning: missing </span> before </li>
    mlr_learners_regr.km.html:91:5: Warning: inserting implicit <span>
    mlr_learners_regr.km.html:91:5: Warning: missing </span> before </li>
    mlr_learners_regr.km.html:92:5: Warning: inserting implicit <span>
    mlr_learners_regr.km.html:92:5: Warning: missing </span> before </li>
    mlr_learners_regr.km.html:93:5: Warning: inserting implicit <span>
    mlr_learners_regr.km.html:93:5: Warning: missing </span> before </li>
    mlr_learners_regr.km.html:94:5: Warning: inserting implicit <span>
    mlr_learners_regr.km.html:94:5: Warning: missing </span> before </li>
    mlr_learners_regr.km.html:95:5: Warning: inserting implicit <span>
    mlr_learners_regr.km.html:95:5: Warning: missing </span> before </li>
    mlr_learners_regr.km.html:96:5: Warning: inserting implicit <span>
    mlr_learners_regr.km.html:96:5: Warning: missing </span> before </li>
    mlr_learners_regr.km.html:97:5: Warning: inserting implicit <span>
    mlr_learners_regr.km.html:97:5: Warning: missing </span> before </li>
    mlr_learners_regr.km.html:102:1: Warning: inserting implicit <span>
    mlr_learners_regr.km.html:102:1: Warning: missing </span> before <h4>
    mlr_learners_regr.km.html:106:5: Warning: inserting implicit <span>
    mlr_learners_regr.km.html:108:4: Warning: inserting implicit <span>
    mlr_learners_regr.km.html:112:1: Warning: inserting implicit <span>
    mlr_learners_regr.km.html:112:1: Warning: missing </span> before <h5>
    mlr_learners_regr.km.html:112:5: Warning: inserting implicit <span>
    mlr_learners_regr.km.html:114:16: Warning: inserting implicit <span>
    mlr_learners_regr.km.html:114:16: Warning: missing </span> before <pre>
    mlr_learners_regr.km.html:118:1: Warning: inserting implicit <span>
    mlr_learners_regr.km.html:118:1: Warning: missing </span> before <h4>
    mlr_learners_regr.km.html:122:5: Warning: inserting implicit <span>
    mlr_learners_regr.km.html:124:4: Warning: inserting implicit <span>
    mlr_learners_regr.km.html:128:1: Warning: inserting implicit <span>
    mlr_learners_regr.km.html:128:1: Warning: missing </span> before <h5>
    mlr_learners_regr.km.html:128:5: Warning: inserting implicit <span>
    mlr_learners_regr.km.html:130:16: Warning: inserting implicit <span>
    mlr_learners_regr.km.html:130:16: Warning: missing </span> before <pre>
    mlr_learners_regr.km.html:134:5: Warning: inserting implicit <span>
    mlr_learners_regr.km.html:137:1: Warning: inserting implicit <span>
    mlr_learners_regr.km.html:137:1: Warning: missing </span> before <dl>
    mlr_learners_regr.km.html:139:5: Warning: inserting implicit <span>
    mlr_learners_regr.km.html:139:31: Warning: inserting implicit <span>
    mlr_learners_regr.km.html:139:31: Warning: missing </span> before <p>
    mlr_learners_regr.km.html:139:34: Warning: inserting implicit <span>
    mlr_learners_regr.km.html:148:5: Warning: inserting implicit <span>
    mlr_learners_regr.km.html:150:4: Warning: inserting implicit <span>
    mlr_learners_regr.km.html:157:1: Warning: inserting implicit <span>
    mlr_learners_regr.km.html:157:1: Warning: missing </span> before <h3>
    mlr_learners_regr.km.html:157:5: Warning: inserting implicit <span>
    mlr_learners_regr.km.html:161:5: Warning: inserting implicit <span>
    mlr_learners_regr.km.html:161:5: Warning: missing </span> before <p>
    mlr_learners_regr.km.html:161:8: Warning: inserting implicit <span>
    mlr_learners_regr.km.html:164:1: Warning: inserting implicit <span>
    mlr_learners_regr.km.html:165:5: Warning: inserting implicit <span>
    mlr_learners_regr.km.html:165:5: Warning: missing </span> before <p>
    mlr_learners_regr.km.html:165:8: Warning: inserting implicit <span>
    mlr_learners_regr.km.html:167:1: Warning: inserting implicit <span>
    mlr_learners_regr.km.html:168:5: Warning: inserting implicit <span>
    mlr_learners_regr.km.html:168:5: Warning: missing </span> before <p>
    mlr_learners_regr.km.html:168:9: Warning: inserting implicit <span>
    mlr_learners_regr.km.html:170:1: Warning: inserting implicit <span>
    mlr_learners_regr.km.html:171:5: Warning: inserting implicit <span>
    mlr_learners_regr.km.html:171:5: Warning: missing </span> before <p>
    mlr_learners_regr.km.html:171:9: Warning: inserting implicit <span>
    mlr_learners_regr.km.html:173:1: Warning: inserting implicit <span>
    mlr_learners_regr.km.html:174:5: Warning: inserting implicit <span>
    mlr_learners_regr.km.html:174:5: Warning: missing </span> before <p>
    mlr_learners_regr.km.html:174:9: Warning: inserting implicit <span>
    mlr_learners_regr.km.html:112:1: Warning: trimming empty <span>
    mlr_learners_regr.km.html:114:16: Warning: trimming empty <span>
    mlr_learners_regr.km.html:128:1: Warning: trimming empty <span>
    mlr_learners_regr.km.html:130:16: Warning: trimming empty <span>
    mlr_learners_regr.km.html:137:1: Warning: trimming empty <span>
    mlr_learners_regr.km.html:139:31: Warning: trimming empty <span>
    mlr_learners_regr.km.html:157:1: Warning: trimming empty <span>
    mlr_learners_regr.km.html:161:5: Warning: trimming empty <span>
    mlr_learners_regr.km.html:164:1: Warning: trimming empty <span>
    mlr_learners_regr.km.html:165:5: Warning: trimming empty <span>
    mlr_learners_regr.km.html:167:1: Warning: trimming empty <span>
    mlr_learners_regr.km.html:168:5: Warning: trimming empty <span>
    mlr_learners_regr.km.html:170:1: Warning: trimming empty <span>
    mlr_learners_regr.km.html:171:5: Warning: trimming empty <span>
    mlr_learners_regr.km.html:173:1: Warning: trimming empty <span>
    mlr_learners_regr.km.html:174:5: Warning: trimming empty <span>
    mlr_learners_regr.lm.html:95:5: Warning: missing </span> before </li>
    mlr_learners_regr.lm.html:96:5: Warning: inserting implicit <span>
    mlr_learners_regr.lm.html:96:5: Warning: missing </span> before </li>
    mlr_learners_regr.lm.html:97:5: Warning: inserting implicit <span>
    mlr_learners_regr.lm.html:97:5: Warning: missing </span> before </li>
    mlr_learners_regr.lm.html:98:5: Warning: inserting implicit <span>
    mlr_learners_regr.lm.html:98:5: Warning: missing </span> before </li>
    mlr_learners_regr.lm.html:99:5: Warning: inserting implicit <span>
    mlr_learners_regr.lm.html:99:5: Warning: missing </span> before </li>
    mlr_learners_regr.lm.html:100:5: Warning: inserting implicit <span>
    mlr_learners_regr.lm.html:100:5: Warning: missing </span> before </li>
    mlr_learners_regr.lm.html:101:5: Warning: inserting implicit <span>
    mlr_learners_regr.lm.html:101:5: Warning: missing </span> before </li>
    mlr_learners_regr.lm.html:102:5: Warning: inserting implicit <span>
    mlr_learners_regr.lm.html:102:5: Warning: missing </span> before </li>
    mlr_learners_regr.lm.html:107:1: Warning: inserting implicit <span>
    mlr_learners_regr.lm.html:107:1: Warning: missing </span> before <h4>
    mlr_learners_regr.lm.html:111:5: Warning: inserting implicit <span>
    mlr_learners_regr.lm.html:113:4: Warning: inserting implicit <span>
    mlr_learners_regr.lm.html:117:1: Warning: inserting implicit <span>
    mlr_learners_regr.lm.html:117:1: Warning: missing </span> before <h5>
    mlr_learners_regr.lm.html:117:5: Warning: inserting implicit <span>
    mlr_learners_regr.lm.html:119:16: Warning: inserting implicit <span>
    mlr_learners_regr.lm.html:119:16: Warning: missing </span> before <pre>
    mlr_learners_regr.lm.html:123:1: Warning: inserting implicit <span>
    mlr_learners_regr.lm.html:123:1: Warning: missing </span> before <h4>
    mlr_learners_regr.lm.html:127:5: Warning: inserting implicit <span>
    mlr_learners_regr.lm.html:129:4: Warning: inserting implicit <span>
    mlr_learners_regr.lm.html:133:1: Warning: inserting implicit <span>
    mlr_learners_regr.lm.html:133:1: Warning: missing </span> before <h5>
    mlr_learners_regr.lm.html:133:5: Warning: inserting implicit <span>
    mlr_learners_regr.lm.html:135:16: Warning: inserting implicit <span>
    mlr_learners_regr.lm.html:135:16: Warning: missing </span> before <pre>
    mlr_learners_regr.lm.html:139:1: Warning: inserting implicit <span>
    mlr_learners_regr.lm.html:139:1: Warning: missing </span> before <h4>
    mlr_learners_regr.lm.html:143:5: Warning: inserting implicit <span>
    mlr_learners_regr.lm.html:145:4: Warning: inserting implicit <span>
    mlr_learners_regr.lm.html:149:1: Warning: inserting implicit <span>
    mlr_learners_regr.lm.html:149:1: Warning: missing </span> before <h5>
    mlr_learners_regr.lm.html:149:5: Warning: inserting implicit <span>
    mlr_learners_regr.lm.html:151:16: Warning: inserting implicit <span>
    mlr_learners_regr.lm.html:151:16: Warning: missing </span> before <pre>
    mlr_learners_regr.lm.html:155:5: Warning: inserting implicit <span>
    mlr_learners_regr.lm.html:158:1: Warning: inserting implicit <span>
    mlr_learners_regr.lm.html:158:1: Warning: missing </span> before <dl>
    mlr_learners_regr.lm.html:160:5: Warning: inserting implicit <span>
    mlr_learners_regr.lm.html:160:31: Warning: inserting implicit <span>
    mlr_learners_regr.lm.html:160:31: Warning: missing </span> before <p>
    mlr_learners_regr.lm.html:160:34: Warning: inserting implicit <span>
    mlr_learners_regr.lm.html:169:5: Warning: inserting implicit <span>
    mlr_learners_regr.lm.html:173:5: Warning: inserting implicit <span>
    mlr_learners_regr.lm.html:173:5: Warning: missing </span> before <p>
    mlr_learners_regr.lm.html:173:8: Warning: inserting implicit <span>
    mlr_learners_regr.lm.html:176:1: Warning: inserting implicit <span>
    mlr_learners_regr.lm.html:177:5: Warning: inserting implicit <span>
    mlr_learners_regr.lm.html:177:5: Warning: missing </span> before <p>
    mlr_learners_regr.lm.html:177:8: Warning: inserting implicit <span>
    mlr_learners_regr.lm.html:179:1: Warning: inserting implicit <span>
    mlr_learners_regr.lm.html:180:5: Warning: inserting implicit <span>
    mlr_learners_regr.lm.html:180:5: Warning: missing </span> before <p>
    mlr_learners_regr.lm.html:180:9: Warning: inserting implicit <span>
    mlr_learners_regr.lm.html:182:1: Warning: inserting implicit <span>
    mlr_learners_regr.lm.html:183:5: Warning: inserting implicit <span>
    mlr_learners_regr.lm.html:183:5: Warning: missing </span> before <p>
    mlr_learners_regr.lm.html:183:9: Warning: inserting implicit <span>
    mlr_learners_regr.lm.html:185:1: Warning: inserting implicit <span>
    mlr_learners_regr.lm.html:186:5: Warning: inserting implicit <span>
    mlr_learners_regr.lm.html:186:5: Warning: missing </span> before <p>
    mlr_learners_regr.lm.html:186:9: Warning: inserting implicit <span>
    mlr_learners_regr.lm.html:117:1: Warning: trimming empty <span>
    mlr_learners_regr.lm.html:119:16: Warning: trimming empty <span>
    mlr_learners_regr.lm.html:133:1: Warning: trimming empty <span>
    mlr_learners_regr.lm.html:135:16: Warning: trimming empty <span>
    mlr_learners_regr.lm.html:149:1: Warning: trimming empty <span>
    mlr_learners_regr.lm.html:151:16: Warning: trimming empty <span>
    mlr_learners_regr.lm.html:158:1: Warning: trimming empty <span>
    mlr_learners_regr.lm.html:160:31: Warning: trimming empty <span>
    mlr_learners_regr.lm.html:173:5: Warning: trimming empty <span>
    mlr_learners_regr.lm.html:176:1: Warning: trimming empty <span>
    mlr_learners_regr.lm.html:177:5: Warning: trimming empty <span>
    mlr_learners_regr.lm.html:179:1: Warning: trimming empty <span>
    mlr_learners_regr.lm.html:180:5: Warning: trimming empty <span>
    mlr_learners_regr.lm.html:182:1: Warning: trimming empty <span>
    mlr_learners_regr.lm.html:183:5: Warning: trimming empty <span>
    mlr_learners_regr.lm.html:185:1: Warning: trimming empty <span>
    mlr_learners_regr.lm.html:186:5: Warning: trimming empty <span>
    mlr_learners_regr.ranger.html:113:5: Warning: missing </span> before </li>
    mlr_learners_regr.ranger.html:114:5: Warning: inserting implicit <span>
    mlr_learners_regr.ranger.html:114:5: Warning: missing </span> before </li>
    mlr_learners_regr.ranger.html:115:5: Warning: inserting implicit <span>
    mlr_learners_regr.ranger.html:115:5: Warning: missing </span> before </li>
    mlr_learners_regr.ranger.html:116:5: Warning: inserting implicit <span>
    mlr_learners_regr.ranger.html:116:5: Warning: missing </span> before </li>
    mlr_learners_regr.ranger.html:117:5: Warning: inserting implicit <span>
    mlr_learners_regr.ranger.html:117:5: Warning: missing </span> before </li>
    mlr_learners_regr.ranger.html:118:5: Warning: inserting implicit <span>
    mlr_learners_regr.ranger.html:118:5: Warning: missing </span> before </li>
    mlr_learners_regr.ranger.html:119:5: Warning: inserting implicit <span>
    mlr_learners_regr.ranger.html:119:5: Warning: missing </span> before </li>
    mlr_learners_regr.ranger.html:120:5: Warning: inserting implicit <span>
    mlr_learners_regr.ranger.html:120:5: Warning: missing </span> before </li>
    mlr_learners_regr.ranger.html:125:1: Warning: inserting implicit <span>
    mlr_learners_regr.ranger.html:125:1: Warning: missing </span> before <h4>
    mlr_learners_regr.ranger.html:129:5: Warning: inserting implicit <span>
    mlr_learners_regr.ranger.html:131:4: Warning: inserting implicit <span>
    mlr_learners_regr.ranger.html:135:1: Warning: inserting implicit <span>
    mlr_learners_regr.ranger.html:135:1: Warning: missing </span> before <h5>
    mlr_learners_regr.ranger.html:135:5: Warning: inserting implicit <span>
    mlr_learners_regr.ranger.html:137:16: Warning: inserting implicit <span>
    mlr_learners_regr.ranger.html:137:16: Warning: missing </span> before <pre>
    mlr_learners_regr.ranger.html:141:1: Warning: inserting implicit <span>
    mlr_learners_regr.ranger.html:141:1: Warning: missing </span> before <h4>
    mlr_learners_regr.ranger.html:145:5: Warning: inserting implicit <span>
    mlr_learners_regr.ranger.html:147:4: Warning: inserting implicit <span>
    mlr_learners_regr.ranger.html:153:1: Warning: inserting implicit <span>
    mlr_learners_regr.ranger.html:153:1: Warning: missing </span> before <h5>
    mlr_learners_regr.ranger.html:153:5: Warning: inserting implicit <span>
    mlr_learners_regr.ranger.html:155:16: Warning: inserting implicit <span>
    mlr_learners_regr.ranger.html:155:16: Warning: missing </span> before <pre>
    mlr_learners_regr.ranger.html:159:5: Warning: inserting implicit <span>
    mlr_learners_regr.ranger.html:161:4: Warning: inserting implicit <span>
    mlr_learners_regr.ranger.html:165:1: Warning: inserting implicit <span>
    mlr_learners_regr.ranger.html:165:1: Warning: missing </span> before <hr>
    mlr_learners_regr.ranger.html:166:1: Warning: inserting implicit <span>
    mlr_learners_regr.ranger.html:166:1: Warning: missing </span> before <h4>
    mlr_learners_regr.ranger.html:170:5: Warning: inserting implicit <span>
    mlr_learners_regr.ranger.html:172:4: Warning: inserting implicit <span>
    mlr_learners_regr.ranger.html:176:1: Warning: inserting implicit <span>
    mlr_learners_regr.ranger.html:176:1: Warning: missing </span> before <h5>
    mlr_learners_regr.ranger.html:176:5: Warning: inserting implicit <span>
    mlr_learners_regr.ranger.html:178:16: Warning: inserting implicit <span>
    mlr_learners_regr.ranger.html:178:16: Warning: missing </span> before <pre>
    mlr_learners_regr.ranger.html:182:5: Warning: inserting implicit <span>
    mlr_learners_regr.ranger.html:184:4: Warning: inserting implicit <span>
    mlr_learners_regr.ranger.html:188:1: Warning: inserting implicit <span>
    mlr_learners_regr.ranger.html:188:1: Warning: missing </span> before <hr>
    mlr_learners_regr.ranger.html:189:1: Warning: inserting implicit <span>
    mlr_learners_regr.ranger.html:189:1: Warning: missing </span> before <h4>
    mlr_learners_regr.ranger.html:193:5: Warning: inserting implicit <span>
    mlr_learners_regr.ranger.html:195:4: Warning: inserting implicit <span>
    mlr_learners_regr.ranger.html:199:1: Warning: inserting implicit <span>
    mlr_learners_regr.ranger.html:199:1: Warning: missing </span> before <h5>
    mlr_learners_regr.ranger.html:199:5: Warning: inserting implicit <span>
    mlr_learners_regr.ranger.html:201:16: Warning: inserting implicit <span>
    mlr_learners_regr.ranger.html:201:16: Warning: missing </span> before <pre>
    mlr_learners_regr.ranger.html:205:5: Warning: inserting implicit <span>
    mlr_learners_regr.ranger.html:208:1: Warning: inserting implicit <span>
    mlr_learners_regr.ranger.html:208:1: Warning: missing </span> before <dl>
    mlr_learners_regr.ranger.html:210:5: Warning: inserting implicit <span>
    mlr_learners_regr.ranger.html:210:31: Warning: inserting implicit <span>
    mlr_learners_regr.ranger.html:210:31: Warning: missing </span> before <p>
    mlr_learners_regr.ranger.html:210:34: Warning: inserting implicit <span>
    mlr_learners_regr.ranger.html:219:5: Warning: inserting implicit <span>
    mlr_learners_regr.ranger.html:221:4: Warning: inserting implicit <span>
    mlr_learners_regr.ranger.html:226:1: Warning: inserting implicit <span>
    mlr_learners_regr.ranger.html:226:1: Warning: missing </span> before <p>
    mlr_learners_regr.ranger.html:226:4: Warning: inserting implicit <span>
    mlr_learners_regr.ranger.html:233:1: Warning: inserting implicit <span>
    mlr_learners_regr.ranger.html:233:1: Warning: missing </span> before <h3>
    mlr_learners_regr.ranger.html:233:5: Warning: inserting implicit <span>
    mlr_learners_regr.ranger.html:237:5: Warning: inserting implicit <span>
    mlr_learners_regr.ranger.html:237:5: Warning: missing </span> before <p>
    mlr_learners_regr.ranger.html:237:8: Warning: inserting implicit <span>
    mlr_learners_regr.ranger.html:240:1: Warning: inserting implicit <span>
    mlr_learners_regr.ranger.html:241:5: Warning: inserting implicit <span>
    mlr_learners_regr.ranger.html:241:5: Warning: missing </span> before <p>
    mlr_learners_regr.ranger.html:241:8: Warning: inserting implicit <span>
    mlr_learners_regr.ranger.html:243:1: Warning: inserting implicit <span>
    mlr_learners_regr.ranger.html:244:5: Warning: inserting implicit <span>
    mlr_learners_regr.ranger.html:244:5: Warning: missing </span> before <p>
    mlr_learners_regr.ranger.html:244:9: Warning: inserting implicit <span>
    mlr_learners_regr.ranger.html:246:1: Warning: inserting implicit <span>
    mlr_learners_regr.ranger.html:247:5: Warning: inserting implicit <span>
    mlr_learners_regr.ranger.html:247:5: Warning: missing </span> before <p>
    mlr_learners_regr.ranger.html:247:9: Warning: inserting implicit <span>
    mlr_learners_regr.ranger.html:249:1: Warning: inserting implicit <span>
    mlr_learners_regr.ranger.html:250:5: Warning: inserting implicit <span>
    mlr_learners_regr.ranger.html:250:5: Warning: missing </span> before <p>
    mlr_learners_regr.ranger.html:250:9: Warning: inserting implicit <span>
    mlr_learners_regr.ranger.html:135:1: Warning: trimming empty <span>
    mlr_learners_regr.ranger.html:137:16: Warning: trimming empty <span>
    mlr_learners_regr.ranger.html:153:1: Warning: trimming empty <span>
    mlr_learners_regr.ranger.html:155:16: Warning: trimming empty <span>
    mlr_learners_regr.ranger.html:165:1: Warning: trimming empty <span>
    mlr_learners_regr.ranger.html:176:1: Warning: trimming empty <span>
    mlr_learners_regr.ranger.html:178:16: Warning: trimming empty <span>
    mlr_learners_regr.ranger.html:188:1: Warning: trimming empty <span>
    mlr_learners_regr.ranger.html:199:1: Warning: trimming empty <span>
    mlr_learners_regr.ranger.html:201:16: Warning: trimming empty <span>
    mlr_learners_regr.ranger.html:208:1: Warning: trimming empty <span>
    mlr_learners_regr.ranger.html:210:31: Warning: trimming empty <span>
    mlr_learners_regr.ranger.html:226:1: Warning: trimming empty <span>
    mlr_learners_regr.ranger.html:233:1: Warning: trimming empty <span>
    mlr_learners_regr.ranger.html:237:5: Warning: trimming empty <span>
    mlr_learners_regr.ranger.html:240:1: Warning: trimming empty <span>
    mlr_learners_regr.ranger.html:241:5: Warning: trimming empty <span>
    mlr_learners_regr.ranger.html:243:1: Warning: trimming empty <span>
    mlr_learners_regr.ranger.html:244:5: Warning: trimming empty <span>
    mlr_learners_regr.ranger.html:246:1: Warning: trimming empty <span>
    mlr_learners_regr.ranger.html:247:5: Warning: trimming empty <span>
    mlr_learners_regr.ranger.html:249:1: Warning: trimming empty <span>
    mlr_learners_regr.ranger.html:250:5: Warning: trimming empty <span>
    mlr_learners_regr.svm.html:74:5: Warning: missing </span> before </li>
    mlr_learners_regr.svm.html:75:5: Warning: inserting implicit <span>
    mlr_learners_regr.svm.html:75:5: Warning: missing </span> before </li>
    mlr_learners_regr.svm.html:76:5: Warning: inserting implicit <span>
    mlr_learners_regr.svm.html:76:5: Warning: missing </span> before </li>
    mlr_learners_regr.svm.html:77:5: Warning: inserting implicit <span>
    mlr_learners_regr.svm.html:77:5: Warning: missing </span> before </li>
    mlr_learners_regr.svm.html:78:5: Warning: inserting implicit <span>
    mlr_learners_regr.svm.html:78:5: Warning: missing </span> before </li>
    mlr_learners_regr.svm.html:79:5: Warning: inserting implicit <span>
    mlr_learners_regr.svm.html:79:5: Warning: missing </span> before </li>
    mlr_learners_regr.svm.html:80:5: Warning: inserting implicit <span>
    mlr_learners_regr.svm.html:80:5: Warning: missing </span> before </li>
    mlr_learners_regr.svm.html:81:5: Warning: inserting implicit <span>
    mlr_learners_regr.svm.html:81:5: Warning: missing </span> before </li>
    mlr_learners_regr.svm.html:86:1: Warning: inserting implicit <span>
    mlr_learners_regr.svm.html:86:1: Warning: missing </span> before <h4>
    mlr_learners_regr.svm.html:90:5: Warning: inserting implicit <span>
    mlr_learners_regr.svm.html:92:4: Warning: inserting implicit <span>
    mlr_learners_regr.svm.html:96:1: Warning: inserting implicit <span>
    mlr_learners_regr.svm.html:96:1: Warning: missing </span> before <h5>
    mlr_learners_regr.svm.html:96:5: Warning: inserting implicit <span>
    mlr_learners_regr.svm.html:98:16: Warning: inserting implicit <span>
    mlr_learners_regr.svm.html:98:16: Warning: missing </span> before <pre>
    mlr_learners_regr.svm.html:102:1: Warning: inserting implicit <span>
    mlr_learners_regr.svm.html:102:1: Warning: missing </span> before <h4>
    mlr_learners_regr.svm.html:106:5: Warning: inserting implicit <span>
    mlr_learners_regr.svm.html:108:4: Warning: inserting implicit <span>
    mlr_learners_regr.svm.html:112:1: Warning: inserting implicit <span>
    mlr_learners_regr.svm.html:112:1: Warning: missing </span> before <h5>
    mlr_learners_regr.svm.html:112:5: Warning: inserting implicit <span>
    mlr_learners_regr.svm.html:114:16: Warning: inserting implicit <span>
    mlr_learners_regr.svm.html:114:16: Warning: missing </span> before <pre>
    mlr_learners_regr.svm.html:118:5: Warning: inserting implicit <span>
    mlr_learners_regr.svm.html:121:1: Warning: inserting implicit <span>
    mlr_learners_regr.svm.html:121:1: Warning: missing </span> before <dl>
    mlr_learners_regr.svm.html:123:5: Warning: inserting implicit <span>
    mlr_learners_regr.svm.html:123:31: Warning: inserting implicit <span>
    mlr_learners_regr.svm.html:123:31: Warning: missing </span> before <p>
    mlr_learners_regr.svm.html:123:34: Warning: inserting implicit <span>
    mlr_learners_regr.svm.html:132:5: Warning: inserting implicit <span>
    mlr_learners_regr.svm.html:134:4: Warning: inserting implicit <span>
    mlr_learners_regr.svm.html:141:1: Warning: inserting implicit <span>
    mlr_learners_regr.svm.html:141:1: Warning: missing </span> before <h3>
    mlr_learners_regr.svm.html:141:5: Warning: inserting implicit <span>
    mlr_learners_regr.svm.html:145:5: Warning: inserting implicit <span>
    mlr_learners_regr.svm.html:145:5: Warning: missing </span> before <p>
    mlr_learners_regr.svm.html:145:8: Warning: inserting implicit <span>
    mlr_learners_regr.svm.html:148:1: Warning: inserting implicit <span>
    mlr_learners_regr.svm.html:149:5: Warning: inserting implicit <span>
    mlr_learners_regr.svm.html:149:5: Warning: missing </span> before <p>
    mlr_learners_regr.svm.html:149:8: Warning: inserting implicit <span>
    mlr_learners_regr.svm.html:151:1: Warning: inserting implicit <span>
    mlr_learners_regr.svm.html:152:5: Warning: inserting implicit <span>
    mlr_learners_regr.svm.html:152:5: Warning: missing </span> before <p>
    mlr_learners_regr.svm.html:152:9: Warning: inserting implicit <span>
    mlr_learners_regr.svm.html:154:1: Warning: inserting implicit <span>
    mlr_learners_regr.svm.html:155:5: Warning: inserting implicit <span>
    mlr_learners_regr.svm.html:155:5: Warning: missing </span> before <p>
    mlr_learners_regr.svm.html:155:9: Warning: inserting implicit <span>
    mlr_learners_regr.svm.html:157:1: Warning: inserting implicit <span>
    mlr_learners_regr.svm.html:158:5: Warning: inserting implicit <span>
    mlr_learners_regr.svm.html:158:5: Warning: missing </span> before <p>
    mlr_learners_regr.svm.html:158:9: Warning: inserting implicit <span>
    mlr_learners_regr.svm.html:96:1: Warning: trimming empty <span>
    mlr_learners_regr.svm.html:98:16: Warning: trimming empty <span>
    mlr_learners_regr.svm.html:112:1: Warning: trimming empty <span>
    mlr_learners_regr.svm.html:114:16: Warning: trimming empty <span>
    mlr_learners_regr.svm.html:121:1: Warning: trimming empty <span>
    mlr_learners_regr.svm.html:123:31: Warning: trimming empty <span>
    mlr_learners_regr.svm.html:141:1: Warning: trimming empty <span>
    mlr_learners_regr.svm.html:145:5: Warning: trimming empty <span>
    mlr_learners_regr.svm.html:148:1: Warning: trimming empty <span>
    mlr_learners_regr.svm.html:149:5: Warning: trimming empty <span>
    mlr_learners_regr.svm.html:151:1: Warning: trimming empty <span>
    mlr_learners_regr.svm.html:152:5: Warning: trimming empty <span>
    mlr_learners_regr.svm.html:154:1: Warning: trimming empty <span>
    mlr_learners_regr.svm.html:155:5: Warning: trimming empty <span>
    mlr_learners_regr.svm.html:157:1: Warning: trimming empty <span>
    mlr_learners_regr.svm.html:158:5: Warning: trimming empty <span>
    mlr_learners_regr.xgboost.html:134:5: Warning: missing </span> before </li>
    mlr_learners_regr.xgboost.html:135:5: Warning: inserting implicit <span>
    mlr_learners_regr.xgboost.html:135:5: Warning: missing </span> before </li>
    mlr_learners_regr.xgboost.html:136:5: Warning: inserting implicit <span>
    mlr_learners_regr.xgboost.html:136:5: Warning: missing </span> before </li>
    mlr_learners_regr.xgboost.html:137:5: Warning: inserting implicit <span>
    mlr_learners_regr.xgboost.html:137:5: Warning: missing </span> before </li>
    mlr_learners_regr.xgboost.html:138:5: Warning: inserting implicit <span>
    mlr_learners_regr.xgboost.html:138:5: Warning: missing </span> before </li>
    mlr_learners_regr.xgboost.html:139:5: Warning: inserting implicit <span>
    mlr_learners_regr.xgboost.html:139:5: Warning: missing </span> before </li>
    mlr_learners_regr.xgboost.html:140:5: Warning: inserting implicit <span>
    mlr_learners_regr.xgboost.html:140:5: Warning: missing </span> before </li>
    mlr_learners_regr.xgboost.html:141:5: Warning: inserting implicit <span>
    mlr_learners_regr.xgboost.html:141:5: Warning: missing </span> before </li>
    mlr_learners_regr.xgboost.html:146:1: Warning: inserting implicit <span>
    mlr_learners_regr.xgboost.html:146:1: Warning: missing </span> before <h4>
    mlr_learners_regr.xgboost.html:150:5: Warning: inserting implicit <span>
    mlr_learners_regr.xgboost.html:152:4: Warning: inserting implicit <span>
    mlr_learners_regr.xgboost.html:156:1: Warning: inserting implicit <span>
    mlr_learners_regr.xgboost.html:156:1: Warning: missing </span> before <h5>
    mlr_learners_regr.xgboost.html:156:5: Warning: inserting implicit <span>
    mlr_learners_regr.xgboost.html:158:16: Warning: inserting implicit <span>
    mlr_learners_regr.xgboost.html:158:16: Warning: missing </span> before <pre>
    mlr_learners_regr.xgboost.html:162:1: Warning: inserting implicit <span>
    mlr_learners_regr.xgboost.html:162:1: Warning: missing </span> before <h4>
    mlr_learners_regr.xgboost.html:166:5: Warning: inserting implicit <span>
    mlr_learners_regr.xgboost.html:168:4: Warning: inserting implicit <span>
    mlr_learners_regr.xgboost.html:172:1: Warning: inserting implicit <span>
    mlr_learners_regr.xgboost.html:172:1: Warning: missing </span> before <h5>
    mlr_learners_regr.xgboost.html:172:5: Warning: inserting implicit <span>
    mlr_learners_regr.xgboost.html:174:16: Warning: inserting implicit <span>
    mlr_learners_regr.xgboost.html:174:16: Warning: missing </span> before <pre>
    mlr_learners_regr.xgboost.html:178:5: Warning: inserting implicit <span>
    mlr_learners_regr.xgboost.html:180:4: Warning: inserting implicit <span>
    mlr_learners_regr.xgboost.html:184:1: Warning: inserting implicit <span>
    mlr_learners_regr.xgboost.html:184:1: Warning: missing </span> before <hr>
    mlr_learners_regr.xgboost.html:185:1: Warning: inserting implicit <span>
    mlr_learners_regr.xgboost.html:185:1: Warning: missing </span> before <h4>
    mlr_learners_regr.xgboost.html:189:5: Warning: inserting implicit <span>
    mlr_learners_regr.xgboost.html:191:4: Warning: inserting implicit <span>
    mlr_learners_regr.xgboost.html:195:1: Warning: inserting implicit <span>
    mlr_learners_regr.xgboost.html:195:1: Warning: missing </span> before <h5>
    mlr_learners_regr.xgboost.html:195:5: Warning: inserting implicit <span>
    mlr_learners_regr.xgboost.html:197:16: Warning: inserting implicit <span>
    mlr_learners_regr.xgboost.html:197:16: Warning: missing </span> before <pre>
    mlr_learners_regr.xgboost.html:201:5: Warning: inserting implicit <span>
    mlr_learners_regr.xgboost.html:204:1: Warning: inserting implicit <span>
    mlr_learners_regr.xgboost.html:204:1: Warning: missing </span> before <dl>
    mlr_learners_regr.xgboost.html:206:5: Warning: inserting implicit <span>
    mlr_learners_regr.xgboost.html:206:31: Warning: inserting implicit <span>
    mlr_learners_regr.xgboost.html:206:31: Warning: missing </span> before <p>
    mlr_learners_regr.xgboost.html:206:34: Warning: inserting implicit <span>
    mlr_learners_regr.xgboost.html:215:5: Warning: inserting implicit <span>
    mlr_learners_regr.xgboost.html:217:4: Warning: inserting implicit <span>
    mlr_learners_regr.xgboost.html:156:1: Warning: trimming empty <span>
    mlr_learners_regr.xgboost.html:158:16: Warning: trimming empty <span>
    mlr_learners_regr.xgboost.html:172:1: Warning: trimming empty <span>
    mlr_learners_regr.xgboost.html:174:16: Warning: trimming empty <span>
    mlr_learners_regr.xgboost.html:184:1: Warning: trimming empty <span>
    mlr_learners_regr.xgboost.html:195:1: Warning: trimming empty <span>
    mlr_learners_regr.xgboost.html:197:16: Warning: trimming empty <span>
    mlr_learners_regr.xgboost.html:204:1: Warning: trimming empty <span>
    mlr_learners_regr.xgboost.html:206:31: Warning: trimming empty <span>
Flavors: r-devel-linux-x86_64-debian-clang, r-devel-linux-x86_64-debian-gcc