CRAN Package Check Results for Package mlxR

Last updated on 2024-06-18 05:57:41 CEST.

Flavor Version Tinstall Tcheck Ttotal Status Flags
r-devel-linux-x86_64-debian-clang 4.2.0 15.67 102.84 118.51 NOTE
r-devel-linux-x86_64-debian-gcc 4.2.0 14.02 75.00 89.02 NOTE
r-devel-linux-x86_64-fedora-clang 4.2.0 148.42 NOTE
r-devel-linux-x86_64-fedora-gcc 4.2.0 140.85 NOTE
r-devel-windows-x86_64 4.2.0 14.00 87.00 101.00 NOTE
r-patched-linux-x86_64 4.2.0 15.98 97.55 113.53 NOTE
r-release-linux-x86_64 4.2.0 17.59 95.79 113.38 NOTE
r-release-macos-arm64 4.2.0 38.00 NOTE
r-release-macos-x86_64 4.2.0 65.00 NOTE
r-release-windows-x86_64 4.2.0 15.00 86.00 101.00 NOTE
r-oldrel-macos-arm64 4.2.0 40.00 OK
r-oldrel-macos-x86_64 4.2.0 64.00 OK
r-oldrel-windows-x86_64 4.2.0 20.00 113.00 133.00 OK

Check Details

Version: 4.2.0
Check: Rd files
Result: NOTE checkRd: (-1) simpopmlx.Rd:21: Lost braces; missing escapes or markup? 21 | \item{fim}{the Fisher Information Matrix estimated by Monolix. fim={"sa", "lin"} (default="sa")} | ^ Flavors: r-devel-linux-x86_64-debian-clang, r-devel-linux-x86_64-debian-gcc, r-devel-linux-x86_64-fedora-clang, r-devel-linux-x86_64-fedora-gcc, r-devel-windows-x86_64, r-patched-linux-x86_64, r-release-linux-x86_64, r-release-macos-arm64, r-release-macos-x86_64, r-release-windows-x86_64