CRAN Package Check Results for Package mmsample

Last updated on 2022-08-11 05:54:34 CEST.

Flavor Version Tinstall Tcheck Ttotal Status Flags
r-devel-linux-x86_64-debian-clang 0.1 33.51 28.25 61.76 NOTE
r-devel-linux-x86_64-debian-gcc 0.1 23.18 21.36 44.54 NOTE
r-devel-linux-x86_64-fedora-clang 0.1 91.11 NOTE
r-devel-linux-x86_64-fedora-gcc 0.1 83.99 NOTE
r-devel-windows-x86_64 0.1 30.00 72.00 102.00 NOTE
r-patched-linux-x86_64 0.1 23.42 27.13 50.55 NOTE
r-release-linux-x86_64 0.1 NOTE
r-release-macos-arm64 0.1 20.00 NOTE
r-release-macos-x86_64 0.1 33.00 NOTE
r-release-windows-x86_64 0.1 36.00 75.00 111.00 NOTE
r-oldrel-macos-arm64 0.1 35.00 NOTE
r-oldrel-macos-x86_64 0.1 46.00 NOTE
r-oldrel-windows-ix86+x86_64 0.1 76.00 75.00 151.00 NOTE

Check Details

Version: 0.1
Check: LazyData
Result: NOTE
     'LazyData' is specified without a 'data' directory
Flavors: r-devel-linux-x86_64-debian-clang, r-devel-linux-x86_64-debian-gcc, r-devel-linux-x86_64-fedora-clang, r-devel-linux-x86_64-fedora-gcc, r-devel-windows-x86_64, r-patched-linux-x86_64, r-release-linux-x86_64, r-release-macos-arm64, r-release-macos-x86_64, r-release-windows-x86_64, r-oldrel-macos-arm64, r-oldrel-macos-x86_64, r-oldrel-windows-ix86+x86_64