CRAN Package Check Results for Package mniw

Last updated on 2019-12-14 05:47:35 CET.

Flavor Version Tinstall Tcheck Ttotal Status Flags
r-devel-linux-x86_64-debian-clang 1.0 155.45 86.89 242.34 OK
r-devel-linux-x86_64-debian-gcc 1.0 118.09 66.89 184.98 OK
r-devel-linux-x86_64-fedora-clang 1.0 329.93 NOTE
r-devel-linux-x86_64-fedora-gcc 1.0 338.59 OK
r-devel-windows-ix86+x86_64 1.0 248.00 228.00 476.00 OK
r-devel-windows-ix86+x86_64-gcc8 1.0 271.00 241.00 512.00 OK
r-patched-linux-x86_64 1.0 138.63 76.97 215.60 OK
r-patched-solaris-x86 1.0 270.30 OK
r-release-linux-x86_64 1.0 128.94 78.41 207.35 OK
r-release-windows-ix86+x86_64 1.0 216.00 145.00 361.00 OK
r-release-osx-x86_64 1.0 NOTE
r-oldrel-windows-ix86+x86_64 1.0 215.00 148.00 363.00 OK
r-oldrel-osx-x86_64 1.0 NOTE

Check Details

Version: 1.0
Check: installed package size
Result: NOTE
     installed size is 17.5Mb
     sub-directories of 1Mb or more:
     libs 17.2Mb
Flavors: r-devel-linux-x86_64-fedora-clang, r-release-osx-x86_64, r-oldrel-osx-x86_64