CRAN Package Check Results for Package mniw

Last updated on 2020-07-09 05:47:55 CEST.

Flavor Version Tinstall Tcheck Ttotal Status Flags
r-devel-linux-x86_64-debian-clang 1.0 160.03 84.53 244.56 OK
r-devel-linux-x86_64-debian-gcc 1.0 128.21 64.78 192.99 OK
r-devel-linux-x86_64-fedora-clang 1.0 349.98 NOTE
r-devel-linux-x86_64-fedora-gcc 1.0 323.01 OK
r-devel-windows-ix86+x86_64 1.0 273.00 177.00 450.00 OK
r-patched-linux-x86_64 1.0 140.70 83.57 224.27 OK
r-patched-solaris-x86 1.0 269.20 OK
r-release-linux-x86_64 1.0 144.50 85.96 230.46 OK
r-release-osx-x86_64 1.0 NOTE
r-release-windows-ix86+x86_64 1.0 257.00 220.00 477.00 OK
r-oldrel-osx-x86_64 1.0 NOTE
r-oldrel-windows-ix86+x86_64 1.0 267.00 196.00 463.00 OK

Check Details

Version: 1.0
Check: installed package size
Result: NOTE
     installed size is 18.2Mb
     sub-directories of 1Mb or more:
     libs 17.9Mb
Flavors: r-devel-linux-x86_64-fedora-clang, r-release-osx-x86_64, r-oldrel-osx-x86_64