CRAN Package Check Results for Package mnormt

Last updated on 2019-08-18 05:46:19 CEST.

Flavor Version Tinstall Tcheck Ttotal Status Flags
r-devel-linux-x86_64-debian-clang 1.5-5 4.02 18.39 22.41 OK
r-devel-linux-x86_64-debian-gcc 1.5-5 3.03 15.20 18.23 OK
r-devel-linux-x86_64-fedora-clang 1.5-5 30.43 NOTE
r-devel-linux-x86_64-fedora-gcc 1.5-5 27.31 NOTE
r-devel-windows-ix86+x86_64 1.5-5 20.00 57.00 77.00 OK
r-patched-linux-x86_64 1.5-5 3.65 18.24 21.89 OK
r-patched-solaris-x86 1.5-5 43.30 OK
r-release-linux-x86_64 1.5-5 3.76 18.12 21.88 OK
r-release-windows-ix86+x86_64 1.5-5 11.00 49.00 60.00 OK
r-release-osx-x86_64 1.5-5 OK
r-oldrel-windows-ix86+x86_64 1.5-5 10.00 31.00 41.00 OK
r-oldrel-osx-x86_64 1.5-5 OK

Additional issues

valgrind

Check Details

Version: 1.5-5
Check: compiled code
Result: NOTE
    File ‘mnormt/libs/mnormt.so’:
     Found no calls to: ‘R_registerRoutines’, ‘R_useDynamicSymbols’
    
    It is good practice to register native routines and to disable symbol
    search.
    
    See ‘Writing portable packages’ in the ‘Writing R Extensions’ manual.
Flavors: r-devel-linux-x86_64-fedora-clang, r-devel-linux-x86_64-fedora-gcc