CRAN Package Check Results for Package mockr

Last updated on 2021-12-07 05:55:11 CET.

Flavor Version Tinstall Tcheck Ttotal Status Flags
r-devel-linux-x86_64-debian-clang 0.1 1.86 30.29 32.15 NOTE
r-devel-linux-x86_64-debian-gcc 0.1 1.60 24.09 25.69 NOTE
r-devel-linux-x86_64-fedora-clang 0.1 40.65 NOTE
r-devel-linux-x86_64-fedora-gcc 0.1 29.76 NOTE
r-devel-windows-x86_64-new-UL 0.1 6.00 70.00 76.00 NOTE
r-devel-windows-x86_64-new-TK 0.1 NOTE
r-devel-windows-x86_64-old 0.1 4.00 30.00 34.00 NOTE
r-patched-linux-x86_64 0.1 1.75 29.30 31.05 NOTE
r-release-linux-x86_64 0.1 1.67 29.04 30.71 NOTE
r-release-macos-arm64 0.1 NOTE
r-release-macos-x86_64 0.1 NOTE
r-release-windows-ix86+x86_64 0.1 4.00 40.00 44.00 NOTE
r-oldrel-macos-x86_64 0.1 OK
r-oldrel-windows-ix86+x86_64 0.1 5.00 57.00 62.00 OK

Check Details

Version: 0.1
Check: LazyData
Result: NOTE
     'LazyData' is specified without a 'data' directory
Flavors: r-devel-linux-x86_64-debian-clang, r-devel-linux-x86_64-debian-gcc, r-devel-linux-x86_64-fedora-clang, r-devel-linux-x86_64-fedora-gcc, r-devel-windows-x86_64-new-UL, r-devel-windows-x86_64-new-TK, r-devel-windows-x86_64-old, r-patched-linux-x86_64, r-release-linux-x86_64, r-release-macos-arm64, r-release-macos-x86_64, r-release-windows-ix86+x86_64