CRAN Package Check Results for Package modchart

Last updated on 2022-01-21 05:52:15 CET.

Flavor Version Tinstall Tcheck Ttotal Status Flags
r-devel-linux-x86_64-debian-clang 0.5 OK
r-devel-linux-x86_64-debian-gcc 0.5 28.92 80.68 109.60 OK
r-devel-linux-x86_64-fedora-clang 0.5 175.39 NOTE
r-devel-linux-x86_64-fedora-gcc 0.5 162.24 NOTE
r-devel-windows-x86_64-new-UL 0.5 99.00 120.00 219.00 OK
r-devel-windows-x86_64-new-TK 0.5 NOTE
r-patched-linux-x86_64 0.5 22.05 100.00 122.05 OK
r-release-linux-x86_64 0.5 22.25 99.66 121.91 OK
r-release-macos-arm64 0.5 NOTE
r-release-macos-x86_64 0.5 NOTE
r-release-windows-ix86+x86_64 0.5 59.00 114.00 173.00 OK
r-oldrel-macos-x86_64 0.5 NOTE
r-oldrel-windows-ix86+x86_64 0.5 59.00 120.00 179.00 OK

Check Details

Version: 0.5
Check: package dependencies
Result: NOTE
    Imports includes 22 non-default packages.
    Importing from so many packages makes the package vulnerable to any of
    them becoming unavailable. Move as many as possible to Suggests and
    use conditionally.
Flavor: r-devel-linux-x86_64-fedora-clang

Version: 0.5
Check: dependencies in R code
Result: NOTE
    Namespace in Imports field not imported from: ‘lazyeval’
     All declared Imports should be used.
Flavors: r-devel-linux-x86_64-fedora-clang, r-devel-linux-x86_64-fedora-gcc, r-devel-windows-x86_64-new-TK, r-release-macos-arm64, r-release-macos-x86_64, r-oldrel-macos-x86_64