CRAN Package Check Results for Package modeLLtest

Last updated on 2019-10-19 05:47:25 CEST.

Flavor Version Tinstall Tcheck Ttotal Status Flags
r-devel-linux-x86_64-debian-clang 1.0.0 73.60 82.27 155.87 OK
r-devel-linux-x86_64-debian-gcc 1.0.0 56.82 68.33 125.15 OK
r-devel-linux-x86_64-fedora-clang 1.0.0 217.97 NOTE
r-devel-linux-x86_64-fedora-gcc 1.0.0 211.56 NOTE
r-devel-windows-ix86+x86_64 1.0.0 197.00 141.00 338.00 OK
r-patched-linux-x86_64 1.0.0 63.87 80.99 144.86 OK
r-patched-solaris-x86 1.0.0 251.60 NOTE
r-release-linux-x86_64 1.0.0 60.50 83.08 143.58 OK
r-release-windows-ix86+x86_64 1.0.0 142.00 143.00 285.00 OK
r-release-osx-x86_64 1.0.0 NOTE
r-oldrel-windows-ix86+x86_64 1.0.0 132.00 126.00 258.00 OK
r-oldrel-osx-x86_64 1.0.0 NOTE

Check Details

Version: 1.0.0
Check: dependencies in R code
Result: NOTE
    Namespace in Imports field not imported from: ‘methods’
     All declared Imports should be used.
Flavors: r-devel-linux-x86_64-fedora-clang, r-devel-linux-x86_64-fedora-gcc, r-patched-solaris-x86, r-release-osx-x86_64, r-oldrel-osx-x86_64

Version: 1.0.0
Check: data for non-ASCII characters
Result: NOTE
     Note: found 18 marked Latin-1 strings
Flavors: r-devel-linux-x86_64-fedora-clang, r-devel-linux-x86_64-fedora-gcc, r-patched-solaris-x86, r-release-osx-x86_64, r-oldrel-osx-x86_64