CRAN Package Check Results for Package modeltime

Last updated on 2021-12-02 05:49:02 CET.

Flavor Version Tinstall Tcheck Ttotal Status Flags
r-devel-linux-x86_64-debian-clang 1.1.0 21.33 623.45 644.78 OK
r-devel-linux-x86_64-debian-gcc 1.1.0 16.76 460.12 476.88 OK
r-devel-linux-x86_64-fedora-clang 1.1.0 782.15 NOTE
r-devel-linux-x86_64-fedora-gcc 1.1.0 770.51 OK
r-devel-windows-x86_64-new-UL 1.1.0 53.00 724.00 777.00 OK
r-devel-windows-x86_64-new-TK 1.1.0 OK
r-devel-windows-x86_64-old 1.1.0 35.00 575.00 610.00 OK
r-patched-linux-x86_64 1.1.0 29.70 578.21 607.91 OK
r-patched-solaris-x86 1.1.0 1003.60 OK
r-release-linux-x86_64 1.1.0 21.74 573.38 595.12 OK
r-release-macos-arm64 1.1.0 OK
r-release-macos-x86_64 1.1.0 WARN
r-release-windows-ix86+x86_64 1.1.0 43.00 741.00 784.00 OK
r-oldrel-macos-x86_64 1.1.0 OK
r-oldrel-windows-ix86+x86_64 1.1.0 45.00 769.00 814.00 OK

Check Details

Version: 1.1.0
Check: package dependencies
Result: NOTE
    Imports includes 28 non-default packages.
    Importing from so many packages makes the package vulnerable to any of
    them becoming unavailable. Move as many as possible to Suggests and
    use conditionally.
Flavor: r-devel-linux-x86_64-fedora-clang

Version: 1.1.0
Check: re-building of vignette outputs
Result: WARN
    Error(s) in re-building vignettes:
    --- re-building ‘getting-started-with-modeltime.Rmd’ using rmarkdown
    Pandoc is required to build R Markdown vignettes but not available. Please make sure it is installed.
    ── Attaching packages ────────────────────────────────────── tidymodels 0.1.4 ──
    ✔ broom 0.7.9 ✔ recipes 0.1.17
    ✔ dials 0.0.10 ✔ rsample 0.1.0
    ✔ dplyr 1.0.7 ✔ tibble 3.1.5
    ✔ ggplot2 3.3.5 ✔ tidyr 1.1.4
    ✔ infer 1.0.0 ✔ tune 0.1.6
    ✔ modeldata 0.1.1 ✔ workflows 0.2.4
    ✔ parsnip 0.1.7 ✔ workflowsets 0.1.0
    ✔ purrr 0.3.4 ✔ yardstick 0.0.8
    ── Conflicts ───────────────────────────────────────── tidymodels_conflicts() ──
    ✖ purrr::discard() masks scales::discard()
    ✖ dplyr::filter() masks stats::filter()
    ✖ dplyr::lag() masks stats::lag()
    ✖ dplyr::slice() masks xgboost::slice()
    ✖ recipes::step() masks stats::step()
    • Use tidymodels_prefer() to resolve common conflicts.
    ── Attaching packages ─────────────────────────────────────── tidyverse 1.3.1 ──
    ✔ readr 2.0.2 ✔ forcats 0.5.1
    ✔ stringr 1.4.0
    ── Conflicts ────────────────────────────────────────── tidyverse_conflicts() ──
    ✖ readr::col_factor() masks scales::col_factor()
    ✖ purrr::discard() masks scales::discard()
    ✖ dplyr::filter() masks stats::filter()
    ✖ stringr::fixed() masks recipes::fixed()
    ✖ dplyr::lag() masks stats::lag()
    ✖ dplyr::slice() masks xgboost::slice()
    ✖ readr::spec() masks yardstick::spec()
    
    Attaching package: 'lubridate'
    
    The following objects are masked from 'package:base':
    
     date, intersect, setdiff, union
    
    
     *** caught segfault ***
    address 0x10a466ffc, cause 'memory not mapped'
    
    Traceback:
     1: dev.off(dv)
     2: eng_r(options)
     3: block_exec(params)
     4: call_block(x)
     5: process_group.block(group)
     6: process_group(group)
     7: withCallingHandlers(if (tangle) process_tangle(group) else process_group(group), error = function(e) { setwd(wd) cat(res, sep = "\n", file = output %n% "") message("Quitting from lines ", paste(current_lines(i), collapse = "-"), " (", knit_concord$get("infile"), ") ") })
     8: process_file(text, output)
     9: knit(input, text = text, envir = envir, quiet = quiet)
    10: (if (grepl("\\.[Rr]md$", file)) knit2html else if (grepl("\\.[Rr]rst$", file)) knit2pandoc else knit)(file, encoding = encoding, quiet = quiet, envir = globalenv(), ...)
    11: vweave(...)
    12: engine$weave(file, quiet = quiet, encoding = enc)
    13: doTryCatch(return(expr), name, parentenv, handler)
    14: tryCatchOne(expr, names, parentenv, handlers[[1L]])
    15: tryCatchList(expr, classes, parentenv, handlers)
    16: tryCatch({ engine$weave(file, quiet = quiet, encoding = enc) setwd(startdir) output <- find_vignette_product(name, by = "weave", engine = engine) if (!have.makefile && vignette_is_tex(output)) { texi2pdf(file = output, clean = FALSE, quiet = quiet) output <- find_vignette_product(name, by = "texi2pdf", engine = engine) } outputs <- c(outputs, output)}, error = function(e) { thisOK <<- FALSE fails <<- c(fails, file) message(gettextf("Error: processing vignette '%s' failed with diagnostics:\n%s", file, conditionMessage(e)))})
    17: tools:::buildVignettes(dir = "/Volumes/Builds/packages/high-sierra-x86_64/results/4.1/modeltime.Rcheck/vign_test/modeltime", ser_elibs = "/Volumes/Temp/tmp/RtmpodbKkG/file180cb286f12e1.rds")
    An irrecoverable exception occurred. R is aborting now ...
Flavor: r-release-macos-x86_64