CRAN Package Check Results for Package molaR

Last updated on 2022-01-26 05:54:22 CET.

Flavor Version Tinstall Tcheck Ttotal Status Flags
r-devel-linux-x86_64-debian-clang 4.5 20.87 251.48 272.35 OK
r-devel-linux-x86_64-debian-gcc 4.5 15.33 184.37 199.70 OK
r-devel-linux-x86_64-fedora-clang 4.5 310.39 NOTE
r-devel-linux-x86_64-fedora-gcc 4.5 308.68 OK
r-devel-windows-x86_64-new-UL 4.5 67.00 260.00 327.00 NOTE
r-devel-windows-x86_64-new-TK 4.5 OK
r-patched-linux-x86_64 4.5 12.84 183.16 196.00 WARN
r-release-linux-x86_64 4.5 12.21 180.25 192.46 WARN
r-release-macos-arm64 4.5 NOTE
r-release-macos-x86_64 4.5 WARN
r-release-windows-ix86+x86_64 4.5 39.00 201.00 240.00 WARN
r-oldrel-macos-x86_64 4.5 WARN
r-oldrel-windows-ix86+x86_64 4.5 40.00 204.00 244.00 WARN

Check Details

Version: 4.5
Check: installed package size
Result: NOTE
     installed size is 24.1Mb
     sub-directories of 1Mb or more:
     doc 23.1Mb
Flavors: r-devel-linux-x86_64-fedora-clang, r-devel-windows-x86_64-new-UL, r-release-macos-arm64, r-release-macos-x86_64, r-release-windows-ix86+x86_64, r-oldrel-macos-x86_64, r-oldrel-windows-ix86+x86_64

Version: 4.5
Check: re-building of vignette outputs
Result: WARN
    Error(s) in re-building vignettes:
     ...
    --- re-building ‘molaR_vignette.Rmd’ using rmarkdown
    Loading required package: alphahull
    Loading required package: rgl
    Loading required package: Rvcg
    Quitting from lines 58-60 (molaR_vignette.Rmd)
    Error: processing vignette 'molaR_vignette.Rmd' failed with diagnostics:
    there is no package called 'mime'
    --- failed re-building ‘molaR_vignette.Rmd’
    
    SUMMARY: processing the following file failed:
     ‘molaR_vignette.Rmd’
    
    Error: Vignette re-building failed.
    Execution halted
Flavors: r-patched-linux-x86_64, r-release-linux-x86_64

Version: 4.5
Check: re-building of vignette outputs
Result: WARN
    Error(s) in re-building vignettes:
     ...
    --- re-building ‘molaR_vignette.Rmd’ using rmarkdown
    Warning in engine$weave(file, quiet = quiet, encoding = enc) :
     Pandoc (>= 1.12.3) not available. Falling back to R Markdown v1.
    Loading required package: alphahull
    Loading required package: rgl
    Loading required package: Rvcg
    Quitting from lines 58-60 (molaR_vignette.Rmd)
    Error: processing vignette 'molaR_vignette.Rmd' failed with diagnostics:
    invalid 'path' argument
    --- failed re-building ‘molaR_vignette.Rmd’
    
    SUMMARY: processing the following file failed:
     ‘molaR_vignette.Rmd’
    
    Error: Vignette re-building failed.
    Execution halted
Flavor: r-release-macos-x86_64

Version: 4.5
Check: re-building of vignette outputs
Result: WARN
    Error(s) in re-building vignettes:
    --- re-building 'molaR_vignette.Rmd' using rmarkdown
    Loading required package: alphahull
    Loading required package: rgl
    Loading required package: Rvcg
    Quitting from lines 58-60 (molaR_vignette.Rmd)
    Error: processing vignette 'molaR_vignette.Rmd' failed with diagnostics:
    there is no package called 'mime'
    --- failed re-building 'molaR_vignette.Rmd'
    
    SUMMARY: processing the following file failed:
     'molaR_vignette.Rmd'
    
    Error: Vignette re-building failed.
    Execution halted
Flavors: r-release-windows-ix86+x86_64, r-oldrel-windows-ix86+x86_64

Version: 4.5
Check: re-building of vignette outputs
Result: WARN
    Error(s) in re-building vignettes:
     ...
    --- re-building ‘molaR_vignette.Rmd’ using rmarkdown
    Warning in engine$weave(file, quiet = quiet, encoding = enc) :
     Pandoc (>= 1.12.3) and/or pandoc-citeproc not available. Falling back to R Markdown v1.
    Loading required package: alphahull
    Loading required package: rgl
    Loading required package: Rvcg
    Quitting from lines 58-60 (molaR_vignette.Rmd)
    Error: processing vignette 'molaR_vignette.Rmd' failed with diagnostics:
    cannot open the connection
    --- failed re-building ‘molaR_vignette.Rmd’
    
    SUMMARY: processing the following file failed:
     ‘molaR_vignette.Rmd’
    
    Error: Vignette re-building failed.
    Execution halted
Flavor: r-oldrel-macos-x86_64