CRAN Package Check Results for Package movecost

Last updated on 2022-01-22 05:10:23 CET.

Flavor Version Tinstall Tcheck Ttotal Status Flags
r-devel-linux-x86_64-debian-clang 1.4 34.21 308.00 342.21 OK
r-devel-linux-x86_64-debian-gcc 1.4 24.09 229.79 253.88 OK
r-devel-linux-x86_64-fedora-clang 1.4 407.07 NOTE
r-devel-linux-x86_64-fedora-gcc 1.4 395.30 NOTE
r-devel-windows-x86_64-new-UL 1.4 53.00 327.00 380.00 OK
r-devel-windows-x86_64-new-TK 1.4 NOTE
r-patched-linux-x86_64 1.4 30.98 293.56 324.54 OK
r-release-linux-x86_64 1.4 25.48 295.97 321.45 OK
r-release-macos-arm64 1.4 NOTE
r-release-macos-x86_64 1.4 NOTE
r-release-windows-ix86+x86_64 1.4 86.00 372.00 458.00 OK
r-oldrel-macos-x86_64 1.4 ERROR
r-oldrel-windows-ix86+x86_64 1.4 86.00 373.00 459.00 OK

Check Details

Version: 1.4
Check: data for non-ASCII characters
Result: NOTE
     Note: found 3 marked UTF-8 strings
Flavors: r-devel-linux-x86_64-fedora-clang, r-devel-linux-x86_64-fedora-gcc, r-devel-windows-x86_64-new-TK, r-release-macos-arm64, r-release-macos-x86_64

Version: 1.4
Check: package dependencies
Result: ERROR
    Package required and available but unsuitable version: ‘methods’
    
    See section ‘The DESCRIPTION file’ in the ‘Writing R Extensions’
    manual.
Flavor: r-oldrel-macos-x86_64