CRAN Package Check Results for Package mrbayes

Last updated on 2020-11-28 05:51:12 CET.

Flavor Version Tinstall Tcheck Ttotal Status Flags
r-devel-linux-x86_64-debian-clang 0.2.0 388.63 319.87 708.50 NOTE
r-devel-linux-x86_64-debian-gcc 0.2.0 590.62 217.22 807.84 NOTE
r-devel-linux-x86_64-fedora-clang 0.2.0 837.55 NOTE
r-devel-linux-x86_64-fedora-gcc 0.2.0 904.95 NOTE
r-devel-windows-ix86+x86_64 0.2.0 767.00 420.00 1187.00 NOTE
r-patched-linux-x86_64 0.2.0 501.17 291.73 792.90 NOTE
r-patched-solaris-x86 0.2.0 955.40 NOTE
r-release-linux-x86_64 0.2.0 508.75 292.42 801.17 NOTE
r-release-macos-x86_64 0.2.0 NOTE
r-release-windows-ix86+x86_64 0.2.0 538.00 412.00 950.00 NOTE
r-oldrel-macos-x86_64 0.2.0 NOTE
r-oldrel-windows-ix86+x86_64 0.2.0 580.00 444.00 1024.00 NOTE

Check Details

Version: 0.2.0
Check: for GNU extensions in Makefiles
Result: NOTE
    GNU make is a SystemRequirements.
Flavors: r-devel-linux-x86_64-debian-clang, r-devel-linux-x86_64-debian-gcc, r-devel-linux-x86_64-fedora-clang, r-devel-linux-x86_64-fedora-gcc, r-devel-windows-ix86+x86_64, r-patched-linux-x86_64, r-patched-solaris-x86, r-release-linux-x86_64, r-release-macos-x86_64, r-release-windows-ix86+x86_64, r-oldrel-macos-x86_64, r-oldrel-windows-ix86+x86_64

Version: 0.2.0
Check: installed package size
Result: NOTE
     installed size is 62.8Mb
     sub-directories of 1Mb or more:
     libs 62.4Mb
Flavors: r-devel-linux-x86_64-fedora-clang, r-devel-windows-ix86+x86_64, r-release-macos-x86_64, r-release-windows-ix86+x86_64, r-oldrel-macos-x86_64, r-oldrel-windows-ix86+x86_64

Version: 0.2.0
Check: dependencies in R code
Result: NOTE
    Namespace in Imports field not imported from: ‘rstantools’
     All declared Imports should be used.
Flavors: r-devel-linux-x86_64-fedora-clang, r-devel-linux-x86_64-fedora-gcc, r-patched-solaris-x86, r-release-macos-x86_64, r-oldrel-macos-x86_64