CRAN Package Check Results for Package mrbsizeR

Last updated on 2024-06-13 06:58:09 CEST.

Flavor Version Tinstall Tcheck Ttotal Status Flags
r-devel-linux-x86_64-debian-clang 1.3 26.04 93.96 120.00 OK
r-devel-linux-x86_64-debian-gcc 1.3 20.48 48.25 68.73 ERROR
r-devel-linux-x86_64-fedora-clang 1.3 167.01 OK
r-devel-linux-x86_64-fedora-gcc 1.3 172.39 OK
r-devel-windows-x86_64 1.3 26.00 132.00 158.00 OK
r-patched-linux-x86_64 1.3 30.45 89.25 119.70 OK
r-release-linux-x86_64 1.3 26.60 88.14 114.74 OK
r-release-macos-arm64 1.3 52.00 OK
r-release-macos-x86_64 1.3 85.00 OK
r-release-windows-x86_64 1.3 27.00 138.00 165.00 OK
r-oldrel-macos-arm64 1.3 56.00 OK
r-oldrel-macos-x86_64 1.3 110.00 OK
r-oldrel-windows-x86_64 1.3 33.00 149.00 182.00 OK

Check Details

Version: 1.3
Check: package dependencies
Result: NOTE Package suggested but not available for checking: ‘testthat’ Flavor: r-devel-linux-x86_64-debian-gcc

Version: 1.3
Check: tests
Result: ERROR Running ‘testthat.R’ [0s/0s] Running the tests in ‘tests/testthat.R’ failed. Complete output: > library(testthat) Error in library(testthat) : there is no package called 'testthat' Execution halted Flavor: r-devel-linux-x86_64-debian-gcc