CRAN Package Check Results for Package mrbsizeR

Last updated on 2022-08-12 05:52:52 CEST.

Flavor Version Tinstall Tcheck Ttotal Status Flags
r-devel-linux-x86_64-debian-clang 1.2.1.1 33.01 93.80 126.81 NOTE
r-devel-linux-x86_64-debian-gcc 1.2.1.1 21.40 68.11 89.51 NOTE
r-devel-linux-x86_64-fedora-clang 1.2.1.1 170.81 NOTE
r-devel-linux-x86_64-fedora-gcc 1.2.1.1 155.92 NOTE
r-devel-windows-x86_64 1.2.1.1 39.00 144.00 183.00 NOTE
r-patched-linux-x86_64 1.2.1.1 23.99 88.62 112.61 NOTE
r-release-linux-x86_64 1.2.1.1 27.51 88.06 115.57 NOTE
r-release-macos-arm64 1.2.1.1 52.00 NOTE
r-release-macos-x86_64 1.2.1.1 76.00 NOTE
r-release-windows-x86_64 1.2.1.1 47.00 153.00 200.00 NOTE
r-oldrel-macos-arm64 1.2.1.1 53.00 NOTE
r-oldrel-macos-x86_64 1.2.1.1 78.00 NOTE
r-oldrel-windows-ix86+x86_64 1.2.1.1 73.00 178.00 251.00 NOTE

Check Details

Version: 1.2.1.1
Check: LazyData
Result: NOTE
     'LazyData' is specified without a 'data' directory
Flavors: r-devel-linux-x86_64-debian-clang, r-devel-linux-x86_64-debian-gcc, r-devel-linux-x86_64-fedora-clang, r-devel-linux-x86_64-fedora-gcc, r-devel-windows-x86_64, r-patched-linux-x86_64, r-release-linux-x86_64, r-release-macos-arm64, r-release-macos-x86_64, r-release-windows-x86_64, r-oldrel-macos-arm64, r-oldrel-macos-x86_64, r-oldrel-windows-ix86+x86_64