CRAN Package Check Results for Package mrgsolve

Last updated on 2019-05-23 05:49:07 CEST.

Flavor Version Tinstall Tcheck Ttotal Status Flags
r-devel-linux-x86_64-debian-clang 0.9.0 109.65 91.89 201.54 OK
r-devel-linux-x86_64-debian-gcc 0.9.0 92.24 70.86 163.10 OK
r-devel-linux-x86_64-fedora-clang 0.9.0 285.95 NOTE
r-devel-linux-x86_64-fedora-gcc 0.9.0 261.58 OK
r-devel-windows-ix86+x86_64 0.9.0 243.00 214.00 457.00 OK
r-patched-linux-x86_64 0.9.0 106.03 89.77 195.80 OK
r-patched-solaris-x86 0.9.0 297.10 OK
r-release-linux-x86_64 0.9.0 107.08 89.73 196.81 OK
r-release-windows-ix86+x86_64 0.9.0 350.00 165.00 515.00 OK
r-release-osx-x86_64 0.9.0 NOTE
r-oldrel-windows-ix86+x86_64 0.9.0 242.00 145.00 387.00 OK
r-oldrel-osx-x86_64 0.9.0 NOTE

Additional issues

LTO

Check Details

Version: 0.9.0
Check: installed package size
Result: NOTE
     installed size is 6.1Mb
     sub-directories of 1Mb or more:
     libs 4.6Mb
Flavors: r-devel-linux-x86_64-fedora-clang, r-release-osx-x86_64, r-oldrel-osx-x86_64