CRAN Package Check Results for Package mrgsolve

Last updated on 2019-08-18 05:46:19 CEST.

Flavor Version Tinstall Tcheck Ttotal Status Flags
r-devel-linux-x86_64-debian-clang 0.9.2 110.86 96.37 207.23 OK
r-devel-linux-x86_64-debian-gcc 0.9.2 91.58 72.16 163.74 OK
r-devel-linux-x86_64-fedora-clang 0.9.2 296.33 NOTE
r-devel-linux-x86_64-fedora-gcc 0.9.2 289.77 OK
r-devel-windows-ix86+x86_64 0.9.2 341.00 224.00 565.00 OK
r-patched-linux-x86_64 0.9.2 102.88 92.13 195.01 OK
r-patched-solaris-x86 0.9.2 289.10 OK
r-release-linux-x86_64 0.9.2 100.33 92.05 192.38 OK
r-release-windows-ix86+x86_64 0.9.2 354.00 207.00 561.00 OK
r-release-osx-x86_64 0.9.2 NOTE
r-oldrel-windows-ix86+x86_64 0.9.2 313.00 212.00 525.00 OK
r-oldrel-osx-x86_64 0.9.2 NOTE

Check Details

Version: 0.9.2
Check: installed package size
Result: NOTE
     installed size is 6.5Mb
     sub-directories of 1Mb or more:
     libs 5.0Mb
Flavors: r-devel-linux-x86_64-fedora-clang, r-release-osx-x86_64, r-oldrel-osx-x86_64