CRAN Package Check Results for Package msSurv

Last updated on 2022-01-24 05:51:56 CET.

Flavor Version Tinstall Tcheck Ttotal Status Flags
r-devel-linux-x86_64-debian-clang 1.2-2 9.46 163.87 173.33 NOTE
r-devel-linux-x86_64-debian-gcc 1.2-2 6.21 117.96 124.17 NOTE
r-devel-linux-x86_64-fedora-clang 1.2-2 209.68 NOTE
r-devel-linux-x86_64-fedora-gcc 1.2-2 196.21 NOTE
r-devel-windows-x86_64-new-UL 1.2-2 39.00 197.00 236.00 NOTE
r-devel-windows-x86_64-new-TK 1.2-2 NOTE
r-patched-linux-x86_64 1.2-2 8.43 156.89 165.32 NOTE
r-release-linux-x86_64 1.2-2 6.44 157.26 163.70 NOTE
r-release-macos-arm64 1.2-2 NOTE
r-release-macos-x86_64 1.2-2 NOTE
r-release-windows-ix86+x86_64 1.2-2 19.00 191.00 210.00 NOTE
r-oldrel-macos-x86_64 1.2-2 NOTE
r-oldrel-windows-ix86+x86_64 1.2-2 18.00 192.00 210.00 NOTE

Check Details

Version: 1.2-2
Check: R code for possible problems
Result: NOTE
    BS.var: no visible binding for global variable 'var'
    BS.var: no visible global function definition for 'cov'
    Dist.CIs: no visible global function definition for 'qnorm'
    MSM.CIs: no visible global function definition for 'qnorm'
    plot,msSurv-missing: no visible global function definition for 'update'
    summary,msSurv: no visible global function definition for 'quantile'
    Undefined global functions or variables:
     cov qnorm quantile update var
    Consider adding
     importFrom("stats", "cov", "qnorm", "quantile", "update", "var")
    to your NAMESPACE file.
Flavors: r-devel-linux-x86_64-debian-clang, r-devel-linux-x86_64-debian-gcc, r-devel-linux-x86_64-fedora-clang, r-devel-linux-x86_64-fedora-gcc, r-devel-windows-x86_64-new-UL, r-devel-windows-x86_64-new-TK, r-patched-linux-x86_64, r-release-linux-x86_64, r-release-macos-arm64, r-release-macos-x86_64, r-release-windows-ix86+x86_64, r-oldrel-macos-x86_64, r-oldrel-windows-ix86+x86_64