CRAN Package Check Results for Package muRL

Last updated on 2019-12-07 05:47:39 CET.

Flavor Version Tinstall Tcheck Ttotal Status Flags
r-devel-linux-x86_64-debian-clang 0.1-11 2.89 25.33 28.22 NOTE
r-devel-linux-x86_64-debian-gcc 0.1-12 2.46 20.64 23.10 OK
r-devel-linux-x86_64-fedora-clang 0.1-12 36.14 OK
r-devel-linux-x86_64-fedora-gcc 0.1-12 34.21 OK
r-devel-windows-ix86+x86_64 0.1-11 6.00 52.00 58.00 OK
r-devel-windows-ix86+x86_64-gcc8 0.1-11 7.00 52.00 59.00 OK
r-patched-linux-x86_64 0.1-11 2.27 24.11 26.38 OK
r-patched-solaris-x86 0.1-11 57.40 OK
r-release-linux-x86_64 0.1-11 2.34 23.92 26.26 OK
r-release-windows-ix86+x86_64 0.1-11 9.00 36.00 45.00 OK
r-release-osx-x86_64 0.1-11 OK
r-oldrel-windows-ix86+x86_64 0.1-12 4.00 37.00 41.00 OK
r-oldrel-osx-x86_64 0.1-11 OK

Check Details

Version: 0.1-11
Check: for non-standard things in the check directory
Result: NOTE
    Found the following files/directories:
     'mailmerge.tex'
Flavor: r-devel-linux-x86_64-debian-clang