CRAN Package Check Results for Package muRL

Last updated on 2019-08-21 05:46:57 CEST.

Flavor Version Tinstall Tcheck Ttotal Status Flags
r-devel-linux-x86_64-debian-clang 0.1-11 2.77 24.17 26.94 NOTE
r-devel-linux-x86_64-debian-gcc 0.1-11 2.32 20.22 22.54 NOTE
r-devel-linux-x86_64-fedora-clang 0.1-11 34.90 NOTE
r-devel-linux-x86_64-fedora-gcc 0.1-11 32.90 NOTE
r-devel-windows-ix86+x86_64 0.1-11 9.00 52.00 61.00 OK
r-patched-linux-x86_64 0.1-11 2.44 24.69 27.13 OK
r-patched-solaris-x86 0.1-11 64.80 OK
r-release-linux-x86_64 0.1-11 2.45 24.53 26.98 OK
r-release-windows-ix86+x86_64 0.1-11 5.00 37.00 42.00 OK
r-release-osx-x86_64 0.1-11 OK
r-oldrel-windows-ix86+x86_64 0.1-11 7.00 50.00 57.00 OK
r-oldrel-osx-x86_64 0.1-11 OK

Check Details

Version: 0.1-11
Check: for non-standard things in the check directory
Result: NOTE
    Found the following files/directories:
     'mailmerge.tex'
Flavors: r-devel-linux-x86_64-debian-clang, r-devel-linux-x86_64-debian-gcc, r-devel-linux-x86_64-fedora-clang, r-devel-linux-x86_64-fedora-gcc