CRAN Package Check Results for Package multichull

Last updated on 2024-06-13 06:58:09 CEST.

Flavor Version Tinstall Tcheck Ttotal Status Flags
r-devel-linux-x86_64-debian-clang 1.0.1 8.36 68.25 76.61 OK
r-devel-linux-x86_64-debian-gcc 1.0.1 0.21 1.75 1.96 ERROR
r-devel-linux-x86_64-fedora-clang 1.0.1 103.28 OK
r-devel-linux-x86_64-fedora-gcc 1.0.1 93.33 OK
r-devel-windows-x86_64 1.0.1 8.00 75.00 83.00 OK
r-patched-linux-x86_64 1.0.1 6.17 67.73 73.90 OK
r-release-linux-x86_64 1.0.1 6.73 67.10 73.83 OK
r-release-macos-arm64 1.0.1 32.00 OK
r-release-macos-x86_64 1.0.1 81.00 OK
r-release-windows-x86_64 1.0.1 11.00 77.00 88.00 OK
r-oldrel-macos-arm64 1.0.1 40.00 OK
r-oldrel-macos-x86_64 1.0.1 63.00 OK
r-oldrel-windows-x86_64 1.0.1 10.00 88.00 98.00 OK

Check Details

Version: 1.0.1
Check: package dependencies
Result: ERROR Packages required but not available: 'igraph', 'plotly' See section ‘The DESCRIPTION file’ in the ‘Writing R Extensions’ manual. Flavor: r-devel-linux-x86_64-debian-gcc