CRAN Package Check Results for Package multiclassPairs

Last updated on 2022-09-24 05:51:09 CEST.

Flavor Version Tinstall Tcheck Ttotal Status Flags
r-devel-linux-x86_64-debian-clang 0.4.3 21.42 235.56 256.98 OK
r-devel-linux-x86_64-debian-gcc 0.4.3 17.26 175.24 192.50 OK
r-devel-linux-x86_64-fedora-clang 0.4.3 327.35 OK
r-devel-linux-x86_64-fedora-gcc 0.4.3 304.51 OK
r-devel-windows-x86_64 0.4.3 61.00 242.00 303.00 OK
r-patched-linux-x86_64 0.4.3 15.97 221.16 237.13 OK
r-release-linux-x86_64 0.4.3 17.35 218.05 235.40 OK
r-release-macos-arm64 0.4.3 98.00 OK
r-release-macos-x86_64 0.4.3 179.00 OK
r-release-windows-x86_64 0.4.3 68.00 243.00 311.00 OK
r-oldrel-macos-arm64 0.4.3 112.00 OK
r-oldrel-macos-x86_64 0.4.3 430.00 NOTE
r-oldrel-windows-ix86+x86_64 0.4.3 44.00 244.00 288.00 WARN

Check Details

Version: 0.4.3
Check: package dependencies
Result: NOTE
    Packages suggested but not available for checking:
     'switchBox', 'leukemiasEset'
Flavor: r-oldrel-macos-x86_64

Version: 0.4.3
Check: package dependencies
Result: NOTE
    Package suggested but not available for checking: 'leukemiasEset'
Flavor: r-oldrel-windows-ix86+x86_64

Version: 0.4.3
Check: re-building of vignette outputs
Result: WARN
    Error(s) in re-building vignettes:
    --- re-building 'Tutorial.Rmd' using rmarkdown
    
    
    Warning: unable to access index for repository https://bioconductor.org/packages/3.14/bioc/src/contrib:
     cannot open URL 'https://bioconductor.org/packages/3.14/bioc/src/contrib/PACKAGES'
    Warning: unable to access index for repository https://bioconductor.org/packages/3.14/data/annotation/src/contrib:
     cannot open URL 'https://bioconductor.org/packages/3.14/data/annotation/src/contrib/PACKAGES'
    Warning: unable to access index for repository https://bioconductor.org/packages/3.14/data/experiment/src/contrib:
     cannot open URL 'https://bioconductor.org/packages/3.14/data/experiment/src/contrib/PACKAGES'
    Warning: unable to access index for repository https://bioconductor.org/packages/3.14/workflows/src/contrib:
     cannot open URL 'https://bioconductor.org/packages/3.14/workflows/src/contrib/PACKAGES'
    Bioconductor version 3.14 (BiocManager 1.30.18), R 4.1.3 (2022-03-10)
    Installing package(s) 'BiocVersion', 'leukemiasEset'
    Warning: unable to access index for repository https://bioconductor.org/packages/3.14/bioc/src/contrib:
     cannot open URL 'https://bioconductor.org/packages/3.14/bioc/src/contrib/PACKAGES'
    Warning: unable to access index for repository https://bioconductor.org/packages/3.14/data/annotation/src/contrib:
     cannot open URL 'https://bioconductor.org/packages/3.14/data/annotation/src/contrib/PACKAGES'
    Warning: unable to access index for repository https://bioconductor.org/packages/3.14/data/experiment/src/contrib:
     cannot open URL 'https://bioconductor.org/packages/3.14/data/experiment/src/contrib/PACKAGES'
    Warning: unable to access index for repository https://bioconductor.org/packages/3.14/workflows/src/contrib:
     cannot open URL 'https://bioconductor.org/packages/3.14/workflows/src/contrib/PACKAGES'
    Warning: packages 'BiocVersion', 'leukemiasEset' are not available for Bioconductor version '3.14'
    
    Versions of these packages for your version of R might be available elsewhere,
    see the ideas at
    https://cran.r-project.org/doc/manuals/r-patched/R-admin.html#Installing-packages
    Warning: unable to access index for repository https://bioconductor.org/packages/3.14/bioc/bin/windows/contrib/4.1:
     cannot open URL 'https://bioconductor.org/packages/3.14/bioc/bin/windows/contrib/4.1/PACKAGES'
    Warning: unable to access index for repository https://bioconductor.org/packages/3.14/data/annotation/bin/windows/contrib/4.1:
     cannot open URL 'https://bioconductor.org/packages/3.14/data/annotation/bin/windows/contrib/4.1/PACKAGES'
    Warning: unable to access index for repository https://bioconductor.org/packages/3.14/data/experiment/bin/windows/contrib/4.1:
     cannot open URL 'https://bioconductor.org/packages/3.14/data/experiment/bin/windows/contrib/4.1/PACKAGES'
    Warning: unable to access index for repository https://bioconductor.org/packages/3.14/workflows/bin/windows/contrib/4.1:
     cannot open URL 'https://bioconductor.org/packages/3.14/workflows/bin/windows/contrib/4.1/PACKAGES'
    Warning: unable to access index for repository https://bioconductor.org/packages/3.14/bioc/src/contrib:
     cannot open URL 'https://bioconductor.org/packages/3.14/bioc/src/contrib/PACKAGES'
    Warning: unable to access index for repository https://bioconductor.org/packages/3.14/data/annotation/src/contrib:
     cannot open URL 'https://bioconductor.org/packages/3.14/data/annotation/src/contrib/PACKAGES'
    Warning: unable to access index for repository https://bioconductor.org/packages/3.14/data/experiment/src/contrib:
     cannot open URL 'https://bioconductor.org/packages/3.14/data/experiment/src/contrib/PACKAGES'
    Warning: unable to access index for repository https://bioconductor.org/packages/3.14/workflows/src/contrib:
     cannot open URL 'https://bioconductor.org/packages/3.14/workflows/src/contrib/PACKAGES'
    Installation paths not writeable, unable to update packages
     path: D:/RCompile/recent/R-4.1.3/library
     packages:
     MASS, Matrix, cluster, mgcv, nlme, survival
    Old packages: 'stringi'
    Quitting from lines 131-144 (Tutorial.Rmd)
    Error: processing vignette 'Tutorial.Rmd' failed with diagnostics:
    there is no package called 'leukemiasEset'
    --- failed re-building 'Tutorial.Rmd'
    
    SUMMARY: processing the following file failed:
     'Tutorial.Rmd'
    
    Error: Vignette re-building failed.
    Execution halted
Flavor: r-oldrel-windows-ix86+x86_64