CRAN Package Check Results for Package multicolor

Last updated on 2021-12-07 05:55:11 CET.

Flavor Version Tinstall Tcheck Ttotal Status Flags
r-devel-linux-x86_64-debian-clang 0.1.5 2.91 62.63 65.54 OK
r-devel-linux-x86_64-debian-gcc 0.1.5 1.65 49.97 51.62 OK
r-devel-linux-x86_64-fedora-clang 0.1.5 80.24 NOTE
r-devel-linux-x86_64-fedora-gcc 0.1.5 71.22 NOTE
r-devel-windows-x86_64-new-UL 0.1.5 9.00 77.00 86.00 OK
r-devel-windows-x86_64-new-TK 0.1.5 NOTE
r-devel-windows-x86_64-old 0.1.5 5.00 42.00 47.00 OK
r-patched-linux-x86_64 0.1.5 3.14 62.50 65.64 OK
r-release-linux-x86_64 0.1.5 2.69 60.64 63.33 OK
r-release-macos-arm64 0.1.5 NOTE
r-release-macos-x86_64 0.1.5 NOTE
r-release-windows-ix86+x86_64 0.1.5 6.00 49.00 55.00 OK
r-oldrel-macos-x86_64 0.1.5 NOTE
r-oldrel-windows-ix86+x86_64 0.1.5 6.00 56.00 62.00 OK

Check Details

Version: 0.1.5
Check: dependencies in R code
Result: NOTE
    Namespace in Imports field not imported from: ‘cowsay’
     All declared Imports should be used.
Flavors: r-devel-linux-x86_64-fedora-clang, r-devel-linux-x86_64-fedora-gcc, r-devel-windows-x86_64-new-TK, r-release-macos-arm64, r-release-macos-x86_64, r-oldrel-macos-x86_64