CRAN Package Check Results for Package multinets

Last updated on 2019-10-23 05:46:33 CEST.

Flavor Version Tinstall Tcheck Ttotal Status Flags
r-devel-linux-x86_64-debian-clang 0.2.1 37.60 30.09 67.69 OK
r-devel-linux-x86_64-debian-gcc 0.2.1 22.49 24.45 46.94 OK
r-devel-linux-x86_64-fedora-clang 0.2.1 91.01 NOTE
r-devel-linux-x86_64-fedora-gcc 0.2.1 79.73 NOTE
r-devel-windows-ix86+x86_64 0.2.1 60.00 102.00 162.00 OK
r-patched-linux-x86_64 0.2.1 25.16 29.89 55.05 OK
r-patched-solaris-x86 0.2.1 94.90 NOTE
r-release-linux-x86_64 0.2.1 26.81 29.33 56.14 OK
r-release-windows-ix86+x86_64 0.2.1 76.00 64.00 140.00 OK
r-release-osx-x86_64 0.2.1 NOTE
r-oldrel-windows-ix86+x86_64 0.2.1 71.00 93.00 164.00 OK
r-oldrel-osx-x86_64 0.2.1 NOTE

Check Details

Version: 0.2.1
Check: dependencies in R code
Result: NOTE
    Namespace in Imports field not imported from: ‘igraphdata’
     All declared Imports should be used.
Flavors: r-devel-linux-x86_64-fedora-clang, r-devel-linux-x86_64-fedora-gcc, r-patched-solaris-x86, r-release-osx-x86_64, r-oldrel-osx-x86_64