CRAN Package Check Results for Package multisensi

Last updated on 2024-06-18 05:57:42 CEST.

Flavor Version Tinstall Tcheck Ttotal Status Flags
r-devel-linux-x86_64-debian-clang 2.1-1 14.52 190.16 204.68 NOTE
r-devel-linux-x86_64-debian-gcc 2.1-1 11.58 140.69 152.27 NOTE
r-devel-linux-x86_64-fedora-clang 2.1-1 274.06 NOTE
r-devel-linux-x86_64-fedora-gcc 2.1-1 251.85 NOTE
r-devel-windows-x86_64 2.1-1 14.00 162.00 176.00 NOTE
r-patched-linux-x86_64 2.1-1 13.12 178.01 191.13 NOTE
r-release-linux-x86_64 2.1-1 9.92 178.26 188.18 NOTE
r-release-macos-arm64 2.1-1 85.00 NOTE
r-release-macos-x86_64 2.1-1 140.00 WARN
r-release-windows-x86_64 2.1-1 13.00 163.00 176.00 NOTE
r-oldrel-macos-arm64 2.1-1 82.00 OK
r-oldrel-macos-x86_64 2.1-1 146.00 OK
r-oldrel-windows-x86_64 2.1-1 19.00 196.00 215.00 OK

Check Details

Version: 2.1-1
Check: Rd files
Result: NOTE checkRd: (-1) biomasse.Rd:30: Lost braces 30 | Makowski, D., Jeuffroy, M.-H., Gu\'{e}rif, M., 2004 Bayesian methods for | ^ checkRd: (-1) climat.Rd:20: Lost braces 20 | Makowski, D., Jeuffroy, M.-H., Gu\'{e}rif, M., 2004 Bayesian methods for | ^ checkRd: (-1) simulmodel.Rd:15: Lost braces 15 | \item{\dots}{... }{possible fixed parameters of the R-function} | ^ Flavors: r-devel-linux-x86_64-debian-clang, r-devel-linux-x86_64-debian-gcc, r-devel-linux-x86_64-fedora-clang, r-devel-linux-x86_64-fedora-gcc, r-devel-windows-x86_64, r-patched-linux-x86_64, r-release-linux-x86_64, r-release-macos-arm64, r-release-macos-x86_64, r-release-windows-x86_64

Version: 2.1-1
Check: re-building of vignette outputs
Result: WARN Error(s) in re-building vignettes: ... --- re-building ‘multisensi-vignette.rnw’ using knitr Error: processing vignette 'multisensi-vignette.rnw' failed with diagnostics: Running 'texi2dvi' on 'multisensi-vignette.tex' failed. LaTeX errors: ! Undefined control sequence. l.135 \hldef {verhulst} \hlkwb{<-} \hlkwa{function}\hldef{(}\hlkwc{K}\hldef{,... ? ! Emergency stop. l.135 End of file on the terminal! ! ==> Fatal error occurred, no output PDF file produced! --- failed re-building ‘multisensi-vignette.rnw’ SUMMARY: processing the following file failed: ‘multisensi-vignette.rnw’ Error: Vignette re-building failed. Execution halted Flavor: r-release-macos-x86_64