CRAN Package Check Results for Package mumm

Last updated on 2020-01-17 05:47:18 CET.

Flavor Version Tinstall Tcheck Ttotal Status Flags
r-devel-linux-x86_64-debian-clang 0.2.1 97.80 68.37 166.17 OK
r-devel-linux-x86_64-debian-gcc 0.2.1 87.97 54.34 142.31 OK
r-devel-linux-x86_64-fedora-clang 0.2.1 248.12 NOTE
r-devel-linux-x86_64-fedora-gcc 0.2.1 247.08 OK
r-devel-windows-ix86+x86_64 0.2.1 204.00 155.00 359.00 NOTE
r-devel-windows-ix86+x86_64-gcc8 0.2.1 161.00 157.00 318.00 NOTE
r-patched-linux-x86_64 0.2.1 87.96 62.32 150.28 OK
r-patched-solaris-x86 0.2.1 221.00 OK
r-release-linux-x86_64 0.2.1 87.11 61.84 148.95 OK
r-release-windows-ix86+x86_64 0.2.1 199.00 140.00 339.00 NOTE
r-release-osx-x86_64 0.2.1 NOTE
r-oldrel-windows-ix86+x86_64 0.2.1 185.00 99.00 284.00 NOTE
r-oldrel-osx-x86_64 0.2.1 NOTE

Check Details

Version: 0.2.1
Check: installed package size
Result: NOTE
     installed size is 27.9Mb
     sub-directories of 1Mb or more:
     libs 27.7Mb
Flavors: r-devel-linux-x86_64-fedora-clang, r-devel-windows-ix86+x86_64, r-devel-windows-ix86+x86_64-gcc8, r-release-windows-ix86+x86_64, r-release-osx-x86_64, r-oldrel-windows-ix86+x86_64, r-oldrel-osx-x86_64