CRAN Package Check Results for Package mumm

Last updated on 2019-08-25 05:46:53 CEST.

Flavor Version Tinstall Tcheck Ttotal Status Flags
r-devel-linux-x86_64-debian-clang 0.2.1 100.53 61.80 162.33 OK
r-devel-linux-x86_64-debian-gcc 0.2.1 84.20 50.39 134.59 OK
r-devel-linux-x86_64-fedora-clang 0.2.1 226.61 NOTE
r-devel-linux-x86_64-fedora-gcc 0.2.1 230.88 OK
r-devel-windows-ix86+x86_64 0.2.1 140.00 137.00 277.00 NOTE
r-patched-linux-x86_64 0.2.1 85.74 62.33 148.07 OK
r-patched-solaris-x86 0.2.1 214.30 OK
r-release-linux-x86_64 0.2.1 84.91 61.78 146.69 OK
r-release-windows-ix86+x86_64 0.2.1 190.00 139.00 329.00 NOTE
r-release-osx-x86_64 0.2.1 NOTE
r-oldrel-windows-ix86+x86_64 0.2.1 180.00 141.00 321.00 NOTE
r-oldrel-osx-x86_64 0.2.1 NOTE

Check Details

Version: 0.2.1
Check: installed package size
Result: NOTE
     installed size is 27.9Mb
     sub-directories of 1Mb or more:
     libs 27.7Mb
Flavors: r-devel-linux-x86_64-fedora-clang, r-devel-windows-ix86+x86_64, r-release-windows-ix86+x86_64, r-release-osx-x86_64, r-oldrel-windows-ix86+x86_64, r-oldrel-osx-x86_64