CRAN Package Check Results for Package mumm

Last updated on 2021-11-30 05:53:25 CET.

Flavor Version Tinstall Tcheck Ttotal Status Flags
r-devel-linux-x86_64-debian-clang 0.2.1 104.97 72.24 177.21 NOTE
r-devel-linux-x86_64-debian-gcc 0.2.1 92.87 57.41 150.28 NOTE
r-devel-linux-x86_64-fedora-clang 0.2.1 252.79 NOTE
r-devel-linux-x86_64-fedora-gcc 0.2.1 244.93 NOTE
r-devel-windows-x86_64-new-UL 0.2.1 114.00 144.00 258.00 NOTE
r-devel-windows-x86_64-new-TK 0.2.1 NOTE
r-devel-windows-x86_64-old 0.2.1 104.00 85.00 189.00 NOTE
r-patched-linux-x86_64 0.2.1 93.54 70.77 164.31 NOTE
r-patched-solaris-x86 0.2.1 227.90 NOTE
r-release-linux-x86_64 0.2.1 90.83 71.45 162.28 NOTE
r-release-macos-arm64 0.2.1 NOTE
r-release-macos-x86_64 0.2.1 NOTE
r-release-windows-ix86+x86_64 0.2.1 195.00 98.00 293.00 NOTE
r-oldrel-macos-x86_64 0.2.1 NOTE
r-oldrel-windows-ix86+x86_64 0.2.1 142.00 104.00 246.00 NOTE

Check Details

Version: 0.2.1
Check: LazyData
Result: NOTE
     'LazyData' is specified without a 'data' directory
Flavors: r-devel-linux-x86_64-debian-clang, r-devel-linux-x86_64-debian-gcc, r-devel-linux-x86_64-fedora-clang, r-devel-linux-x86_64-fedora-gcc, r-devel-windows-x86_64-new-UL, r-devel-windows-x86_64-new-TK, r-devel-windows-x86_64-old, r-patched-linux-x86_64, r-patched-solaris-x86, r-release-linux-x86_64, r-release-macos-arm64, r-release-macos-x86_64, r-release-windows-ix86+x86_64

Version: 0.2.1
Check: installed package size
Result: NOTE
     installed size is 25.8Mb
     sub-directories of 1Mb or more:
     libs 25.7Mb
Flavors: r-devel-linux-x86_64-fedora-clang, r-devel-windows-x86_64-new-UL, r-devel-windows-x86_64-old, r-release-macos-arm64, r-release-macos-x86_64, r-release-windows-ix86+x86_64, r-oldrel-macos-x86_64, r-oldrel-windows-ix86+x86_64