CRAN Package Check Results for Package mvGPS

Last updated on 2022-01-26 05:54:22 CET.

Flavor Version Tinstall Tcheck Ttotal Status Flags
r-devel-linux-x86_64-debian-clang 1.2.2 10.73 158.22 168.95 OK
r-devel-linux-x86_64-debian-gcc 1.2.2 8.91 117.89 126.80 OK
r-devel-linux-x86_64-fedora-clang 1.2.2 195.24 NOTE
r-devel-linux-x86_64-fedora-gcc 1.2.2 191.61 NOTE
r-devel-windows-x86_64-new-UL 1.2.2 33.00 193.00 226.00 OK
r-devel-windows-x86_64-new-TK 1.2.2 NOTE
r-patched-linux-x86_64 1.2.2 10.02 133.05 143.07 OK
r-release-linux-x86_64 1.2.2 9.40 131.91 141.31 OK
r-release-macos-arm64 1.2.2 NOTE
r-release-macos-x86_64 1.2.2 NOTE
r-release-windows-ix86+x86_64 1.2.2 26.00 159.00 185.00 OK
r-oldrel-macos-x86_64 1.2.2 NOTE
r-oldrel-windows-ix86+x86_64 1.2.2 27.00 162.00 189.00 OK

Check Details

Version: 1.2.2
Check: dependencies in R code
Result: NOTE
    Namespace in Imports field not imported from: ‘Rdpack’
     All declared Imports should be used.
Flavors: r-devel-linux-x86_64-fedora-clang, r-devel-linux-x86_64-fedora-gcc, r-devel-windows-x86_64-new-TK, r-release-macos-arm64, r-release-macos-x86_64, r-oldrel-macos-x86_64