CRAN Package Check Results for Package mvGPS

Last updated on 2024-07-24 06:57:21 CEST.

Flavor Version Tinstall Tcheck Ttotal Status Flags
r-devel-linux-x86_64-debian-clang 1.2.2 10.82 156.03 166.85 NOTE
r-devel-linux-x86_64-debian-gcc 1.2.2 10.02 115.73 125.75 NOTE
r-devel-linux-x86_64-fedora-clang 1.2.2 216.66 NOTE
r-devel-linux-x86_64-fedora-gcc 1.2.2 214.88 NOTE
r-devel-windows-x86_64 1.2.2 12.00 123.00 135.00 NOTE
r-patched-linux-x86_64 1.2.2 12.71 144.13 156.84 NOTE
r-release-linux-x86_64 1.2.2 10.76 146.12 156.88 NOTE
r-release-macos-arm64 1.2.2 68.00 NOTE
r-release-macos-x86_64 1.2.2 119.00 NOTE
r-release-windows-x86_64 1.2.2 13.00 125.00 138.00 NOTE
r-oldrel-macos-arm64 1.2.2 67.00 NOTE
r-oldrel-macos-x86_64 1.2.2 102.00 NOTE
r-oldrel-windows-x86_64 1.2.2 14.00 154.00 168.00 NOTE

Check Details

Version: 1.2.2
Check: Rd files
Result: NOTE checkRd: (-1) bal.Rd:156: Escaped LaTeX specials: \& Flavors: r-devel-linux-x86_64-debian-clang, r-devel-linux-x86_64-debian-gcc, r-devel-linux-x86_64-fedora-clang, r-devel-linux-x86_64-fedora-gcc, r-devel-windows-x86_64, r-patched-linux-x86_64, r-release-linux-x86_64, r-release-macos-arm64, r-release-macos-x86_64, r-release-windows-x86_64, r-oldrel-macos-arm64, r-oldrel-macos-x86_64, r-oldrel-windows-x86_64

Version: 1.2.2
Check: dependencies in R code
Result: NOTE Namespace in Imports field not imported from: ‘Rdpack’ All declared Imports should be used. Flavors: r-devel-linux-x86_64-fedora-clang, r-devel-linux-x86_64-fedora-gcc