CRAN Package Check Results for Package mvMonitoring

Last updated on 2024-06-13 06:58:09 CEST.

Flavor Version Tinstall Tcheck Ttotal Status Flags
r-devel-linux-x86_64-debian-clang 0.2.4 10.35 106.64 116.99 OK
r-devel-linux-x86_64-debian-gcc 0.2.4 0.78 1.87 2.65 ERROR
r-devel-linux-x86_64-fedora-clang 0.2.4 148.53 OK
r-devel-linux-x86_64-fedora-gcc 0.2.4 155.96 OK
r-devel-windows-x86_64 0.2.4 9.00 107.00 116.00 OK
r-patched-linux-x86_64 0.2.4 10.27 104.56 114.83 OK
r-release-linux-x86_64 0.2.4 6.75 103.57 110.32 OK
r-release-macos-arm64 0.2.4 49.00 OK
r-release-macos-x86_64 0.2.4 83.00 OK
r-release-windows-x86_64 0.2.4 9.00 118.00 127.00 OK
r-oldrel-macos-arm64 0.2.4 49.00 OK
r-oldrel-macos-x86_64 0.2.4 185.00 OK
r-oldrel-windows-x86_64 0.2.4 11.00 130.00 141.00 OK

Check Details

Version: 0.2.4
Check: package dependencies
Result: ERROR Package required but not available: ‘dplyr’ Package suggested but not available for checking: ‘testthat’ See section ‘The DESCRIPTION file’ in the ‘Writing R Extensions’ manual. Flavor: r-devel-linux-x86_64-debian-gcc