CRAN Package Check Results for Package mvProbit

Last updated on 2022-01-20 05:50:28 CET.

Flavor Version Tinstall Tcheck Ttotal Status Flags
r-devel-linux-x86_64-debian-clang 0.1-10 OK
r-devel-linux-x86_64-debian-gcc 0.1-10 3.61 156.10 159.71 OK
r-devel-linux-x86_64-fedora-clang 0.1-10 250.24 NOTE
r-devel-linux-x86_64-fedora-gcc 0.1-10 244.88 OK
r-devel-windows-x86_64-new-UL 0.1-10 32.00 268.00 300.00 OK
r-devel-windows-x86_64-new-TK 0.1-10 OK
r-patched-linux-x86_64 0.1-10 4.85 206.35 211.20 OK
r-release-linux-x86_64 0.1-10 OK
r-release-macos-arm64 0.1-10 OK
r-release-macos-x86_64 0.1-10 OK
r-release-windows-ix86+x86_64 0.1-10 10.00 263.00 273.00 OK
r-oldrel-macos-x86_64 0.1-10 OK
r-oldrel-windows-ix86+x86_64 0.1-10 11.00 259.00 270.00 OK

Check Details

Version: 0.1-10
Check: Rd cross-references
Result: NOTE
    Undeclared package ‘sampleSelection’ in Rd xrefs
Flavor: r-devel-linux-x86_64-fedora-clang