CRAN Package Check Results for Package mvmesh

Last updated on 2020-02-20 05:48:28 CET.

Flavor Version Tinstall Tcheck Ttotal Status Flags
r-devel-linux-x86_64-debian-clang 1.6 6.58 46.51 53.09 OK
r-devel-linux-x86_64-debian-gcc 1.6 4.96 35.80 40.76 OK
r-devel-linux-x86_64-fedora-clang 1.6 64.51 OK
r-devel-linux-x86_64-fedora-gcc 1.6 63.04 OK
r-devel-windows-ix86+x86_64 1.6 17.00 58.00 75.00 OK
r-devel-windows-ix86+x86_64-gcc8 1.5 24.00 81.00 105.00 OK
r-patched-linux-x86_64 1.6 5.85 40.94 46.79 OK
r-patched-solaris-x86 1.6 89.60 OK
r-release-linux-x86_64 1.6 5.73 41.30 47.03 OK
r-release-windows-ix86+x86_64 1.6 12.00 56.00 68.00 OK
r-release-osx-x86_64 1.6 WARN
r-oldrel-windows-ix86+x86_64 1.6 11.00 76.00 87.00 OK
r-oldrel-osx-x86_64 1.6 WARN

Check Details

Version: 1.6
Check: whether package can be installed
Result: WARN
    Found the following significant warnings:
     Warning: 'rgl_init' failed, running with rgl.useNULL = TRUE
Flavors: r-release-osx-x86_64, r-oldrel-osx-x86_64

Version: 1.6
Check: dependencies in R code
Result: NOTE
    No protocol specified
Flavors: r-release-osx-x86_64, r-oldrel-osx-x86_64

Version: 1.6
Check: S3 generic/method consistency
Result: WARN
    No protocol specified
    See section ‘Generic functions and methods’ in the ‘Writing R
    Extensions’ manual.
Flavors: r-release-osx-x86_64, r-oldrel-osx-x86_64

Version: 1.6
Check: replacement functions
Result: WARN
    No protocol specified
    The argument of a replacement function which corresponds to the right
    hand side must be named ‘value’.
Flavors: r-release-osx-x86_64, r-oldrel-osx-x86_64

Version: 1.6
Check: foreign function calls
Result: NOTE
    No protocol specified
    See chapter ‘System and foreign language interfaces’ in the ‘Writing R
    Extensions’ manual.
Flavors: r-release-osx-x86_64, r-oldrel-osx-x86_64

Version: 1.6
Check: R code for possible problems
Result: NOTE
    No protocol specified
Flavors: r-release-osx-x86_64, r-oldrel-osx-x86_64

Version: 1.6
Check: for missing documentation entries
Result: WARN
    No protocol specified
    All user-level objects in a package should have documentation entries.
    See chapter ‘Writing R documentation files’ in the ‘Writing R
    Extensions’ manual.
Flavors: r-release-osx-x86_64, r-oldrel-osx-x86_64

Version: 1.6
Check: for code/documentation mismatches
Result: WARN
    No protocol specified
    No protocol specified
    No protocol specified
Flavors: r-release-osx-x86_64, r-oldrel-osx-x86_64

Version: 1.6
Check: Rd \usage sections
Result: NOTE
    No protocol specified
    The \usage entries for S3 methods should use the \method markup and not
    their full name.
    See chapter ‘Writing R documentation files’ in the ‘Writing R
    Extensions’ manual.
Flavors: r-release-osx-x86_64, r-oldrel-osx-x86_64