CRAN Package Check Results for Package mvmesh

Last updated on 2019-09-17 05:47:13 CEST.

Flavor Version Tinstall Tcheck Ttotal Status Flags
r-devel-linux-x86_64-debian-clang 1.5 6.01 40.54 46.55 OK
r-devel-linux-x86_64-debian-gcc 1.5 OK
r-devel-linux-x86_64-fedora-clang 1.5 54.68 OK
r-devel-linux-x86_64-fedora-gcc 1.5 60.07 OK
r-devel-windows-ix86+x86_64 1.5 27.00 82.00 109.00 OK
r-patched-linux-x86_64 1.5 5.49 39.90 45.39 OK
r-patched-solaris-x86 1.5 82.10 OK
r-release-linux-x86_64 1.5 5.33 41.54 46.87 OK
r-release-windows-ix86+x86_64 1.5 12.00 79.00 91.00 OK
r-release-osx-x86_64 1.5 WARN
r-oldrel-windows-ix86+x86_64 1.5 9.00 50.00 59.00 OK
r-oldrel-osx-x86_64 1.5 OK

Check Details

Version: 1.5
Check: whether package can be installed
Result: WARN
    Found the following significant warnings:
     Warning: 'rgl_init' failed, running with rgl.useNULL = TRUE
Flavor: r-release-osx-x86_64