CRAN Package Check Results for Package mvord

Last updated on 2022-01-20 05:50:28 CET.

Flavor Version Tinstall Tcheck Ttotal Status Flags
r-devel-linux-x86_64-debian-clang 1.1.1 OK
r-devel-linux-x86_64-debian-gcc 1.1.1 10.57 155.65 166.22 OK
r-devel-linux-x86_64-fedora-clang 1.1.1 270.20 NOTE
r-devel-linux-x86_64-fedora-gcc 1.1.1 256.63 OK
r-devel-windows-x86_64-new-UL 1.1.1 63.00 261.00 324.00 OK
r-devel-windows-x86_64-new-TK 1.1.1 OK
r-patched-linux-x86_64 1.1.1 15.94 203.03 218.97 OK
r-release-linux-x86_64 1.1.1 OK
r-release-macos-arm64 1.1.1 OK
r-release-macos-x86_64 1.1.1 OK
r-release-windows-ix86+x86_64 1.1.1 32.00 355.00 387.00 OK
r-oldrel-macos-x86_64 1.1.1 OK
r-oldrel-windows-ix86+x86_64 1.1.1 31.00 348.00 379.00 OK

Check Details

Version: 1.1.1
Check: Rd cross-references
Result: NOTE
    Undeclared package ‘VGAM’ in Rd xrefs
Flavor: r-devel-linux-x86_64-fedora-clang