Last updated on 2022-08-19 05:52:55 CEST.
Flavor | Version | Tinstall | Tcheck | Ttotal | Status | Flags |
---|---|---|---|---|---|---|
r-devel-linux-x86_64-debian-clang | 1.0.2 | 13.24 | 205.48 | 218.72 | OK | |
r-devel-linux-x86_64-debian-gcc | 1.0.2 | 11.33 | 148.35 | 159.68 | OK | |
r-devel-linux-x86_64-fedora-clang | 1.0.2 | 285.66 | NOTE | |||
r-devel-linux-x86_64-fedora-gcc | 1.0.2 | 273.72 | NOTE | |||
r-devel-windows-x86_64 | 1.0.2 | 28.00 | 225.00 | 253.00 | OK | |
r-patched-linux-x86_64 | 1.0.2 | 13.26 | 189.57 | 202.83 | OK | |
r-release-linux-x86_64 | 1.0.2 | OK | ||||
r-release-macos-arm64 | 1.0.2 | 81.00 | NOTE | |||
r-release-macos-x86_64 | 1.0.2 | 106.00 | NOTE | |||
r-release-windows-x86_64 | 1.0.2 | 29.00 | 268.00 | 297.00 | OK | |
r-oldrel-macos-arm64 | 1.0.2 | 74.00 | NOTE | |||
r-oldrel-macos-x86_64 | 1.0.2 | 103.00 | NOTE | |||
r-oldrel-windows-ix86+x86_64 | 1.0.2 | 31.00 | 235.00 | 266.00 | OK |
Version: 1.0.2
Check: dependencies in R code
Result: NOTE
Namespaces in Imports field not imported from:
‘e1071’ ‘glue’
All declared Imports should be used.
Flavors: r-devel-linux-x86_64-fedora-clang, r-devel-linux-x86_64-fedora-gcc, r-release-macos-arm64, r-release-macos-x86_64, r-oldrel-macos-arm64, r-oldrel-macos-x86_64