CRAN Package Check Results for Package mxsem

Last updated on 2024-06-13 06:58:09 CEST.

Flavor Version Tinstall Tcheck Ttotal Status Flags
r-devel-linux-x86_64-debian-clang 0.0.9 168.61 246.10 414.71 OK
r-devel-linux-x86_64-debian-gcc 0.0.9 0.39 1.73 2.12 ERROR
r-devel-linux-x86_64-fedora-clang 0.0.9 583.35 OK
r-devel-linux-x86_64-fedora-gcc 0.0.9 558.86 OK
r-devel-windows-x86_64 0.0.9 125.00 191.00 316.00 OK
r-patched-linux-x86_64 0.0.9 126.94 275.41 402.35 OK
r-release-linux-x86_64 0.0.9 121.87 256.04 377.91 OK
r-release-macos-arm64 0.0.9 139.00 OK
r-release-macos-x86_64 0.0.9 182.00 OK
r-release-windows-x86_64 0.0.9 126.00 193.00 319.00 OK
r-oldrel-macos-arm64 0.0.9 138.00 OK
r-oldrel-macos-x86_64 0.0.9 245.00 OK
r-oldrel-windows-x86_64 0.0.9 153.00 250.00 403.00 OK

Check Details

Version: 0.0.9
Check: package dependencies
Result: ERROR Package required but not available: ‘dplyr’ Package suggested but not available for checking: ‘testthat’ See section ‘The DESCRIPTION file’ in the ‘Writing R Extensions’ manual. Flavor: r-devel-linux-x86_64-debian-gcc