CRAN Package Check Results for Package namer

Last updated on 2019-09-19 05:47:23 CEST.

Flavor Version Tinstall Tcheck Ttotal Status Flags
r-devel-linux-x86_64-debian-clang 0.1.4 1.83 22.77 24.60 OK
r-devel-linux-x86_64-debian-gcc 0.1.4 1.66 18.51 20.17 OK
r-devel-linux-x86_64-fedora-clang 0.1.4 31.34 OK
r-devel-linux-x86_64-fedora-gcc 0.1.4 33.38 OK
r-devel-windows-ix86+x86_64 0.1.4 11.00 37.00 48.00 OK
r-patched-linux-x86_64 0.1.4 1.68 22.34 24.02 OK
r-patched-solaris-x86 0.1.4 45.50 ERROR
r-release-linux-x86_64 0.1.4 1.67 22.65 24.32 OK
r-release-windows-ix86+x86_64 0.1.4 6.00 50.00 56.00 OK
r-release-osx-x86_64 0.1.4 ERROR
r-oldrel-windows-ix86+x86_64 0.1.4 3.00 35.00 38.00 OK
r-oldrel-osx-x86_64 0.1.4 ERROR

Check Details

Version: 0.1.4
Check: tests
Result: ERROR
     Running ‘testthat.R’
    Running the tests in ‘tests/testthat.R’ failed.
    Complete output:
     > library(testthat)
     > library(namer)
     >
     > test_check("namer")
     ── 1. Error: unname_all_chunks works (@test-unname_all_chunks.R#22) ───────────
     pandoc version 1.12.3 or higher is required and was not found (see the help page ?rmarkdown::pandoc_available).
     1: rmarkdown::render(temp_file_path) at testthat/test-unname_all_chunks.R:22
     2: pandoc_available(required_pandoc, error = TRUE)
     3: stop(paste(msg, collapse = " "), call. = FALSE)
    
     ══ testthat results ═══════════════════════════════════════════════════════════
     [ OK: 10 | SKIPPED: 0 | WARNINGS: 0 | FAILED: 1 ]
     1. Error: unname_all_chunks works (@test-unname_all_chunks.R#22)
    
     Error: testthat unit tests failed
     Execution halted
Flavor: r-patched-solaris-x86

Version: 0.1.4
Check: tests
Result: ERROR
     Running ‘testthat.R’ [2s/3s]
    Running the tests in ‘tests/testthat.R’ failed.
    Last 13 lines of output:
     > library(namer)
     >
     > test_check("namer")
     ── 1. Error: unname_all_chunks works (@test-unname_all_chunks.R#22) ───────────
     pandoc version 1.12.3 or higher is required and was not found (see the help page ?rmarkdown::pandoc_available).
     1: rmarkdown::render(temp_file_path) at testthat/test-unname_all_chunks.R:22
     2: pandoc_available(required_pandoc, error = TRUE)
     3: stop(paste(msg, collapse = " "), call. = FALSE)
    
     ══ testthat results ═══════════════════════════════════════════════════════════
     OK: 10 SKIPPED: 0 FAILED: 1
     1. Error: unname_all_chunks works (@test-unname_all_chunks.R#22)
    
     Error: testthat unit tests failed
     Execution halted
Flavor: r-release-osx-x86_64

Version: 0.1.4
Check: tests
Result: ERROR
     Running ‘testthat.R’ [2s/2s]
    Running the tests in ‘tests/testthat.R’ failed.
    Last 13 lines of output:
     > library(namer)
     >
     > test_check("namer")
     ── 1. Error: unname_all_chunks works (@test-unname_all_chunks.R#22) ───────────
     pandoc version 1.12.3 or higher is required and was not found (see the help page ?rmarkdown::pandoc_available).
     1: rmarkdown::render(temp_file_path) at testthat/test-unname_all_chunks.R:22
     2: pandoc_available(required_pandoc, error = TRUE)
     3: stop(paste(msg, collapse = " "), call. = FALSE)
    
     ══ testthat results ═══════════════════════════════════════════════════════════
     [ OK: 10 | SKIPPED: 0 | WARNINGS: 0 | FAILED: 1 ]
     1. Error: unname_all_chunks works (@test-unname_all_chunks.R#22)
    
     Error: testthat unit tests failed
     Execution halted
Flavor: r-oldrel-osx-x86_64