CRAN Package Check Results for Package nbfar

Last updated on 2022-08-12 05:52:53 CEST.

Flavor Version Tinstall Tcheck Ttotal Status Flags
r-devel-linux-x86_64-debian-clang 0.1 66.72 84.16 150.88 OK
r-devel-linux-x86_64-debian-gcc 0.1 0.30 2.32 2.62 ERROR
r-devel-linux-x86_64-fedora-clang 0.1 207.43 NOTE
r-devel-linux-x86_64-fedora-gcc 0.1 209.31 NOTE
r-devel-windows-x86_64 0.1 52.00 132.00 184.00 OK
r-patched-linux-x86_64 0.1 65.14 82.84 147.98 OK
r-release-linux-x86_64 0.1 67.00 83.01 150.01 OK
r-release-macos-arm64 0.1 54.00 NOTE
r-release-macos-x86_64 0.1 99.00 NOTE
r-release-windows-x86_64 0.1 66.00 135.00 201.00 OK
r-oldrel-macos-arm64 0.1 46.00 NOTE
r-oldrel-macos-x86_64 0.1 70.00 NOTE
r-oldrel-windows-ix86+x86_64 0.1 153.00 145.00 298.00 OK

Check Details

Version: 0.1
Check: package dependencies
Result: ERROR
    Package required but not available: ‘mpath’
    
    See section ‘The DESCRIPTION file’ in the ‘Writing R Extensions’
    manual.
Flavor: r-devel-linux-x86_64-debian-gcc

Version: 0.1
Check: dependencies in R code
Result: NOTE
    Namespaces in Imports field not imported from:
     ‘glmnet’ ‘rrpack’
     All declared Imports should be used.
Flavors: r-devel-linux-x86_64-fedora-clang, r-devel-linux-x86_64-fedora-gcc, r-release-macos-arm64, r-release-macos-x86_64, r-oldrel-macos-arm64, r-oldrel-macos-x86_64

Version: 0.1
Check: installed package size
Result: NOTE
     installed size is 6.8Mb
     sub-directories of 1Mb or more:
     libs 6.5Mb
Flavors: r-release-macos-arm64, r-release-macos-x86_64, r-oldrel-macos-arm64, r-oldrel-macos-x86_64