CRAN Package Check Results for Package ncmeta

Last updated on 2019-11-17 05:47:17 CET.

Flavor Version Tinstall Tcheck Ttotal Status Flags
r-devel-linux-x86_64-debian-clang 0.2.0 4.96 43.71 48.67 OK
r-devel-linux-x86_64-debian-gcc 0.2.0 4.50 33.07 37.57 OK
r-devel-linux-x86_64-fedora-clang 0.2.0 58.35 OK
r-devel-linux-x86_64-fedora-gcc 0.2.0 57.59 OK
r-devel-windows-ix86+x86_64 0.2.0 17.00 77.00 94.00 OK
r-patched-linux-x86_64 0.2.0 4.73 40.57 45.30 OK
r-patched-solaris-x86 0.2.0 73.20 ERROR
r-release-linux-x86_64 0.2.0 4.09 40.71 44.80 OK
r-release-windows-ix86+x86_64 0.2.0 9.00 104.00 113.00 OK
r-release-osx-x86_64 0.2.0 OK
r-oldrel-windows-ix86+x86_64 0.2.0 5.00 93.00 98.00 OK
r-oldrel-osx-x86_64 0.2.0 OK

Check Details

Version: 0.2.0
Check: examples
Result: ERROR
    Running examples in ‘ncmeta-Ex.R’ failed
    The error most likely occurred in:
    
    > ### Name: nc_att
    > ### Title: NetCDF attributes
    > ### Aliases: nc_att nc_att.NetCDF nc_att.character
    >
    > ### ** Examples
    >
    > f <- system.file("extdata", "S2008001.L3m_DAY_CHL_chlor_a_9km.nc", package = "ncmeta")
    > nc_att(f, 0, 0)
    Error in RNetCDF::open.nc(x) : NetCDF: HDF error
    Calls: nc_att -> nc_att.character -> <Anonymous>
    Execution halted
Flavor: r-patched-solaris-x86

Version: 0.2.0
Check: tests
Result: ERROR
     Running ‘testthat.R’
    Running the tests in ‘tests/testthat.R’ failed.
    Complete output:
     > library(testthat)
     > library(ncmeta)
     > skip_on_os("solaris")
     Error: Reason: On Solaris
     Execution halted
Flavor: r-patched-solaris-x86