CRAN Package Check Results for Package netClust

Last updated on 2024-06-18 05:57:42 CEST.

Flavor Version Tinstall Tcheck Ttotal Status Flags
r-devel-linux-x86_64-debian-clang 1.0.1 64.78 37.48 102.26 NOTE
r-devel-linux-x86_64-debian-gcc 1.0.1 42.58 26.01 68.59 NOTE
r-devel-linux-x86_64-fedora-clang 1.0.1 129.59 NOTE
r-devel-linux-x86_64-fedora-gcc 1.0.1 137.36 NOTE
r-devel-windows-x86_64 1.0.1 44.00 69.00 113.00 NOTE
r-patched-linux-x86_64 1.0.1 51.52 34.06 85.58 NOTE
r-release-linux-x86_64 1.0.1 51.26 33.84 85.10 NOTE
r-release-macos-arm64 1.0.1 33.00 NOTE
r-release-macos-x86_64 1.0.1 69.00 NOTE
r-release-windows-x86_64 1.0.1 40.00 73.00 113.00 NOTE
r-oldrel-macos-arm64 1.0.1 36.00 NOTE
r-oldrel-macos-x86_64 1.0.1 71.00 NOTE
r-oldrel-windows-x86_64 1.0.1 54.00 78.00 132.00 NOTE

Check Details

Version: 1.0.1
Check: C++ specification
Result: NOTE Specified C++11: please drop specification unless essential Flavors: r-devel-linux-x86_64-debian-clang, r-devel-linux-x86_64-debian-gcc, r-devel-linux-x86_64-fedora-clang, r-devel-linux-x86_64-fedora-gcc, r-devel-windows-x86_64, r-patched-linux-x86_64, r-release-linux-x86_64, r-release-macos-arm64, r-release-macos-x86_64, r-release-windows-x86_64, r-oldrel-macos-arm64, r-oldrel-macos-x86_64, r-oldrel-windows-x86_64

Version: 1.0.1
Check: installed package size
Result: NOTE installed size is 5.5Mb sub-directories of 1Mb or more: libs 5.4Mb Flavors: r-release-macos-arm64, r-release-macos-x86_64, r-oldrel-macos-arm64, r-oldrel-macos-x86_64