CRAN Package Check Results for Package netcom

Last updated on 2021-10-21 05:51:06 CEST.

Flavor Version Tinstall Tcheck Ttotal Status Flags
r-devel-linux-x86_64-debian-clang 2.1.5 7.38 354.46 361.84 OK
r-devel-linux-x86_64-debian-gcc 2.1.5 5.53 248.74 254.27 OK
r-devel-linux-x86_64-fedora-clang 2.1.5 415.24 NOTE
r-devel-linux-x86_64-fedora-gcc 2.1.5 402.54 NOTE
r-devel-windows-x86_64 2.1.5 12.00 416.00 428.00 OK
r-devel-windows-x86_64-gcc10-UCRT 2.1.5 ERROR
r-patched-linux-x86_64 2.1.5 6.36 323.48 329.84 OK
r-patched-solaris-x86 2.1.5 152.60 NOTE
r-release-linux-x86_64 2.1.5 5.74 322.88 328.62 OK
r-release-macos-arm64 2.1.5 NOTE
r-release-macos-x86_64 2.1.5 NOTE
r-release-windows-ix86+x86_64 2.1.5 18.00 409.00 427.00 OK
r-oldrel-macos-x86_64 2.1.5 NOTE
r-oldrel-windows-ix86+x86_64 2.1.5 16.00 440.00 456.00 OK

Check Details

Version: 2.1.5
Check: dependencies in R code
Result: NOTE
    Namespaces in Imports field not imported from:
     ‘ggfortify’ ‘ggplot2’ ‘ggraph’ ‘reshape2’
     All declared Imports should be used.
Flavors: r-devel-linux-x86_64-fedora-clang, r-devel-linux-x86_64-fedora-gcc, r-patched-solaris-x86, r-release-macos-arm64, r-release-macos-x86_64, r-oldrel-macos-x86_64

Version: 2.1.5
Check: package dependencies
Result: ERROR
    Packages required but not available: 'igraph', 'ggraph'
    
    See section 'The DESCRIPTION file' in the 'Writing R Extensions'
    manual.
Flavor: r-devel-windows-x86_64-gcc10-UCRT