Last updated on 2022-08-19 05:52:55 CEST.
Flavor | Version | Tinstall | Tcheck | Ttotal | Status | Flags |
---|---|---|---|---|---|---|
r-devel-linux-x86_64-debian-clang | 1.22.3 | 153.01 | 371.85 | 524.86 | WARN | |
r-devel-linux-x86_64-debian-gcc | 1.22.3 | 128.22 | 272.19 | 400.41 | OK | |
r-devel-linux-x86_64-fedora-clang | 1.22.3 | 663.01 | WARN | |||
r-devel-linux-x86_64-fedora-gcc | 1.22.3 | 652.73 | OK | |||
r-devel-windows-x86_64 | 1.22.3 | 500.00 | 309.00 | 809.00 | NOTE | --no-vignettes |
r-patched-linux-x86_64 | 1.22.3 | 136.38 | 343.65 | 480.03 | OK | |
r-release-linux-x86_64 | 1.22.3 | OK | ||||
r-release-macos-arm64 | 1.22.3 | 132.00 | NOTE | |||
r-release-macos-x86_64 | 1.22.3 | 203.00 | NOTE | |||
r-release-windows-x86_64 | 1.22.3 | 383.00 | 302.00 | 685.00 | NOTE | --no-vignettes |
r-oldrel-macos-arm64 | 1.22.3 | 194.00 | NOTE | |||
r-oldrel-macos-x86_64 | 1.22.3 | 213.00 | NOTE | |||
r-oldrel-windows-ix86+x86_64 | 1.22.3 | 360.00 | 399.00 | 759.00 | NOTE | --no-vignettes |
Version: 1.22.3
Check: whether package can be installed
Result: WARN
Found the following significant warnings:
netdiffuser_extra.cpp:84:12: warning: use of bitwise '|' with boolean operands [-Wbitwise-instead-of-logical]
netdiffuser_extra.cpp:85:12: warning: use of bitwise '|' with boolean operands [-Wbitwise-instead-of-logical]
netdiffuser_extra.cpp:86:12: warning: use of bitwise '|' with boolean operands [-Wbitwise-instead-of-logical]
netdiffuser_extra.cpp:87:12: warning: use of bitwise '|' with boolean operands [-Wbitwise-instead-of-logical]
netdiffuser_extra.cpp:88:12: warning: use of bitwise '|' with boolean operands [-Wbitwise-instead-of-logical]
netdiffuser_extra.cpp:89:12: warning: use of bitwise '|' with boolean operands [-Wbitwise-instead-of-logical]
netdiffuser_extra.cpp:90:12: warning: use of bitwise '|' with boolean operands [-Wbitwise-instead-of-logical]
netdiffuser_extra.cpp:91:12: warning: use of bitwise '|' with boolean operands [-Wbitwise-instead-of-logical]
netdiffuser_extra.cpp:92:12: warning: use of bitwise '|' with boolean operands [-Wbitwise-instead-of-logical]
plot.cpp:70:14: warning: use of bitwise '&' with boolean operands [-Wbitwise-instead-of-logical]
plot.cpp:70:58: warning: use of bitwise '&' with boolean operands [-Wbitwise-instead-of-logical]
plot.cpp:70:15: warning: use of bitwise '&' with boolean operands [-Wbitwise-instead-of-logical]
rgraph.cpp:257:7: warning: use of bitwise '|' with boolean operands [-Wbitwise-instead-of-logical]
Flavors: r-devel-linux-x86_64-debian-clang, r-devel-linux-x86_64-fedora-clang
Version: 1.22.3
Flags: --no-vignettes
Check: installed package size
Result: NOTE
installed size is 5.5Mb
sub-directories of 1Mb or more:
doc 2.3Mb
libs 1.5Mb
Flavors: r-devel-windows-x86_64, r-release-windows-x86_64, r-oldrel-windows-ix86+x86_64
Version: 1.22.3
Check: installed package size
Result: NOTE
installed size is 10.1Mb
sub-directories of 1Mb or more:
doc 2.2Mb
libs 6.0Mb
Flavors: r-release-macos-arm64, r-release-macos-x86_64, r-oldrel-macos-arm64, r-oldrel-macos-x86_64