CRAN Package Check Results for Package neuroim

Last updated on 2021-12-05 05:52:53 CET.

Flavor Version Tinstall Tcheck Ttotal Status Flags
r-devel-linux-x86_64-debian-clang 0.0.6 40.36 163.96 204.32 OK
r-devel-linux-x86_64-debian-gcc 0.0.6 31.75 124.52 156.27 OK
r-devel-linux-x86_64-fedora-clang 0.0.6 258.75 NOTE
r-devel-linux-x86_64-fedora-gcc 0.0.6 237.40 NOTE
r-devel-windows-x86_64-new-UL 0.0.6 91.00 235.00 326.00 OK
r-devel-windows-x86_64-new-TK 0.0.6 OK
r-devel-windows-x86_64-old 0.0.6 58.00 152.00 210.00 OK
r-patched-linux-x86_64 0.0.6 40.74 141.76 182.50 OK
r-release-linux-x86_64 0.0.6 35.67 150.64 186.31 OK
r-release-macos-arm64 0.0.6 OK
r-release-macos-x86_64 0.0.6 OK
r-release-windows-ix86+x86_64 0.0.6 87.00 253.00 340.00 OK
r-oldrel-macos-x86_64 0.0.6 OK
r-oldrel-windows-ix86+x86_64 0.0.6 86.00 247.00 333.00 OK

Check Details

Version: 0.0.6
Check: compiled code
Result: NOTE
    File ‘neuroim/libs/neuroim.so’:
     Found no calls to: ‘R_registerRoutines’, ‘R_useDynamicSymbols’
    
    It is good practice to register native routines and to disable symbol
    search.
    
    See ‘Writing portable packages’ in the ‘Writing R Extensions’ manual.
Flavors: r-devel-linux-x86_64-fedora-clang, r-devel-linux-x86_64-fedora-gcc