CRAN Package Check Results for Package neuropsychology

Last updated on 2019-09-19 05:47:23 CEST.

Flavor Version Tinstall Tcheck Ttotal Status Flags
r-devel-linux-x86_64-debian-clang 0.5.0 32.63 157.27 189.90 NOTE
r-devel-linux-x86_64-debian-gcc 0.5.0 29.61 125.41 155.02 NOTE
r-devel-linux-x86_64-fedora-clang 0.5.0 248.80 NOTE
r-devel-linux-x86_64-fedora-gcc 0.5.0 234.19 NOTE
r-devel-windows-ix86+x86_64 0.5.0 97.00 248.00 345.00 OK
r-patched-linux-x86_64 0.5.0 31.26 153.07 184.33 OK
r-patched-solaris-x86 0.5.0 395.40 NOTE
r-release-linux-x86_64 0.5.0 31.48 155.16 186.64 OK
r-release-windows-ix86+x86_64 0.5.0 54.00 242.00 296.00 OK
r-release-osx-x86_64 0.5.0 NOTE
r-oldrel-windows-ix86+x86_64 0.5.0 36.00 158.00 194.00 OK
r-oldrel-osx-x86_64 0.5.0 NOTE

Check Details

Version: 0.5.0
Check: for non-standard things in the check directory
Result: NOTE
    Found the following files/directories:
     'correlation_table.csv' 'mycorrplot.png'
Flavors: r-devel-linux-x86_64-debian-clang, r-devel-linux-x86_64-debian-gcc, r-devel-linux-x86_64-fedora-clang, r-devel-linux-x86_64-fedora-gcc

Version: 0.5.0
Check: dependencies in R code
Result: NOTE
    Namespaces in Imports field not imported from:
     ‘htmlTable’ ‘lme4’ ‘stringi’
     All declared Imports should be used.
Flavors: r-devel-linux-x86_64-fedora-clang, r-devel-linux-x86_64-fedora-gcc, r-patched-solaris-x86, r-release-osx-x86_64, r-oldrel-osx-x86_64