CRAN Package Check Results for Package neuropsychology

Last updated on 2020-02-27 05:48:53 CET.

Flavor Version Tinstall Tcheck Ttotal Status Flags
r-devel-linux-x86_64-debian-clang 0.5.0 35.93 185.78 221.71 NOTE
r-devel-linux-x86_64-debian-gcc 0.5.0 31.97 145.77 177.74 NOTE
r-devel-linux-x86_64-fedora-clang 0.5.0 283.89 NOTE
r-devel-linux-x86_64-fedora-gcc 0.5.0 269.75 NOTE
r-devel-windows-ix86+x86_64 0.5.0 70.00 196.00 266.00 OK
r-devel-windows-ix86+x86_64-gcc8 0.5.0 77.00 205.00 282.00 OK
r-patched-linux-x86_64 0.5.0 34.15 164.96 199.11 OK
r-patched-solaris-x86 0.5.0 414.40 NOTE
r-release-linux-x86_64 0.5.0 32.88 166.01 198.89 OK
r-release-windows-ix86+x86_64 0.5.0 53.00 180.00 233.00 OK
r-release-osx-x86_64 0.5.0 NOTE
r-oldrel-windows-ix86+x86_64 0.5.0 40.00 163.00 203.00 OK
r-oldrel-osx-x86_64 0.5.0 NOTE

Check Details

Version: 0.5.0
Check: for non-standard things in the check directory
Result: NOTE
    Found the following files/directories:
     'correlation_table.csv' 'mycorrplot.png'
Flavors: r-devel-linux-x86_64-debian-clang, r-devel-linux-x86_64-debian-gcc, r-devel-linux-x86_64-fedora-clang, r-devel-linux-x86_64-fedora-gcc

Version: 0.5.0
Check: dependencies in R code
Result: NOTE
    Namespaces in Imports field not imported from:
     ‘htmlTable’ ‘lme4’ ‘stringi’
     All declared Imports should be used.
Flavors: r-devel-linux-x86_64-fedora-clang, r-devel-linux-x86_64-fedora-gcc, r-patched-solaris-x86, r-release-osx-x86_64, r-oldrel-osx-x86_64