CRAN Package Check Results for Package newsmd

Last updated on 2022-01-24 05:51:56 CET.

Flavor Version Tinstall Tcheck Ttotal Status Flags
r-devel-linux-x86_64-debian-clang 0.3.1 2.13 31.20 33.33 NOTE
r-devel-linux-x86_64-debian-gcc 0.3.1 1.92 24.97 26.89 NOTE
r-devel-linux-x86_64-fedora-clang 0.3.1 43.27 NOTE
r-devel-linux-x86_64-fedora-gcc 0.3.1 32.10 NOTE
r-devel-windows-x86_64-new-UL 0.3.1 14.00 57.00 71.00 NOTE
r-devel-windows-x86_64-new-TK 0.3.1 NOTE
r-patched-linux-x86_64 0.3.1 2.35 30.54 32.89 NOTE
r-release-linux-x86_64 0.3.1 2.10 30.25 32.35 NOTE
r-release-macos-arm64 0.3.1 NOTE
r-release-macos-x86_64 0.3.1 NOTE
r-release-windows-ix86+x86_64 0.3.1 6.00 40.00 46.00 NOTE
r-oldrel-macos-x86_64 0.3.1 OK
r-oldrel-windows-ix86+x86_64 0.3.1 6.00 40.00 46.00 OK

Check Details

Version: 0.3.1
Check: LazyData
Result: NOTE
     'LazyData' is specified without a 'data' directory
Flavors: r-devel-linux-x86_64-debian-clang, r-devel-linux-x86_64-debian-gcc, r-devel-linux-x86_64-fedora-clang, r-devel-linux-x86_64-fedora-gcc, r-devel-windows-x86_64-new-UL, r-devel-windows-x86_64-new-TK, r-patched-linux-x86_64, r-release-linux-x86_64, r-release-macos-arm64, r-release-macos-x86_64, r-release-windows-ix86+x86_64