CRAN Package Check Results for Package nextGenShinyApps

Last updated on 2025-06-21 06:49:38 CEST.

Flavor Version Tinstall Tcheck Ttotal Status Flags
r-devel-linux-x86_64-debian-clang 2.1 4.42 39.79 44.21 NOTE
r-devel-linux-x86_64-debian-gcc 2.1 3.60 30.98 34.58 NOTE
r-devel-linux-x86_64-fedora-clang 2.1 69.70 NOTE
r-devel-linux-x86_64-fedora-gcc 2.1 80.02 NOTE
r-devel-windows-x86_64 2.1 6.00 67.00 73.00 OK
r-patched-linux-x86_64 2.1 4.60 37.83 42.43 OK
r-release-linux-x86_64 2.1 3.94 37.66 41.60 OK
r-release-macos-arm64 2.1 41.00 OK
r-release-macos-x86_64 2.1 64.00 OK
r-release-windows-x86_64 2.1 6.00 67.00 73.00 OK
r-oldrel-macos-arm64 2.1 48.00 OK
r-oldrel-macos-x86_64 2.1 75.00 OK
r-oldrel-windows-x86_64 2.1 8.00 79.00 87.00 OK

Check Details

Version: 2.1
Check: CRAN incoming feasibility
Result: NOTE Maintainer: ‘Obinna Obianom <idonshayo@gmail.com>’ The BugReports field in DESCRIPTION has https://github.com/oobianom/nextGenShinyApps which should likely be https://github.com/oobianom/nextGenShinyApps/issues instead. Flavors: r-devel-linux-x86_64-debian-clang, r-devel-linux-x86_64-debian-gcc

Version: 2.1
Check: dependencies in R code
Result: NOTE Namespaces in Imports field not imported from: ‘quickcode’ ‘utils’ All declared Imports should be used. Flavors: r-devel-linux-x86_64-fedora-clang, r-devel-linux-x86_64-fedora-gcc