CRAN Package Check Results for Package nima

Last updated on 2019-08-19 05:46:29 CEST.

Flavor Version Tinstall Tcheck Ttotal Status Flags
r-devel-linux-x86_64-debian-clang 0.5.0 4.12 40.86 44.98 OK
r-devel-linux-x86_64-debian-gcc 0.5.0 3.25 32.35 35.60 OK
r-devel-linux-x86_64-fedora-clang 0.5.0 55.29 NOTE
r-devel-linux-x86_64-fedora-gcc 0.5.0 52.37 NOTE
r-devel-windows-ix86+x86_64 0.5.0 20.00 86.00 106.00 OK
r-patched-linux-x86_64 0.5.0 4.15 39.81 43.96 OK
r-patched-solaris-x86 0.5.0 88.40 NOTE
r-release-linux-x86_64 0.5.0 3.94 40.14 44.08 OK
r-release-windows-ix86+x86_64 0.5.0 10.00 58.00 68.00 OK
r-release-osx-x86_64 0.5.0 NOTE
r-oldrel-windows-ix86+x86_64 0.5.0 13.00 52.00 65.00 OK
r-oldrel-osx-x86_64 0.5.0 NOTE

Check Details

Version: 0.5.0
Check: dependencies in R code
Result: NOTE
    Namespaces in Imports field not imported from:
     ‘ProjectTemplate’ ‘devtools’ ‘plyr’ ‘survival’
     All declared Imports should be used.
Flavors: r-devel-linux-x86_64-fedora-clang, r-devel-linux-x86_64-fedora-gcc, r-patched-solaris-x86, r-release-osx-x86_64, r-oldrel-osx-x86_64