CRAN Package Check Results for Package nlMS

Last updated on 2021-03-02 05:47:48 CET.

Flavor Version Tinstall Tcheck Ttotal Status Flags
r-devel-linux-x86_64-debian-clang 1.1 OK
r-devel-linux-x86_64-debian-gcc 1.1 1.67 17.38 19.05 OK
r-devel-linux-x86_64-fedora-clang 1.1 39.32 OK
r-devel-linux-x86_64-fedora-gcc 1.1 28.86 OK
r-devel-windows-ix86+x86_64 1.1 4.00 27.00 31.00 OK
r-patched-linux-x86_64 1.1 2.17 21.32 23.49 OK
r-patched-solaris-x86 1.1 45.00 OK
r-release-linux-x86_64 1.1 2.13 21.37 23.50 OK
r-release-macos-x86_64 1.1 OK
r-release-windows-ix86+x86_64 1.1 15.00 6.00 21.00 ERROR
r-oldrel-macos-x86_64 1.1 OK
r-oldrel-windows-ix86+x86_64 1.1 3.00 35.00 38.00 OK

Check Details

Version: 1.1
Check: whether package can be installed
Result: ERROR
    Installation failed.
Flavor: r-release-windows-ix86+x86_64