CRAN Package Check Results for Package nlstac

Last updated on 2021-12-06 05:53:16 CET.

Flavor Version Tinstall Tcheck Ttotal Status Flags
r-devel-linux-x86_64-debian-clang 0.1.0 2.53 38.05 40.58 NOTE
r-devel-linux-x86_64-debian-gcc 0.1.0 1.90 30.24 32.14 NOTE
r-devel-linux-x86_64-fedora-clang 0.1.0 50.88 NOTE
r-devel-linux-x86_64-fedora-gcc 0.1.0 39.44 NOTE
r-devel-windows-x86_64-new-UL 0.1.0 7.00 65.00 72.00 NOTE
r-devel-windows-x86_64-new-TK 0.1.0 NOTE
r-devel-windows-x86_64-old 0.1.0 5.00 36.00 41.00 NOTE
r-patched-linux-x86_64 0.1.0 2.73 29.51 32.24 NOTE
r-release-linux-x86_64 0.1.0 2.56 37.38 39.94 NOTE
r-release-macos-arm64 0.1.0 NOTE
r-release-macos-x86_64 0.1.0 NOTE
r-release-windows-ix86+x86_64 0.1.0 7.00 50.00 57.00 NOTE
r-oldrel-macos-x86_64 0.1.0 OK
r-oldrel-windows-ix86+x86_64 0.1.0 7.00 45.00 52.00 OK

Check Details

Version: 0.1.0
Check: LazyData
Result: NOTE
     'LazyData' is specified without a 'data' directory
Flavors: r-devel-linux-x86_64-debian-clang, r-devel-linux-x86_64-debian-gcc, r-devel-linux-x86_64-fedora-clang, r-devel-linux-x86_64-fedora-gcc, r-devel-windows-x86_64-new-UL, r-devel-windows-x86_64-new-TK, r-devel-windows-x86_64-old, r-patched-linux-x86_64, r-release-linux-x86_64, r-release-macos-arm64, r-release-macos-x86_64, r-release-windows-ix86+x86_64