CRAN Package Check Results for Package nmslibR

Last updated on 2019-12-15 05:47:46 CET.

Flavor Version Tinstall Tcheck Ttotal Status Flags
r-devel-linux-x86_64-debian-clang 1.0.3 31.87 72.16 104.03 OK
r-devel-linux-x86_64-debian-gcc 1.0.3 24.37 57.66 82.03 OK
r-devel-linux-x86_64-fedora-clang 1.0.3 170.46 OK
r-devel-linux-x86_64-fedora-gcc 1.0.3 165.11 OK
r-devel-windows-ix86+x86_64 1.0.3 71.00 266.00 337.00 OK
r-devel-windows-ix86+x86_64-gcc8 1.0.3 75.00 232.00 307.00 NOTE
r-patched-linux-x86_64 1.0.3 27.69 67.18 94.87 OK
r-patched-solaris-x86 1.0.3 197.60 OK
r-release-linux-x86_64 1.0.3 26.88 66.90 93.78 OK
r-release-windows-ix86+x86_64 1.0.3 69.00 160.00 229.00 OK
r-release-osx-x86_64 1.0.3 OK
r-oldrel-windows-ix86+x86_64 1.0.3 59.00 156.00 215.00 OK
r-oldrel-osx-x86_64 1.0.3 OK

Check Details

Version: 1.0.3
Check: installed package size
Result: NOTE
     installed size is 5.2Mb
     sub-directories of 1Mb or more:
     libs 2.2Mb
Flavor: r-devel-windows-ix86+x86_64-gcc8