Last updated on 2022-08-08 05:50:32 CEST.
Flavor | Version | Tinstall | Tcheck | Ttotal | Status | Flags |
---|---|---|---|---|---|---|
r-devel-linux-x86_64-debian-clang | 0.1.9 | 161.95 | 56.59 | 218.54 | OK | |
r-devel-linux-x86_64-debian-gcc | 0.1.9 | 130.26 | 42.81 | 173.07 | OK | |
r-devel-linux-x86_64-fedora-clang | 0.1.9 | 346.13 | NOTE | |||
r-devel-linux-x86_64-fedora-gcc | 0.1.9 | 301.11 | OK | |||
r-devel-windows-x86_64 | 0.1.9 | 129.00 | 131.00 | 260.00 | OK | |
r-patched-linux-x86_64 | 0.1.9 | 136.70 | 54.97 | 191.67 | OK | |
r-release-linux-x86_64 | 0.1.9 | OK | ||||
r-release-macos-arm64 | 0.1.9 | 207.00 | NOTE | |||
r-release-macos-x86_64 | 0.1.9 | 96.00 | NOTE | |||
r-release-windows-x86_64 | 0.1.9 | 128.00 | 128.00 | 256.00 | OK | |
r-oldrel-macos-arm64 | 0.1.9 | 89.00 | NOTE | |||
r-oldrel-macos-x86_64 | 0.1.9 | 98.00 | NOTE | |||
r-oldrel-windows-ix86+x86_64 | 0.1.9 | 397.00 | 128.00 | 525.00 | OK |
Version: 0.1.9
Check: installed package size
Result: NOTE
installed size is 7.0Mb
sub-directories of 1Mb or more:
libs 6.4Mb
Flavors: r-devel-linux-x86_64-fedora-clang, r-release-macos-arm64, r-release-macos-x86_64, r-oldrel-macos-arm64, r-oldrel-macos-x86_64