CRAN Package Check Results for Package nnls

Last updated on 2022-01-24 05:51:56 CET.

Flavor Version Tinstall Tcheck Ttotal Status Flags
r-devel-linux-x86_64-debian-clang 1.4 2.76 29.03 31.79 OK
r-devel-linux-x86_64-debian-gcc 1.4 2.20 22.72 24.92 OK
r-devel-linux-x86_64-fedora-clang 1.4 40.00 NOTE
r-devel-linux-x86_64-fedora-gcc 1.4 28.85 NOTE
r-devel-windows-x86_64-new-UL 1.4 16.00 50.00 66.00 OK
r-devel-windows-x86_64-new-TK 1.4 OK
r-patched-linux-x86_64 1.4 2.78 27.67 30.45 OK
r-release-linux-x86_64 1.4 2.58 27.21 29.79 OK
r-release-macos-arm64 1.4 OK
r-release-macos-x86_64 1.4 OK
r-release-windows-ix86+x86_64 1.4 9.00 29.00 38.00 OK
r-oldrel-macos-x86_64 1.4 OK
r-oldrel-windows-ix86+x86_64 1.4 9.00 33.00 42.00 OK

Check Details

Version: 1.4
Check: Rd cross-references
Result: NOTE
    Undeclared packages ‘quadprog’, ‘bvls’ in Rd xrefs
Flavor: r-devel-linux-x86_64-fedora-clang

Version: 1.4
Check: compiled code
Result: NOTE
    File ‘nnls/libs/nnls.so’:
     Found no calls to: ‘R_registerRoutines’, ‘R_useDynamicSymbols’
    
    It is good practice to register native routines and to disable symbol
    search.
    
    See ‘Writing portable packages’ in the ‘Writing R Extensions’ manual.
Flavors: r-devel-linux-x86_64-fedora-clang, r-devel-linux-x86_64-fedora-gcc